192.178.6.35 - - [14/Mar/2026:13:44:15 +0100] "GET /?item/detail/2260908100 HTTP/1.1" 200 24545 "-" "Mozilla/5.0 (Linux; Android 6.0.1; Nexus 5X Build/MMB29P) AppleWebKit/537.36 (KHTML, like Gecko) Chrome/145.0.7632.116 Mobile Safari/537.36 (compatible; Googlebot/2.1; +http://www.google.com/bot.html)"
192.178.6.35 - - [14/Mar/2026:13:44:26 +0100] "GET /item/detail/2259381522 HTTP/1.1" 200 25166 "-" "Mozilla/5.0 (Linux; Android 6.0.1; Nexus 5X Build/MMB29P) AppleWebKit/537.36 (KHTML, like Gecko) Chrome/145.0.7632.116 Mobile Safari/537.36 (compatible; Googlebot/2.1; +http://www.google.com/bot.html)"
192.178.6.35 - - [14/Mar/2026:13:44:37 +0100] "GET /?item/detail/22621528902 HTTP/1.1" 200 24376 "-" "Mozilla/5.0 (Linux; Android 6.0.1; Nexus 5X Build/MMB29P) AppleWebKit/537.36 (KHTML, like Gecko) Chrome/145.0.7632.116 Mobile Safari/537.36 (compatible; Googlebot/2.1; +http://www.google.com/bot.html)"
192.178.6.35 - - [14/Mar/2026:13:44:49 +0100] "GET /?item/detail/22642789462 HTTP/1.1" 200 24582 "-" "Mozilla/5.0 (Linux; Android 6.0.1; Nexus 5X Build/MMB29P) AppleWebKit/537.36 (KHTML, like Gecko) Chrome/145.0.7632.116 Mobile Safari/537.36 (compatible; Googlebot/2.1; +http://www.google.com/bot.html)"
74.7.227.150 - - [14/Mar/2026:13:45:07 +0100] "GET /item/detail/226246542071 HTTP/2" 500 20 "https://www.armaneco.co.uk/sitemap_index.xml" "Mozilla/5.0 AppleWebKit/537.36 (KHTML, like Gecko; compatible; GPTBot/1.3; +https://openai.com/gptbot)"
192.178.6.35 - - [14/Mar/2026:13:45:06 +0100] "GET /?item/detail/22632443762 HTTP/1.1" 200 24874 "-" "Mozilla/5.0 (Linux; Android 6.0.1; Nexus 5X Build/MMB29P) AppleWebKit/537.36 (KHTML, like Gecko) Chrome/145.0.7632.116 Mobile Safari/537.36 (compatible; GoogleOther)"
192.178.6.35 - - [14/Mar/2026:13:45:18 +0100] "GET /shop/pg/2108706 HTTP/1.1" 200 24758 "-" "Mozilla/5.0 (Linux; Android 6.0.1; Nexus 5X Build/MMB29P) AppleWebKit/537.36 (KHTML, like Gecko) Chrome/145.0.7632.116 Mobile Safari/537.36 (compatible; Googlebot/2.1; +http://www.google.com/bot.html)"
192.178.6.35 - - [14/Mar/2026:13:45:28 +0100] "GET /robots.txt HTTP/1.1" 200 117 "-" "Mozilla/5.0 (compatible; Googlebot/2.1; +http://www.google.com/bot.html)"
192.178.6.35 - - [14/Mar/2026:13:45:46 +0100] "GET /24ar3648420-colour.html HTTP/1.1" 200 24090 "-" "Mozilla/5.0 (Linux; Android 6.0.1; Nexus 5X Build/MMB29P) AppleWebKit/537.36 (KHTML, like Gecko) Chrome/145.0.7632.116 Mobile Safari/537.36 (compatible; Googlebot/2.1; +http://www.google.com/bot.html)"
192.178.6.35 - - [14/Mar/2026:13:45:57 +0100] "GET /?item/detail/22621619763 HTTP/1.1" 200 24805 "-" "Mozilla/5.0 (Linux; Android 6.0.1; Nexus 5X Build/MMB29P) AppleWebKit/537.36 (KHTML, like Gecko) Chrome/145.0.7632.116 Mobile Safari/537.36 (compatible; Googlebot/2.1; +http://www.google.com/bot.html)"
74.7.227.150 - - [14/Mar/2026:13:46:09 +0100] "GET /item/detail/226243945163 HTTP/2" 500 20 "https://www.armaneco.co.uk/sitemap_index.xml" "Mozilla/5.0 AppleWebKit/537.36 (KHTML, like Gecko; compatible; GPTBot/1.3; +https://openai.com/gptbot)"
192.178.6.35 - - [14/Mar/2026:13:46:09 +0100] "GET /?item/detail/22632175081 HTTP/1.1" 200 24391 "-" "Mozilla/5.0 (Linux; Android 6.0.1; Nexus 5X Build/MMB29P) AppleWebKit/537.36 (KHTML, like Gecko) Chrome/145.0.7632.116 Mobile Safari/537.36 (compatible; Googlebot/2.1; +http://www.google.com/bot.html)"
74.7.227.150 - - [14/Mar/2026:13:49:19 +0100] "GET /item/detail/226347460971 HTTP/2" 500 20 "https://www.armaneco.co.uk/sitemap_index.xml" "Mozilla/5.0 AppleWebKit/537.36 (KHTML, like Gecko; compatible; GPTBot/1.3; +https://openai.com/gptbot)"
52.167.144.211 - - [14/Mar/2026:13:51:19 +0100] "GET /24ar6263-12-volt-tough-talking-jeep-wrangler.html HTTP/2" 200 25163 "-" "Mozilla/5.0 AppleWebKit/537.36 (KHTML, like Gecko; compatible; bingbot/2.0; +http://www.bing.com/bingbot.htm) Chrome/116.0.1938.76 Safari/537.36"
192.178.6.35 - - [14/Mar/2026:13:51:04 +0100] "GET /53ar209738-colour.html HTTP/1.1" 200 24579 "-" "Mozilla/5.0 (Linux; Android 6.0.1; Nexus 5X Build/MMB29P) AppleWebKit/537.36 (KHTML, like Gecko) Chrome/145.0.7632.116 Mobile Safari/537.36 (compatible; Googlebot/2.1; +http://www.google.com/bot.html)"
192.178.6.35 - - [14/Mar/2026:13:51:10 +0100] "GET /?item/detail/22611180352 HTTP/1.1" 200 24420 "-" "Mozilla/5.0 (Linux; Android 6.0.1; Nexus 5X Build/MMB29P) AppleWebKit/537.36 (KHTML, like Gecko) Chrome/145.0.7632.116 Mobile Safari/537.36 (compatible; Googlebot/2.1; +http://www.google.com/bot.html)"
74.7.227.150 - - [14/Mar/2026:13:51:23 +0100] "GET /item/detail/226347054603 HTTP/2" 500 20 "https://www.armaneco.co.uk/sitemap_index.xml" "Mozilla/5.0 AppleWebKit/537.36 (KHTML, like Gecko; compatible; GPTBot/1.3; +https://openai.com/gptbot)"
192.178.6.35 - - [14/Mar/2026:13:51:16 +0100] "GET /?item/detail/22642754694 HTTP/1.1" 200 25017 "-" "Mozilla/5.0 (Linux; Android 6.0.1; Nexus 5X Build/MMB29P) AppleWebKit/537.36 (KHTML, like Gecko) Chrome/145.0.7632.116 Mobile Safari/537.36 (compatible; Googlebot/2.1; +http://www.google.com/bot.html)"
192.178.6.35 - - [14/Mar/2026:13:51:23 +0100] "GET /?item/detail/2260536197 HTTP/1.1" 200 25105 "-" "Mozilla/5.0 (Linux; Android 6.0.1; Nexus 5X Build/MMB29P) AppleWebKit/537.36 (KHTML, like Gecko) Chrome/145.0.7632.116 Mobile Safari/537.36 (compatible; Googlebot/2.1; +http://www.google.com/bot.html)"
192.178.6.35 - - [14/Mar/2026:13:51:29 +0100] "GET /?item/detail/22632263791 HTTP/1.1" 200 25331 "-" "Mozilla/5.0 (Linux; Android 6.0.1; Nexus 5X Build/MMB29P) AppleWebKit/537.36 (KHTML, like Gecko) Chrome/145.0.7632.116 Mobile Safari/537.36 (compatible; Googlebot/2.1; +http://www.google.com/bot.html)"
192.178.6.35 - - [14/Mar/2026:13:51:35 +0100] "GET /24ar2965973-colour.html HTTP/1.1" 200 25377 "-" "Mozilla/5.0 (Linux; Android 6.0.1; Nexus 5X Build/MMB29P) AppleWebKit/537.36 (KHTML, like Gecko) Chrome/145.0.7632.116 Mobile Safari/537.36 (compatible; Googlebot/2.1; +http://www.google.com/bot.html)"
192.178.6.35 - - [14/Mar/2026:13:51:41 +0100] "GET /?item/detail/22642505067 HTTP/1.1" 200 27024 "-" "Mozilla/5.0 (Linux; Android 6.0.1; Nexus 5X Build/MMB29P) AppleWebKit/537.36 (KHTML, like Gecko) Chrome/145.0.7632.116 Mobile Safari/537.36 (compatible; Googlebot/2.1; +http://www.google.com/bot.html)"
192.178.6.35 - - [14/Mar/2026:13:51:48 +0100] "GET /?item/detail/22621924429 HTTP/1.1" 200 25130 "-" "Mozilla/5.0 (Linux; Android 6.0.1; Nexus 5X Build/MMB29P) AppleWebKit/537.36 (KHTML, like Gecko) Chrome/145.0.7632.116 Mobile Safari/537.36 (compatible; Googlebot/2.1; +http://www.google.com/bot.html)"
192.178.6.35 - - [14/Mar/2026:13:51:53 +0100] "GET /robots.txt HTTP/1.1" 200 117 "-" "Mozilla/5.0 (compatible; Googlebot/2.1; +http://www.google.com/bot.html)"
192.178.6.37 - - [14/Mar/2026:13:52:01 +0100] "GET /24ar3473146-colour.html HTTP/1.1" 200 25117 "-" "Mozilla/5.0 (Linux; Android 6.0.1; Nexus 5X Build/MMB29P) AppleWebKit/537.36 (KHTML, like Gecko) Chrome/145.0.7632.116 Mobile Safari/537.36 (compatible; Googlebot/2.1; +http://www.google.com/bot.html)"
192.178.6.35 - - [14/Mar/2026:13:52:13 +0100] "GET /53ar555814-colour.html HTTP/1.1" 200 24573 "-" "Mozilla/5.0 (Linux; Android 6.0.1; Nexus 5X Build/MMB29P) AppleWebKit/537.36 (KHTML, like Gecko) Chrome/145.0.7632.116 Mobile Safari/537.36 (compatible; Googlebot/2.1; +http://www.google.com/bot.html)"
192.178.6.35 - - [14/Mar/2026:13:52:26 +0100] "GET /?item/detail/22611277552 HTTP/1.1" 200 26607 "-" "Mozilla/5.0 (Linux; Android 6.0.1; Nexus 5X Build/MMB29P) AppleWebKit/537.36 (KHTML, like Gecko) Chrome/145.0.7632.116 Mobile Safari/537.36 (compatible; Googlebot/2.1; +http://www.google.com/bot.html)"
192.178.6.35 - - [14/Mar/2026:13:52:38 +0100] "GET /?item/detail/22632298499 HTTP/1.1" 200 25444 "-" "Mozilla/5.0 (Linux; Android 6.0.1; Nexus 5X Build/MMB29P) AppleWebKit/537.36 (KHTML, like Gecko) Chrome/145.0.7632.116 Mobile Safari/537.36 (compatible; Googlebot/2.1; +http://www.google.com/bot.html)"
192.178.6.35 - - [14/Mar/2026:13:52:51 +0100] "GET /?item/detail/2260903953 HTTP/1.1" 200 24790 "-" "Mozilla/5.0 (Linux; Android 6.0.1; Nexus 5X Build/MMB29P) AppleWebKit/537.36 (KHTML, like Gecko) Chrome/145.0.7632.116 Mobile Safari/537.36 (compatible; Googlebot/2.1; +http://www.google.com/bot.html)"
192.178.6.35 - - [14/Mar/2026:13:53:04 +0100] "GET /?item/detail/22611344719 HTTP/1.1" 200 26620 "-" "Mozilla/5.0 (Linux; Android 6.0.1; Nexus 5X Build/MMB29P) AppleWebKit/537.36 (KHTML, like Gecko) Chrome/145.0.7632.116 Mobile Safari/537.36 (compatible; Googlebot/2.1; +http://www.google.com/bot.html)"
192.178.6.35 - - [14/Mar/2026:13:53:17 +0100] "GET /53ar665464-colour.html HTTP/1.1" 200 24941 "-" "Mozilla/5.0 (Linux; Android 6.0.1; Nexus 5X Build/MMB29P) AppleWebKit/537.36 (KHTML, like Gecko) Chrome/145.0.7632.116 Mobile Safari/537.36 (compatible; Googlebot/2.1; +http://www.google.com/bot.html)"
20.15.133.162 - - [14/Mar/2026:13:53:26 +0100] "GET /item/detail/2260564535 HTTP/2" 200 24346 "-" "Mozilla/5.0 AppleWebKit/537.36 (KHTML, like Gecko; compatible; bingbot/2.0; +http://www.bing.com/bingbot.htm) Chrome/116.0.1938.76 Safari/537.36"
192.178.6.35 - - [14/Mar/2026:13:53:42 +0100] "GET /?item/detail/22632227224 HTTP/1.1" 200 24941 "-" "Mozilla/5.0 (Linux; Android 6.0.1; Nexus 5X Build/MMB29P) AppleWebKit/537.36 (KHTML, like Gecko) Chrome/145.0.7632.116 Mobile Safari/537.36 (compatible; Googlebot/2.1; +http://www.google.com/bot.html)"
52.167.144.211 - - [14/Mar/2026:13:53:51 +0100] "GET /item/detail/22611115350 HTTP/2" 200 24468 "-" "Mozilla/5.0 AppleWebKit/537.36 (KHTML, like Gecko; compatible; bingbot/2.0; +http://www.bing.com/bingbot.htm) Chrome/116.0.1938.76 Safari/537.36"
192.178.6.35 - - [14/Mar/2026:13:53:55 +0100] "GET /?item/detail/225947734 HTTP/1.1" 200 25862 "-" "Mozilla/5.0 (Linux; Android 6.0.1; Nexus 5X Build/MMB29P) AppleWebKit/537.36 (KHTML, like Gecko) Chrome/145.0.7632.116 Mobile Safari/537.36 (compatible; Googlebot/2.1; +http://www.google.com/bot.html)"
192.178.6.35 - - [14/Mar/2026:13:54:08 +0100] "GET /?item/detail/2260999173 HTTP/1.1" 200 24837 "-" "Mozilla/5.0 (Linux; Android 6.0.1; Nexus 5X Build/MMB29P) AppleWebKit/537.36 (KHTML, like Gecko) Chrome/145.0.7632.116 Mobile Safari/537.36 (compatible; Googlebot/2.1; +http://www.google.com/bot.html)"
52.167.144.175 - - [14/Mar/2026:13:54:09 +0100] "GET /24ar351633-colour.html HTTP/2" 200 24562 "-" "Mozilla/5.0 AppleWebKit/537.36 (KHTML, like Gecko; compatible; bingbot/2.0; +http://www.bing.com/bingbot.htm) Chrome/116.0.1938.76 Safari/537.36"
52.167.144.211 - - [14/Mar/2026:13:54:14 +0100] "GET /shop/pg/2259339694 HTTP/2" 200 25491 "-" "Mozilla/5.0 AppleWebKit/537.36 (KHTML, like Gecko; compatible; bingbot/2.0; +http://www.bing.com/bingbot.htm) Chrome/116.0.1938.76 Safari/537.36"
192.178.6.35 - - [14/Mar/2026:13:54:21 +0100] "GET /53ar626581-colour.html HTTP/1.1" 200 24450 "-" "Mozilla/5.0 (Linux; Android 6.0.1; Nexus 5X Build/MMB29P) AppleWebKit/537.36 (KHTML, like Gecko) Chrome/145.0.7632.116 Mobile Safari/537.36 (compatible; Googlebot/2.1; +http://www.google.com/bot.html)"
74.7.227.150 - - [14/Mar/2026:13:54:33 +0100] "GET /item/detail/226447804633 HTTP/2" 500 20 "https://www.armaneco.co.uk/sitemap_index.xml" "Mozilla/5.0 AppleWebKit/537.36 (KHTML, like Gecko; compatible; GPTBot/1.3; +https://openai.com/gptbot)"
52.167.144.175 - - [14/Mar/2026:13:54:29 +0100] "GET /item/detail/22642906770 HTTP/2" 200 24491 "-" "Mozilla/5.0 AppleWebKit/537.36 (KHTML, like Gecko; compatible; bingbot/2.0; +http://www.bing.com/bingbot.htm) Chrome/116.0.1938.76 Safari/537.36"
20.15.133.175 - - [14/Mar/2026:13:51:28 +0100] "GET /item/detail/2260532454 HTTP/2" 200 24997 "-" "Mozilla/5.0 AppleWebKit/537.36 (KHTML, like Gecko; compatible; bingbot/2.0; +http://www.bing.com/bingbot.htm) Chrome/116.0.1938.76 Safari/537.36"
192.178.6.35 - - [14/Mar/2026:13:51:54 +0100] "GET /?item/detail/2259363623 HTTP/1.1" 200 24436 "-" "Mozilla/5.0 (Linux; Android 6.0.1; Nexus 5X Build/MMB29P) AppleWebKit/537.36 (KHTML, like Gecko) Chrome/145.0.7632.116 Mobile Safari/537.36 (compatible; Googlebot/2.1; +http://www.google.com/bot.html)"
192.178.6.35 - - [14/Mar/2026:13:52:07 +0100] "GET /?item/detail/2259401475 HTTP/1.1" 200 25117 "-" "Mozilla/5.0 (Linux; Android 6.0.1; Nexus 5X Build/MMB29P) AppleWebKit/537.36 (KHTML, like Gecko) Chrome/145.0.7632.116 Mobile Safari/537.36 (compatible; Googlebot/2.1; +http://www.google.com/bot.html)"
74.7.227.150 - - [14/Mar/2026:13:52:28 +0100] "GET /item/detail/225945083174 HTTP/2" 500 20 "https://www.armaneco.co.uk/sitemap_index.xml" "Mozilla/5.0 AppleWebKit/537.36 (KHTML, like Gecko; compatible; GPTBot/1.3; +https://openai.com/gptbot)"
192.178.6.35 - - [14/Mar/2026:13:52:32 +0100] "GET /53ar15693-colour.html HTTP/1.1" 200 24338 "-" "Mozilla/5.0 (Linux; Android 6.0.1; Nexus 5X Build/MMB29P) AppleWebKit/537.36 (KHTML, like Gecko) Chrome/145.0.7632.116 Mobile Safari/537.36 (compatible; Googlebot/2.1; +http://www.google.com/bot.html)"
192.178.6.35 - - [14/Mar/2026:13:52:58 +0100] "GET /54ar167239-colour.html HTTP/1.1" 200 24527 "-" "Mozilla/5.0 (Linux; Android 6.0.1; Nexus 5X Build/MMB29P) AppleWebKit/537.36 (KHTML, like Gecko) Chrome/145.0.7632.116 Mobile Safari/537.36 (compatible; Googlebot/2.1; +http://www.google.com/bot.html)"
192.178.6.35 - - [14/Mar/2026:13:53:10 +0100] "GET /?item/detail/22611199224 HTTP/1.1" 200 24816 "-" "Mozilla/5.0 (Linux; Android 6.0.1; Nexus 5X Build/MMB29P) AppleWebKit/537.36 (KHTML, like Gecko) Chrome/145.0.7632.116 Mobile Safari/537.36 (compatible; Googlebot/2.1; +http://www.google.com/bot.html)"
74.7.227.150 - - [14/Mar/2026:13:53:30 +0100] "GET /item/detail/225945133019 HTTP/2" 500 20 "https://www.armaneco.co.uk/sitemap_index.xml" "Mozilla/5.0 AppleWebKit/537.36 (KHTML, like Gecko; compatible; GPTBot/1.3; +https://openai.com/gptbot)"
192.178.6.35 - - [14/Mar/2026:13:53:23 +0100] "GET /?item/detail/22611215024 HTTP/1.1" 200 24538 "-" "Mozilla/5.0 (Linux; Android 6.0.1; Nexus 5X Build/MMB29P) AppleWebKit/537.36 (KHTML, like Gecko) Chrome/145.0.7632.116 Mobile Safari/537.36 (compatible; Googlebot/2.1; +http://www.google.com/bot.html)"
192.178.6.35 - - [14/Mar/2026:13:53:36 +0100] "GET /54ar1049695-colour.html HTTP/1.1" 200 25201 "-" "Mozilla/5.0 (Linux; Android 6.0.1; Nexus 5X Build/MMB29P) AppleWebKit/537.36 (KHTML, like Gecko) Chrome/145.0.7632.116 Mobile Safari/537.36 (compatible; Googlebot/2.1; +http://www.google.com/bot.html)"
192.178.6.35 - - [14/Mar/2026:13:53:48 +0100] "GET /?item/detail/2260687224 HTTP/1.1" 200 25044 "-" "Mozilla/5.0 (Linux; Android 6.0.1; Nexus 5X Build/MMB29P) AppleWebKit/537.36 (KHTML, like Gecko) Chrome/145.0.7632.116 Mobile Safari/537.36 (compatible; Googlebot/2.1; +http://www.google.com/bot.html)"
192.178.6.35 - - [14/Mar/2026:13:54:01 +0100] "GET /24ar2552767-colour.html HTTP/1.1" 200 25115 "-" "Mozilla/5.0 (Linux; Android 6.0.1; Nexus 5X Build/MMB29P) AppleWebKit/537.36 (KHTML, like Gecko) Chrome/145.0.7632.116 Mobile Safari/537.36 (compatible; Googlebot/2.1; +http://www.google.com/bot.html)"
20.15.133.162 - - [14/Mar/2026:13:54:16 +0100] "GET /item/detail/2259254050 HTTP/2" 200 25532 "-" "Mozilla/5.0 AppleWebKit/537.36 (KHTML, like Gecko; compatible; bingbot/2.0; +http://www.bing.com/bingbot.htm) Chrome/116.0.1938.76 Safari/537.36"
192.178.6.35 - - [14/Mar/2026:13:54:27 +0100] "GET /?item/detail/22642579279 HTTP/1.1" 200 25943 "-" "Mozilla/5.0 (Linux; Android 6.0.1; Nexus 5X Build/MMB29P) AppleWebKit/537.36 (KHTML, like Gecko) Chrome/145.0.7632.116 Mobile Safari/537.36 (compatible; Googlebot/2.1; +http://www.google.com/bot.html)"
192.178.6.35 - - [14/Mar/2026:13:54:33 +0100] "GET /24ar3752481-colour.html HTTP/1.1" 200 25189 "-" "Mozilla/5.0 (Linux; Android 6.0.1; Nexus 5X Build/MMB29P) AppleWebKit/537.36 (KHTML, like Gecko) Chrome/145.0.7632.116 Mobile Safari/537.36 (compatible; Googlebot/2.1; +http://www.google.com/bot.html)"
192.178.6.35 - - [14/Mar/2026:13:54:47 +0100] "GET /?item/detail/225949342 HTTP/1.1" 200 24242 "-" "Mozilla/5.0 (Linux; Android 6.0.1; Nexus 5X Build/MMB29P) AppleWebKit/537.36 (KHTML, like Gecko) Chrome/145.0.7632.116 Mobile Safari/537.36 (compatible; Googlebot/2.1; +http://www.google.com/bot.html)"
52.167.144.175 - - [14/Mar/2026:13:54:51 +0100] "GET /item/detail/22611147413 HTTP/2" 200 25296 "-" "Mozilla/5.0 AppleWebKit/537.36 (KHTML, like Gecko; compatible; bingbot/2.0; +http://www.bing.com/bingbot.htm) Chrome/116.0.1938.76 Safari/537.36"
192.178.6.35 - - [14/Mar/2026:13:54:53 +0100] "GET /?item/detail/22642645339 HTTP/1.1" 200 24215 "-" "Mozilla/5.0 (Linux; Android 6.0.1; Nexus 5X Build/MMB29P) AppleWebKit/537.36 (KHTML, like Gecko) Chrome/145.0.7632.116 Mobile Safari/537.36 (compatible; GoogleOther)"
192.178.6.35 - - [14/Mar/2026:13:54:59 +0100] "GET /53ar418374-colour.html HTTP/1.1" 200 25502 "-" "Mozilla/5.0 (Linux; Android 6.0.1; Nexus 5X Build/MMB29P) AppleWebKit/537.36 (KHTML, like Gecko) Chrome/145.0.7632.116 Mobile Safari/537.36 (compatible; Googlebot/2.1; +http://www.google.com/bot.html)"
52.167.144.175 - - [14/Mar/2026:13:55:10 +0100] "GET /item/detail/22642568796 HTTP/2" 200 25662 "-" "Mozilla/5.0 AppleWebKit/537.36 (KHTML, like Gecko; compatible; bingbot/2.0; +http://www.bing.com/bingbot.htm) Chrome/116.0.1938.76 Safari/537.36"
52.167.144.211 - - [14/Mar/2026:13:55:15 +0100] "GET /item/detail/22642612136 HTTP/2" 200 25352 "-" "Mozilla/5.0 AppleWebKit/537.36 (KHTML, like Gecko; compatible; bingbot/2.0; +http://www.bing.com/bingbot.htm) Chrome/116.0.1938.76 Safari/537.36"
74.7.227.150 - - [14/Mar/2026:13:55:36 +0100] "GET /item/detail/226249938743 HTTP/2" 500 20 "https://www.armaneco.co.uk/sitemap_index.xml" "Mozilla/5.0 AppleWebKit/537.36 (KHTML, like Gecko; compatible; GPTBot/1.3; +https://openai.com/gptbot)"
192.178.6.35 - - [14/Mar/2026:13:55:32 +0100] "GET /?item/detail/22611306728 HTTP/1.1" 200 24923 "-" "Mozilla/5.0 (Linux; Android 6.0.1; Nexus 5X Build/MMB29P) AppleWebKit/537.36 (KHTML, like Gecko) Chrome/145.0.7632.116 Mobile Safari/537.36 (compatible; Googlebot/2.1; +http://www.google.com/bot.html)"
52.167.144.175 - - [14/Mar/2026:13:55:32 +0100] "GET /item/detail/22642777730 HTTP/2" 200 24508 "-" "Mozilla/5.0 AppleWebKit/537.36 (KHTML, like Gecko; compatible; bingbot/2.0; +http://www.bing.com/bingbot.htm) Chrome/116.0.1938.76 Safari/537.36"
52.167.144.211 - - [14/Mar/2026:13:55:36 +0100] "GET /item/detail/22621596274 HTTP/2" 200 25970 "-" "Mozilla/5.0 AppleWebKit/537.36 (KHTML, like Gecko; compatible; bingbot/2.0; +http://www.bing.com/bingbot.htm) Chrome/116.0.1938.76 Safari/537.36"
192.178.6.35 - - [14/Mar/2026:13:55:45 +0100] "GET /?item/detail/22611208599 HTTP/1.1" 200 25117 "-" "Mozilla/5.0 (Linux; Android 6.0.1; Nexus 5X Build/MMB29P) AppleWebKit/537.36 (KHTML, like Gecko) Chrome/145.0.7632.116 Mobile Safari/537.36 (compatible; Googlebot/2.1; +http://www.google.com/bot.html)"
52.167.144.175 - - [14/Mar/2026:13:55:50 +0100] "GET /item/detail/22621879778 HTTP/2" 200 24671 "-" "Mozilla/5.0 AppleWebKit/537.36 (KHTML, like Gecko; compatible; bingbot/2.0; +http://www.bing.com/bingbot.htm) Chrome/116.0.1938.76 Safari/537.36"
192.178.6.35 - - [14/Mar/2026:13:55:58 +0100] "GET /53ar564335-colour.html HTTP/1.1" 200 24931 "-" "Mozilla/5.0 (Linux; Android 6.0.1; Nexus 5X Build/MMB29P) AppleWebKit/537.36 (KHTML, like Gecko) Chrome/145.0.7632.116 Mobile Safari/537.36 (compatible; Googlebot/2.1; +http://www.google.com/bot.html)"
52.167.144.175 - - [14/Mar/2026:13:56:08 +0100] "GET /item/detail/2259297916 HTTP/2" 200 24764 "-" "Mozilla/5.0 AppleWebKit/537.36 (KHTML, like Gecko; compatible; bingbot/2.0; +http://www.bing.com/bingbot.htm) Chrome/116.0.1938.76 Safari/537.36"
52.167.144.211 - - [14/Mar/2026:13:54:34 +0100] "GET /item/detail/22611065134 HTTP/2" 200 24312 "-" "Mozilla/5.0 AppleWebKit/537.36 (KHTML, like Gecko; compatible; bingbot/2.0; +http://www.bing.com/bingbot.htm) Chrome/116.0.1938.76 Safari/537.36"
192.178.6.35 - - [14/Mar/2026:13:54:40 +0100] "GET /?item/detail/225960665 HTTP/1.1" 200 25900 "-" "Mozilla/5.0 (Linux; Android 6.0.1; Nexus 5X Build/MMB29P) AppleWebKit/537.36 (KHTML, like Gecko) Chrome/145.0.7632.116 Mobile Safari/537.36 (compatible; Googlebot/2.1; +http://www.google.com/bot.html)"
40.77.167.43 - - [14/Mar/2026:13:55:11 +0100] "GET /item/detail/22617457096 HTTP/2" 200 24903 "-" "Mozilla/5.0 AppleWebKit/537.36 (KHTML, like Gecko; compatible; bingbot/2.0; +http://www.bing.com/bingbot.htm) Chrome/116.0.1938.76 Safari/537.36"
192.178.6.35 - - [14/Mar/2026:13:55:13 +0100] "GET /?item/detail/22632010647 HTTP/1.1" 200 25128 "-" "Mozilla/5.0 (Linux; Android 6.0.1; Nexus 5X Build/MMB29P) AppleWebKit/537.36 (KHTML, like Gecko) Chrome/145.0.7632.116 Mobile Safari/537.36 (compatible; Googlebot/2.1; +http://www.google.com/bot.html)"
192.178.6.35 - - [14/Mar/2026:13:55:26 +0100] "GET /?item/detail/22611014018 HTTP/1.1" 200 24498 "-" "Mozilla/5.0 (Linux; Android 6.0.1; Nexus 5X Build/MMB29P) AppleWebKit/537.36 (KHTML, like Gecko) Chrome/145.0.7632.116 Mobile Safari/537.36 (compatible; Googlebot/2.1; +http://www.google.com/bot.html)"
192.178.6.35 - - [14/Mar/2026:13:55:39 +0100] "GET /58ar603788-colour.html HTTP/1.1" 200 25056 "-" "Mozilla/5.0 (Linux; Android 6.0.1; Nexus 5X Build/MMB29P) AppleWebKit/537.36 (KHTML, like Gecko) Chrome/145.0.7632.116 Mobile Safari/537.36 (compatible; Googlebot/2.1; +http://www.google.com/bot.html)"
192.178.6.35 - - [14/Mar/2026:13:55:51 +0100] "GET /?item/detail/2259376010 HTTP/1.1" 200 24884 "-" "Mozilla/5.0 (Linux; Android 6.0.1; Nexus 5X Build/MMB29P) AppleWebKit/537.36 (KHTML, like Gecko) Chrome/145.0.7632.116 Mobile Safari/537.36 (compatible; Googlebot/2.1; +http://www.google.com/bot.html)"
192.178.6.35 - - [14/Mar/2026:13:56:04 +0100] "GET /?item/detail/22632017376 HTTP/1.1" 200 24851 "-" "Mozilla/5.0 (Linux; Android 6.0.1; Nexus 5X Build/MMB29P) AppleWebKit/537.36 (KHTML, like Gecko) Chrome/145.0.7632.116 Mobile Safari/537.36 (compatible; Googlebot/2.1; +http://www.google.com/bot.html)"
192.178.6.35 - - [14/Mar/2026:13:56:18 +0100] "GET /?item/detail/2259243191 HTTP/1.1" 200 24372 "-" "Mozilla/5.0 (Linux; Android 6.0.1; Nexus 5X Build/MMB29P) AppleWebKit/537.36 (KHTML, like Gecko) Chrome/145.0.7632.116 Mobile Safari/537.36 (compatible; Googlebot/2.1; +http://www.google.com/bot.html)"
192.178.6.35 - - [14/Mar/2026:13:56:31 +0100] "GET /53ar139344-colour.html HTTP/1.1" 200 25637 "-" "Mozilla/5.0 (Linux; Android 6.0.1; Nexus 5X Build/MMB29P) AppleWebKit/537.36 (KHTML, like Gecko) Chrome/145.0.7632.116 Mobile Safari/537.36 (compatible; Googlebot/2.1; +http://www.google.com/bot.html)"
192.178.6.35 - - [14/Mar/2026:13:56:44 +0100] "GET /?item/detail/22621592871 HTTP/1.1" 200 24257 "-" "Mozilla/5.0 (Linux; Android 6.0.1; Nexus 5X Build/MMB29P) AppleWebKit/537.36 (KHTML, like Gecko) Chrome/145.0.7632.116 Mobile Safari/537.36 (compatible; Googlebot/2.1; +http://www.google.com/bot.html)"
52.167.144.175 - - [14/Mar/2026:13:56:49 +0100] "GET /item/detail/2260590890 HTTP/2" 200 24972 "-" "Mozilla/5.0 AppleWebKit/537.36 (KHTML, like Gecko; compatible; bingbot/2.0; +http://www.bing.com/bingbot.htm) Chrome/116.0.1938.76 Safari/537.36"
192.178.6.35 - - [14/Mar/2026:13:56:58 +0100] "GET /58ar2182463-colour.html HTTP/1.1" 200 24529 "-" "Mozilla/5.0 (Linux; Android 6.0.1; Nexus 5X Build/MMB29P) AppleWebKit/537.36 (KHTML, like Gecko) Chrome/145.0.7632.116 Mobile Safari/537.36 (compatible; Googlebot/2.1; +http://www.google.com/bot.html)"
192.178.6.35 - - [14/Mar/2026:13:57:11 +0100] "GET /?item/detail/22632137373 HTTP/1.1" 200 24486 "-" "Mozilla/5.0 (Linux; Android 6.0.1; Nexus 5X Build/MMB29P) AppleWebKit/537.36 (KHTML, like Gecko) Chrome/145.0.7632.116 Mobile Safari/537.36 (compatible; Googlebot/2.1; +http://www.google.com/bot.html)"
192.178.6.35 - - [14/Mar/2026:13:56:11 +0100] "GET /24ar4259345-colour.html HTTP/1.1" 200 24073 "-" "Mozilla/5.0 (Linux; Android 6.0.1; Nexus 5X Build/MMB29P) AppleWebKit/537.36 (KHTML, like Gecko) Chrome/145.0.7632.116 Mobile Safari/537.36 (compatible; Googlebot/2.1; +http://www.google.com/bot.html)"
52.167.144.211 - - [14/Mar/2026:13:56:12 +0100] "GET /item/detail/22621681912 HTTP/2" 200 24937 "-" "Mozilla/5.0 AppleWebKit/537.36 (KHTML, like Gecko; compatible; bingbot/2.0; +http://www.bing.com/bingbot.htm) Chrome/116.0.1938.76 Safari/537.36"
52.167.144.175 - - [14/Mar/2026:13:56:12 +0100] "GET /item/detail/22611190640 HTTP/2" 200 25231 "-" "Mozilla/5.0 AppleWebKit/537.36 (KHTML, like Gecko; compatible; bingbot/2.0; +http://www.bing.com/bingbot.htm) Chrome/116.0.1938.76 Safari/537.36"
192.178.6.35 - - [14/Mar/2026:13:56:24 +0100] "GET /?item/detail/2259395128 HTTP/1.1" 200 24989 "-" "Mozilla/5.0 (Linux; Android 6.0.1; Nexus 5X Build/MMB29P) AppleWebKit/537.36 (KHTML, like Gecko) Chrome/145.0.7632.116 Mobile Safari/537.36 (compatible; Googlebot/2.1; +http://www.google.com/bot.html)"
74.7.227.150 - - [14/Mar/2026:13:56:41 +0100] "GET /item/detail/226045795254 HTTP/2" 500 20 "https://www.armaneco.co.uk/sitemap_index.xml" "Mozilla/5.0 AppleWebKit/537.36 (KHTML, like Gecko; compatible; GPTBot/1.3; +https://openai.com/gptbot)"
52.167.144.175 - - [14/Mar/2026:13:56:29 +0100] "GET /item/detail/22632190800 HTTP/2" 200 26787 "-" "Mozilla/5.0 AppleWebKit/537.36 (KHTML, like Gecko; compatible; bingbot/2.0; +http://www.bing.com/bingbot.htm) Chrome/116.0.1938.76 Safari/537.36"
192.178.6.35 - - [14/Mar/2026:13:56:37 +0100] "GET /item/detail/225952735 HTTP/1.1" 200 24630 "-" "Mozilla/5.0 (Linux; Android 6.0.1; Nexus 5X Build/MMB29P) AppleWebKit/537.36 (KHTML, like Gecko) Chrome/145.0.7632.116 Mobile Safari/537.36 (compatible; Googlebot/2.1; +http://www.google.com/bot.html)"
157.55.39.14 - - [14/Mar/2026:13:56:39 +0100] "GET /item/detail/22621570735 HTTP/2" 200 25787 "-" "Mozilla/5.0 AppleWebKit/537.36 (KHTML, like Gecko; compatible; bingbot/2.0; +http://www.bing.com/bingbot.htm) Chrome/116.0.1938.76 Safari/537.36"
192.178.6.35 - - [14/Mar/2026:13:56:51 +0100] "GET /shop/customer/bookmark.php?item/detail/22611010054 HTTP/1.1" 200 25854 "-" "Mozilla/5.0 (Linux; Android 6.0.1; Nexus 5X Build/MMB29P) AppleWebKit/537.36 (KHTML, like Gecko) Chrome/145.0.7632.116 Mobile Safari/537.36 (compatible; Googlebot/2.1; +http://www.google.com/bot.html)"
192.178.6.35 - - [14/Mar/2026:13:57:04 +0100] "GET /?item/detail/22642530950 HTTP/1.1" 200 24618 "-" "Mozilla/5.0 (Linux; Android 6.0.1; Nexus 5X Build/MMB29P) AppleWebKit/537.36 (KHTML, like Gecko) Chrome/145.0.7632.116 Mobile Safari/537.36 (compatible; Googlebot/2.1; +http://www.google.com/bot.html)"
192.178.6.35 - - [14/Mar/2026:13:57:18 +0100] "GET /24ar4684787-colour.html HTTP/1.1" 200 25300 "-" "Mozilla/5.0 (Linux; Android 6.0.1; Nexus 5X Build/MMB29P) AppleWebKit/537.36 (KHTML, like Gecko) Chrome/145.0.7632.116 Mobile Safari/537.36 (compatible; Googlebot/2.1; +http://www.google.com/bot.html)"
74.7.227.150 - - [14/Mar/2026:13:57:47 +0100] "GET /item/detail/225945384803 HTTP/2" 500 20 "https://www.armaneco.co.uk/sitemap_index.xml" "Mozilla/5.0 AppleWebKit/537.36 (KHTML, like Gecko; compatible; GPTBot/1.3; +https://openai.com/gptbot)"
192.178.6.35 - - [14/Mar/2026:13:57:45 +0100] "GET /?item/detail/22621917252 HTTP/1.1" 200 24569 "-" "Mozilla/5.0 (Linux; Android 6.0.1; Nexus 5X Build/MMB29P) AppleWebKit/537.36 (KHTML, like Gecko) Chrome/145.0.7632.116 Mobile Safari/537.36 (compatible; Googlebot/2.1; +http://www.google.com/bot.html)"
192.178.6.35 - - [14/Mar/2026:13:57:58 +0100] "GET /53ar247754-colour.html HTTP/1.1" 200 26111 "-" "Mozilla/5.0 (Linux; Android 6.0.1; Nexus 5X Build/MMB29P) AppleWebKit/537.36 (KHTML, like Gecko) Chrome/145.0.7632.116 Mobile Safari/537.36 (compatible; Googlebot/2.1; +http://www.google.com/bot.html)"
192.178.6.35 - - [14/Mar/2026:13:57:24 +0100] "GET /?item/detail/22611297529 HTTP/1.1" 200 24825 "-" "Mozilla/5.0 (Linux; Android 6.0.1; Nexus 5X Build/MMB29P) AppleWebKit/537.36 (KHTML, like Gecko) Chrome/145.0.7632.116 Mobile Safari/537.36 (compatible; Googlebot/2.1; +http://www.google.com/bot.html)"
192.178.6.35 - - [14/Mar/2026:13:57:32 +0100] "GET /?item/detail/22621702133 HTTP/1.1" 200 24360 "-" "Mozilla/5.0 (Linux; Android 6.0.1; Nexus 5X Build/MMB29P) AppleWebKit/537.36 (KHTML, like Gecko) Chrome/145.0.7632.116 Mobile Safari/537.36 (compatible; GoogleOther)"
192.178.6.35 - - [14/Mar/2026:13:57:38 +0100] "GET /53ar623642-colour.html HTTP/1.1" 200 24815 "-" "Mozilla/5.0 (Linux; Android 6.0.1; Nexus 5X Build/MMB29P) AppleWebKit/537.36 (KHTML, like Gecko) Chrome/145.0.7632.116 Mobile Safari/537.36 (compatible; Googlebot/2.1; +http://www.google.com/bot.html)"
192.178.6.35 - - [14/Mar/2026:13:57:52 +0100] "GET /?item/detail/22632002036 HTTP/1.1" 200 24776 "-" "Mozilla/5.0 (Linux; Android 6.0.1; Nexus 5X Build/MMB29P) AppleWebKit/537.36 (KHTML, like Gecko) Chrome/145.0.7632.116 Mobile Safari/537.36 (compatible; Googlebot/2.1; +http://www.google.com/bot.html)"
192.178.6.35 - - [14/Mar/2026:13:58:05 +0100] "GET /?item/detail/22642863962 HTTP/1.1" 200 24778 "-" "Mozilla/5.0 (Linux; Android 6.0.1; Nexus 5X Build/MMB29P) AppleWebKit/537.36 (KHTML, like Gecko) Chrome/145.0.7632.116 Mobile Safari/537.36 (compatible; Googlebot/2.1; +http://www.google.com/bot.html)"
192.178.6.35 - - [14/Mar/2026:13:58:19 +0100] "GET /53ar206026-colour.html HTTP/1.1" 200 25860 "-" "Mozilla/5.0 (Linux; Android 6.0.1; Nexus 5X Build/MMB29P) AppleWebKit/537.36 (KHTML, like Gecko) Chrome/145.0.7632.116 Mobile Safari/537.36 (compatible; Googlebot/2.1; +http://www.google.com/bot.html)"
192.178.6.36 - - [14/Mar/2026:13:59:13 +0100] "GET /?item/detail/22611493942 HTTP/1.1" 200 25617 "-" "Mozilla/5.0 (Linux; Android 6.0.1; Nexus 5X Build/MMB29P) AppleWebKit/537.36 (KHTML, like Gecko) Chrome/145.0.7632.116 Mobile Safari/537.36 (compatible; Googlebot/2.1; +http://www.google.com/bot.html)"
192.178.6.35 - - [14/Mar/2026:13:59:46 +0100] "GET /?item/detail/22632193682 HTTP/1.1" 200 24432 "-" "Mozilla/5.0 (Linux; Android 6.0.1; Nexus 5X Build/MMB29P) AppleWebKit/537.36 (KHTML, like Gecko) Chrome/145.0.7632.116 Mobile Safari/537.36 (compatible; Googlebot/2.1; +http://www.google.com/bot.html)"
192.178.6.35 - - [14/Mar/2026:13:59:53 +0100] "GET /24ar2096923-colour.html HTTP/1.1" 200 24571 "-" "Mozilla/5.0 (Linux; Android 6.0.1; Nexus 5X Build/MMB29P) AppleWebKit/537.36 (KHTML, like Gecko) Chrome/145.0.7632.116 Mobile Safari/537.36 (compatible; Googlebot/2.1; +http://www.google.com/bot.html)"
192.178.6.35 - - [14/Mar/2026:14:00:19 +0100] "GET /?item/detail/2260508424 HTTP/1.1" 200 24568 "-" "Mozilla/5.0 (Linux; Android 6.0.1; Nexus 5X Build/MMB29P) AppleWebKit/537.36 (KHTML, like Gecko) Chrome/145.0.7632.116 Mobile Safari/537.36 (compatible; Googlebot/2.1; +http://www.google.com/bot.html)"
192.178.6.35 - - [14/Mar/2026:14:00:26 +0100] "GET /?item/detail/22632364773 HTTP/1.1" 200 24860 "-" "Mozilla/5.0 (Linux; Android 6.0.1; Nexus 5X Build/MMB29P) AppleWebKit/537.36 (KHTML, like Gecko) Chrome/145.0.7632.116 Mobile Safari/537.36 (compatible; Googlebot/2.1; +http://www.google.com/bot.html)"
192.178.6.35 - - [14/Mar/2026:14:00:32 +0100] "GET /?item/detail/22642899332 HTTP/1.1" 200 26274 "-" "Mozilla/5.0 (Linux; Android 6.0.1; Nexus 5X Build/MMB29P) AppleWebKit/537.36 (KHTML, like Gecko) Chrome/145.0.7632.116 Mobile Safari/537.36 (compatible; Googlebot/2.1; +http://www.google.com/bot.html)"
192.178.6.35 - - [14/Mar/2026:14:00:38 +0100] "GET /24ar461350-colour.html HTTP/1.1" 200 25517 "-" "Mozilla/5.0 (Linux; Android 6.0.1; Nexus 5X Build/MMB29P) AppleWebKit/537.36 (KHTML, like Gecko) Chrome/145.0.7632.116 Mobile Safari/537.36 (compatible; Googlebot/2.1; +http://www.google.com/bot.html)"
192.178.6.35 - - [14/Mar/2026:13:58:12 +0100] "GET /?item/detail/22642737940 HTTP/1.1" 200 24465 "-" "Mozilla/5.0 (Linux; Android 6.0.1; Nexus 5X Build/MMB29P) AppleWebKit/537.36 (KHTML, like Gecko) Chrome/145.0.7632.116 Mobile Safari/537.36 (compatible; Googlebot/2.1; +http://www.google.com/bot.html)"
52.167.144.211 - - [14/Mar/2026:13:58:20 +0100] "GET /24ar6254-12-volt-rideamals-pony.html HTTP/2" 200 25397 "-" "Mozilla/5.0 AppleWebKit/537.36 (KHTML, like Gecko; compatible; bingbot/2.0; +http://www.bing.com/bingbot.htm) Chrome/116.0.1938.76 Safari/537.36"
192.178.6.35 - - [14/Mar/2026:13:58:40 +0100] "GET /?item/detail/22642827193 HTTP/1.1" 200 25066 "-" "Mozilla/5.0 (Linux; Android 6.0.1; Nexus 5X Build/MMB29P) AppleWebKit/537.36 (KHTML, like Gecko) Chrome/145.0.7632.116 Mobile Safari/537.36 (compatible; Googlebot/2.1; +http://www.google.com/bot.html)"
74.7.227.150 - - [14/Mar/2026:13:58:53 +0100] "GET /item/detail/226045746738 HTTP/2" 500 20 "https://www.armaneco.co.uk/sitemap_index.xml" "Mozilla/5.0 AppleWebKit/537.36 (KHTML, like Gecko; compatible; GPTBot/1.3; +https://openai.com/gptbot)"
192.178.6.35 - - [14/Mar/2026:13:58:46 +0100] "GET /24ar2056655-colour.html HTTP/1.1" 200 25311 "-" "Mozilla/5.0 (Linux; Android 6.0.1; Nexus 5X Build/MMB29P) AppleWebKit/537.36 (KHTML, like Gecko) Chrome/145.0.7632.116 Mobile Safari/537.36 (compatible; Googlebot/2.1; +http://www.google.com/bot.html)"
192.178.6.35 - - [14/Mar/2026:13:58:59 +0100] "GET /?item/detail/22642806197 HTTP/1.1" 200 25562 "-" "Mozilla/5.0 (Linux; Android 6.0.1; Nexus 5X Build/MMB29P) AppleWebKit/537.36 (KHTML, like Gecko) Chrome/145.0.7632.116 Mobile Safari/537.36 (compatible; Googlebot/2.1; +http://www.google.com/bot.html)"
192.178.6.35 - - [14/Mar/2026:13:59:06 +0100] "GET /24ar941762-colour.html HTTP/1.1" 200 24196 "-" "Mozilla/5.0 (Linux; Android 6.0.1; Nexus 5X Build/MMB29P) AppleWebKit/537.36 (KHTML, like Gecko) Chrome/145.0.7632.116 Mobile Safari/537.36 (compatible; Googlebot/2.1; +http://www.google.com/bot.html)"
192.178.6.35 - - [14/Mar/2026:13:59:19 +0100] "GET /?item/detail/2260900721 HTTP/1.1" 200 24660 "-" "Mozilla/5.0 (Linux; Android 6.0.1; Nexus 5X Build/MMB29P) AppleWebKit/537.36 (KHTML, like Gecko) Chrome/145.0.7632.116 Mobile Safari/537.36 (compatible; Googlebot/2.1; +http://www.google.com/bot.html)"
192.178.6.35 - - [14/Mar/2026:13:59:26 +0100] "GET /24ar2681640-colour.html HTTP/1.1" 200 24492 "-" "Mozilla/5.0 (Linux; Android 6.0.1; Nexus 5X Build/MMB29P) AppleWebKit/537.36 (KHTML, like Gecko) Chrome/145.0.7632.116 Mobile Safari/537.36 (compatible; Googlebot/2.1; +http://www.google.com/bot.html)"
192.178.6.35 - - [14/Mar/2026:13:59:33 +0100] "GET /?item/detail/22611464394 HTTP/1.1" 200 24693 "-" "Mozilla/5.0 (Linux; Android 6.0.1; Nexus 5X Build/MMB29P) AppleWebKit/537.36 (KHTML, like Gecko) Chrome/145.0.7632.116 Mobile Safari/537.36 (compatible; Googlebot/2.1; +http://www.google.com/bot.html)"
192.178.6.35 - - [14/Mar/2026:13:59:39 +0100] "GET /?item/detail/22611246210 HTTP/1.1" 200 24384 "-" "Mozilla/5.0 (Linux; Android 6.0.1; Nexus 5X Build/MMB29P) AppleWebKit/537.36 (KHTML, like Gecko) Chrome/145.0.7632.116 Mobile Safari/537.36 (compatible; Googlebot/2.1; +http://www.google.com/bot.html)"
74.7.227.150 - - [14/Mar/2026:13:59:57 +0100] "GET /item/detail/226045518471 HTTP/2" 500 20 "https://www.armaneco.co.uk/sitemap_index.xml" "Mozilla/5.0 AppleWebKit/537.36 (KHTML, like Gecko; compatible; GPTBot/1.3; +https://openai.com/gptbot)"
192.178.6.35 - - [14/Mar/2026:13:59:59 +0100] "GET /?item/detail/225975323 HTTP/1.1" 200 24269 "-" "Mozilla/5.0 (Linux; Android 6.0.1; Nexus 5X Build/MMB29P) AppleWebKit/537.36 (KHTML, like Gecko) Chrome/145.0.7632.116 Mobile Safari/537.36 (compatible; Googlebot/2.1; +http://www.google.com/bot.html)"
192.178.6.35 - - [14/Mar/2026:14:00:12 +0100] "GET /24ar2693837-colour.html HTTP/1.1" 200 25213 "-" "Mozilla/5.0 (Linux; Android 6.0.1; Nexus 5X Build/MMB29P) AppleWebKit/537.36 (KHTML, like Gecko) Chrome/145.0.7632.116 Mobile Safari/537.36 (compatible; Googlebot/2.1; +http://www.google.com/bot.html)"
192.178.6.35 - - [14/Mar/2026:14:01:25 +0100] "GET /?item/detail/22621631654 HTTP/1.1" 200 25093 "-" "Mozilla/5.0 (Linux; Android 6.0.1; Nexus 5X Build/MMB29P) AppleWebKit/537.36 (KHTML, like Gecko) Chrome/145.0.7632.116 Mobile Safari/537.36 (compatible; Googlebot/2.1; +http://www.google.com/bot.html)"
192.178.6.35 - - [14/Mar/2026:14:01:44 +0100] "GET /shop/customer/bookmark.php?item/detail/2260784127 HTTP/1.1" 200 26872 "-" "Mozilla/5.0 (Linux; Android 6.0.1; Nexus 5X Build/MMB29P) AppleWebKit/537.36 (KHTML, like Gecko) Chrome/145.0.7632.116 Mobile Safari/537.36 (compatible; Googlebot/2.1; +http://www.google.com/bot.html)"
192.178.6.35 - - [14/Mar/2026:14:01:50 +0100] "GET /24ar4602962-colour.html HTTP/1.1" 200 24704 "-" "Mozilla/5.0 (Linux; Android 6.0.1; Nexus 5X Build/MMB29P) AppleWebKit/537.36 (KHTML, like Gecko) Chrome/145.0.7632.116 Mobile Safari/537.36 (compatible; Googlebot/2.1; +http://www.google.com/bot.html)"
192.178.6.35 - - [14/Mar/2026:14:01:56 +0100] "GET /?item/detail/22632443378 HTTP/1.1" 200 24687 "-" "Mozilla/5.0 (Linux; Android 6.0.1; Nexus 5X Build/MMB29P) AppleWebKit/537.36 (KHTML, like Gecko) Chrome/145.0.7632.116 Mobile Safari/537.36 (compatible; Googlebot/2.1; +http://www.google.com/bot.html)"
157.55.39.14 - - [14/Mar/2026:14:01:59 +0100] "GET /item/detail/2259254693 HTTP/2" 200 25033 "-" "Mozilla/5.0 AppleWebKit/537.36 (KHTML, like Gecko; compatible; bingbot/2.0; +http://www.bing.com/bingbot.htm) Chrome/116.0.1938.76 Safari/537.36"
192.178.6.35 - - [14/Mar/2026:14:02:03 +0100] "GET /?item/detail/2259401044 HTTP/1.1" 200 25691 "-" "Mozilla/5.0 (Linux; Android 6.0.1; Nexus 5X Build/MMB29P) AppleWebKit/537.36 (KHTML, like Gecko) Chrome/145.0.7632.116 Mobile Safari/537.36 (compatible; Googlebot/2.1; +http://www.google.com/bot.html)"
52.167.144.192 - - [14/Mar/2026:14:02:10 +0100] "GET /shop/pg/2025120 HTTP/2" 200 26338 "-" "Mozilla/5.0 AppleWebKit/537.36 (KHTML, like Gecko; compatible; bingbot/2.0; +http://www.bing.com/bingbot.htm) Chrome/116.0.1938.76 Safari/537.36"
192.178.6.35 - - [14/Mar/2026:14:02:15 +0100] "GET /53ar330810-colour.html HTTP/1.1" 200 24417 "-" "Mozilla/5.0 (Linux; Android 6.0.1; Nexus 5X Build/MMB29P) AppleWebKit/537.36 (KHTML, like Gecko) Chrome/145.0.7632.116 Mobile Safari/537.36 (compatible; Googlebot/2.1; +http://www.google.com/bot.html)"
157.55.39.14 - - [14/Mar/2026:14:02:19 +0100] "GET /item/detail/2260805422 HTTP/2" 200 25579 "-" "Mozilla/5.0 AppleWebKit/537.36 (KHTML, like Gecko; compatible; bingbot/2.0; +http://www.bing.com/bingbot.htm) Chrome/116.0.1938.76 Safari/537.36"
192.178.6.35 - - [14/Mar/2026:14:02:28 +0100] "GET /?item/detail/22632485925 HTTP/1.1" 200 24808 "-" "Mozilla/5.0 (Linux; Android 6.0.1; Nexus 5X Build/MMB29P) AppleWebKit/537.36 (KHTML, like Gecko) Chrome/145.0.7632.116 Mobile Safari/537.36 (compatible; Googlebot/2.1; +http://www.google.com/bot.html)"
52.167.144.192 - - [14/Mar/2026:14:02:33 +0100] "GET /item/detail/22621733536 HTTP/2" 200 24996 "-" "Mozilla/5.0 AppleWebKit/537.36 (KHTML, like Gecko; compatible; bingbot/2.0; +http://www.bing.com/bingbot.htm) Chrome/116.0.1938.76 Safari/537.36"
192.178.6.35 - - [14/Mar/2026:14:02:41 +0100] "GET /?item/detail/22642665274 HTTP/1.1" 200 25850 "-" "Mozilla/5.0 (Linux; Android 6.0.1; Nexus 5X Build/MMB29P) AppleWebKit/537.36 (KHTML, like Gecko) Chrome/145.0.7632.116 Mobile Safari/537.36 (compatible; Googlebot/2.1; +http://www.google.com/bot.html)"
52.167.144.192 - - [14/Mar/2026:14:02:52 +0100] "GET /item/detail/22621562482 HTTP/2" 200 25045 "-" "Mozilla/5.0 AppleWebKit/537.36 (KHTML, like Gecko; compatible; bingbot/2.0; +http://www.bing.com/bingbot.htm) Chrome/116.0.1938.76 Safari/537.36"
192.178.6.35 - - [14/Mar/2026:14:02:53 +0100] "GET /?item/detail/22621656379 HTTP/1.1" 200 24938 "-" "Mozilla/5.0 (Linux; Android 6.0.1; Nexus 5X Build/MMB29P) AppleWebKit/537.36 (KHTML, like Gecko) Chrome/145.0.7632.116 Mobile Safari/537.36 (compatible; Googlebot/2.1; +http://www.google.com/bot.html)"
192.178.6.35 - - [14/Mar/2026:14:00:45 +0100] "GET /?item/detail/22611263036 HTTP/1.1" 200 24215 "-" "Mozilla/5.0 (Linux; Android 6.0.1; Nexus 5X Build/MMB29P) AppleWebKit/537.36 (KHTML, like Gecko) Chrome/145.0.7632.116 Mobile Safari/537.36 (compatible; Googlebot/2.1; +http://www.google.com/bot.html)"
192.178.6.35 - - [14/Mar/2026:14:00:52 +0100] "GET /?item/detail/2260725252 HTTP/1.1" 200 25566 "-" "Mozilla/5.0 (Linux; Android 6.0.1; Nexus 5X Build/MMB29P) AppleWebKit/537.36 (KHTML, like Gecko) Chrome/145.0.7632.116 Mobile Safari/537.36 (compatible; Googlebot/2.1; +http://www.google.com/bot.html)"
74.7.227.150 - - [14/Mar/2026:14:01:01 +0100] "GET /item/detail/226350162771 HTTP/2" 500 20 "https://www.armaneco.co.uk/sitemap_index.xml" "Mozilla/5.0 AppleWebKit/537.36 (KHTML, like Gecko; compatible; GPTBot/1.3; +https://openai.com/gptbot)"
192.178.6.35 - - [14/Mar/2026:14:00:58 +0100] "GET /?item/detail/22621628472 HTTP/1.1" 200 24357 "-" "Mozilla/5.0 (Linux; Android 6.0.1; Nexus 5X Build/MMB29P) AppleWebKit/537.36 (KHTML, like Gecko) Chrome/145.0.7632.116 Mobile Safari/537.36 (compatible; Googlebot/2.1; +http://www.google.com/bot.html)"
192.178.6.35 - - [14/Mar/2026:14:01:05 +0100] "GET /24ar187795-colour.html HTTP/1.1" 200 26149 "-" "Mozilla/5.0 (Linux; Android 6.0.1; Nexus 5X Build/MMB29P) AppleWebKit/537.36 (KHTML, like Gecko) Chrome/145.0.7632.116 Mobile Safari/537.36 (compatible; Googlebot/2.1; +http://www.google.com/bot.html)"
192.178.6.35 - - [14/Mar/2026:14:01:11 +0100] "GET /?item/detail/22642960253 HTTP/1.1" 200 24618 "-" "Mozilla/5.0 (Linux; Android 6.0.1; Nexus 5X Build/MMB29P) AppleWebKit/537.36 (KHTML, like Gecko) Chrome/145.0.7632.116 Mobile Safari/537.36 (compatible; Googlebot/2.1; +http://www.google.com/bot.html)"
192.178.6.35 - - [14/Mar/2026:14:01:18 +0100] "GET /24ar1044506-colour.html HTTP/1.1" 200 25893 "-" "Mozilla/5.0 (Linux; Android 6.0.1; Nexus 5X Build/MMB29P) AppleWebKit/537.36 (KHTML, like Gecko) Chrome/145.0.7632.116 Mobile Safari/537.36 (compatible; Googlebot/2.1; +http://www.google.com/bot.html)"
74.7.227.150 - - [14/Mar/2026:14:02:03 +0100] "GET /item/detail/226045627968 HTTP/2" 500 20 "https://www.armaneco.co.uk/sitemap_index.xml" "Mozilla/5.0 AppleWebKit/537.36 (KHTML, like Gecko; compatible; GPTBot/1.3; +https://openai.com/gptbot)"
192.178.6.35 - - [14/Mar/2026:14:02:22 +0100] "GET /?item/detail/2260703106 HTTP/1.1" 200 24466 "-" "Mozilla/5.0 (Linux; Android 6.0.1; Nexus 5X Build/MMB29P) AppleWebKit/537.36 (KHTML, like Gecko) Chrome/145.0.7632.116 Mobile Safari/537.36 (compatible; Googlebot/2.1; +http://www.google.com/bot.html)"
192.178.6.35 - - [14/Mar/2026:14:02:34 +0100] "GET /57ar92657-colour.html HTTP/1.1" 200 25366 "-" "Mozilla/5.0 (Linux; Android 6.0.1; Nexus 5X Build/MMB29P) AppleWebKit/537.36 (KHTML, like Gecko) Chrome/145.0.7632.116 Mobile Safari/537.36 (compatible; Googlebot/2.1; +http://www.google.com/bot.html)"
157.55.39.14 - - [14/Mar/2026:14:02:40 +0100] "GET /item/detail/22621561159 HTTP/2" 200 24945 "-" "Mozilla/5.0 AppleWebKit/537.36 (KHTML, like Gecko; compatible; bingbot/2.0; +http://www.bing.com/bingbot.htm) Chrome/116.0.1938.76 Safari/537.36"
20.15.133.175 - - [14/Mar/2026:14:02:47 +0100] "GET /item/detail/2260527871 HTTP/2" 200 24635 "-" "Mozilla/5.0 AppleWebKit/537.36 (KHTML, like Gecko; compatible; bingbot/2.0; +http://www.bing.com/bingbot.htm) Chrome/116.0.1938.76 Safari/537.36"
192.178.6.35 - - [14/Mar/2026:14:02:47 +0100] "GET /53ar459593-colour.html HTTP/1.1" 200 24801 "-" "Mozilla/5.0 (Linux; Android 6.0.1; Nexus 5X Build/MMB29P) AppleWebKit/537.36 (KHTML, like Gecko) Chrome/145.0.7632.116 Mobile Safari/537.36 (compatible; Googlebot/2.1; +http://www.google.com/bot.html)"
74.7.227.150 - - [14/Mar/2026:14:03:03 +0100] "GET /item/detail/226347469173 HTTP/2" 500 20 "https://www.armaneco.co.uk/sitemap_index.xml" "Mozilla/5.0 AppleWebKit/537.36 (KHTML, like Gecko; compatible; GPTBot/1.3; +https://openai.com/gptbot)"
157.55.39.14 - - [14/Mar/2026:14:03:00 +0100] "GET /item/detail/22611260490 HTTP/2" 200 26135 "-" "Mozilla/5.0 AppleWebKit/537.36 (KHTML, like Gecko; compatible; bingbot/2.0; +http://www.bing.com/bingbot.htm) Chrome/116.0.1938.76 Safari/537.36"
52.167.144.146 - - [14/Mar/2026:14:03:05 +0100] "GET /item/detail/2259483130 HTTP/2" 200 24864 "-" "Mozilla/5.0 AppleWebKit/537.36 (KHTML, like Gecko; compatible; bingbot/2.0; +http://www.bing.com/bingbot.htm) Chrome/116.0.1938.76 Safari/537.36"
192.178.6.36 - - [14/Mar/2026:14:03:06 +0100] "GET /53ar296793-colour.html HTTP/1.1" 200 24463 "-" "Mozilla/5.0 (Linux; Android 6.0.1; Nexus 5X Build/MMB29P) AppleWebKit/537.36 (KHTML, like Gecko) Chrome/145.0.7632.116 Mobile Safari/537.36 (compatible; Googlebot/2.1; +http://www.google.com/bot.html)"
192.178.6.35 - - [14/Mar/2026:14:03:13 +0100] "GET /?item/detail/22642849870 HTTP/1.1" 200 25508 "-" "Mozilla/5.0 (Linux; Android 6.0.1; Nexus 5X Build/MMB29P) AppleWebKit/537.36 (KHTML, like Gecko) Chrome/145.0.7632.116 Mobile Safari/537.36 (compatible; Googlebot/2.1; +http://www.google.com/bot.html)"
157.55.39.14 - - [14/Mar/2026:14:03:21 +0100] "GET /item/detail/2259327525 HTTP/2" 200 24608 "-" "Mozilla/5.0 AppleWebKit/537.36 (KHTML, like Gecko; compatible; bingbot/2.0; +http://www.bing.com/bingbot.htm) Chrome/116.0.1938.76 Safari/537.36"
52.167.144.192 - - [14/Mar/2026:14:03:23 +0100] "GET /item/detail/22611119082 HTTP/2" 200 24940 "-" "Mozilla/5.0 AppleWebKit/537.36 (KHTML, like Gecko; compatible; bingbot/2.0; +http://www.bing.com/bingbot.htm) Chrome/116.0.1938.76 Safari/537.36"
52.167.144.146 - - [14/Mar/2026:14:03:24 +0100] "GET /item/detail/22611203093 HTTP/2" 200 25247 "-" "Mozilla/5.0 AppleWebKit/537.36 (KHTML, like Gecko; compatible; bingbot/2.0; +http://www.bing.com/bingbot.htm) Chrome/116.0.1938.76 Safari/537.36"
192.178.6.35 - - [14/Mar/2026:14:03:25 +0100] "GET /?item/detail/22632017805 HTTP/1.1" 200 24493 "-" "Mozilla/5.0 (Linux; Android 6.0.1; Nexus 5X Build/MMB29P) AppleWebKit/537.36 (KHTML, like Gecko) Chrome/145.0.7632.116 Mobile Safari/537.36 (compatible; Googlebot/2.1; +http://www.google.com/bot.html)"
52.167.144.146 - - [14/Mar/2026:14:03:30 +0100] "GET /item/detail/2259205968 HTTP/2" 200 25130 "-" "Mozilla/5.0 AppleWebKit/537.36 (KHTML, like Gecko; compatible; bingbot/2.0; +http://www.bing.com/bingbot.htm) Chrome/116.0.1938.76 Safari/537.36"
52.167.144.146 - - [14/Mar/2026:14:03:34 +0100] "GET /item/detail/2260788505 HTTP/2" 200 25755 "-" "Mozilla/5.0 AppleWebKit/537.36 (KHTML, like Gecko; compatible; bingbot/2.0; +http://www.bing.com/bingbot.htm) Chrome/116.0.1938.76 Safari/537.36"
192.178.6.35 - - [14/Mar/2026:14:03:38 +0100] "GET /?item/detail/2260567117 HTTP/1.1" 200 24886 "-" "Mozilla/5.0 (Linux; Android 6.0.1; Nexus 5X Build/MMB29P) AppleWebKit/537.36 (KHTML, like Gecko) Chrome/145.0.7632.116 Mobile Safari/537.36 (compatible; Googlebot/2.1; +http://www.google.com/bot.html)"
192.178.6.35 - - [14/Mar/2026:14:03:51 +0100] "GET /53ar418752-colour.html HTTP/1.1" 200 24836 "-" "Mozilla/5.0 (Linux; Android 6.0.1; Nexus 5X Build/MMB29P) AppleWebKit/537.36 (KHTML, like Gecko) Chrome/145.0.7632.116 Mobile Safari/537.36 (compatible; Googlebot/2.1; +http://www.google.com/bot.html)"
74.7.227.150 - - [14/Mar/2026:14:04:05 +0100] "GET /item/detail/225945363029 HTTP/2" 500 20 "https://www.armaneco.co.uk/sitemap_index.xml" "Mozilla/5.0 AppleWebKit/537.36 (KHTML, like Gecko; compatible; GPTBot/1.3; +https://openai.com/gptbot)"
192.178.6.35 - - [14/Mar/2026:14:04:03 +0100] "GET /?item/detail/2259142819 HTTP/1.1" 200 25019 "-" "Mozilla/5.0 (Linux; Android 6.0.1; Nexus 5X Build/MMB29P) AppleWebKit/537.36 (KHTML, like Gecko) Chrome/145.0.7632.116 Mobile Safari/537.36 (compatible; Googlebot/2.1; +http://www.google.com/bot.html)"
52.167.144.146 - - [14/Mar/2026:14:04:14 +0100] "GET /item/detail/22642704298 HTTP/2" 200 24003 "-" "Mozilla/5.0 AppleWebKit/537.36 (KHTML, like Gecko; compatible; bingbot/2.0; +http://www.bing.com/bingbot.htm) Chrome/116.0.1938.76 Safari/537.36"
192.178.6.37 - - [14/Mar/2026:14:03:00 +0100] "GET /?item/detail/2260926796 HTTP/1.1" 200 24603 "-" "Mozilla/5.0 (Linux; Android 6.0.1; Nexus 5X Build/MMB29P) AppleWebKit/537.36 (KHTML, like Gecko) Chrome/145.0.7632.116 Mobile Safari/537.36 (compatible; Googlebot/2.1; +http://www.google.com/bot.html)"
52.167.144.215 - - [14/Mar/2026:14:03:11 +0100] "GET /item/detail/22593415358 HTTP/2" 200 24403 "-" "Mozilla/5.0 AppleWebKit/537.36 (KHTML, like Gecko; compatible; bingbot/2.0; +http://www.bing.com/bingbot.htm) Chrome/116.0.1938.76 Safari/537.36"
192.178.6.35 - - [14/Mar/2026:14:03:19 +0100] "GET /?item/detail/22621998728 HTTP/1.1" 200 25615 "-" "Mozilla/5.0 (Linux; Android 6.0.1; Nexus 5X Build/MMB29P) AppleWebKit/537.36 (KHTML, like Gecko) Chrome/145.0.7632.116 Mobile Safari/537.36 (compatible; Googlebot/2.1; +http://www.google.com/bot.html)"
192.178.6.35 - - [14/Mar/2026:14:03:32 +0100] "GET /53ar677788-colour.html HTTP/1.1" 200 24218 "-" "Mozilla/5.0 (Linux; Android 6.0.1; Nexus 5X Build/MMB29P) AppleWebKit/537.36 (KHTML, like Gecko) Chrome/145.0.7632.116 Mobile Safari/537.36 (compatible; Googlebot/2.1; +http://www.google.com/bot.html)"
157.55.39.14 - - [14/Mar/2026:14:03:41 +0100] "GET /item/detail/2259219118 HTTP/2" 200 24284 "-" "Mozilla/5.0 AppleWebKit/537.36 (KHTML, like Gecko; compatible; bingbot/2.0; +http://www.bing.com/bingbot.htm) Chrome/116.0.1938.76 Safari/537.36"
192.178.6.35 - - [14/Mar/2026:14:03:44 +0100] "GET /?item/detail/2260599698 HTTP/1.1" 200 25621 "-" "Mozilla/5.0 (Linux; Android 6.0.1; Nexus 5X Build/MMB29P) AppleWebKit/537.36 (KHTML, like Gecko) Chrome/145.0.7632.116 Mobile Safari/537.36 (compatible; Googlebot/2.1; +http://www.google.com/bot.html)"
52.167.144.146 - - [14/Mar/2026:14:03:51 +0100] "GET /shop/pg/95582 HTTP/2" 200 26528 "-" "Mozilla/5.0 AppleWebKit/537.36 (KHTML, like Gecko; compatible; bingbot/2.0; +http://www.bing.com/bingbot.htm) Chrome/116.0.1938.76 Safari/537.36"
192.178.6.35 - - [14/Mar/2026:14:03:57 +0100] "GET /24ar2797983-colour.html HTTP/1.1" 200 24512 "-" "Mozilla/5.0 (Linux; Android 6.0.1; Nexus 5X Build/MMB29P) AppleWebKit/537.36 (KHTML, like Gecko) Chrome/145.0.7632.116 Mobile Safari/537.36 (compatible; Googlebot/2.1; +http://www.google.com/bot.html)"
157.55.39.14 - - [14/Mar/2026:14:04:01 +0100] "GET /item/detail/22621746814 HTTP/2" 200 27675 "-" "Mozilla/5.0 AppleWebKit/537.36 (KHTML, like Gecko; compatible; bingbot/2.0; +http://www.bing.com/bingbot.htm) Chrome/116.0.1938.76 Safari/537.36"
