192.178.6.35 - - [14/Mar/2026:13:16:28 +0100] "GET /?item/detail/22621558924 HTTP/1.1" 200 24076 "-" "Mozilla/5.0 (Linux; Android 6.0.1; Nexus 5X Build/MMB29P) AppleWebKit/537.36 (KHTML, like Gecko) Chrome/145.0.7632.116 Mobile Safari/537.36 (compatible; Googlebot/2.1; +http://www.google.com/bot.html)"
52.167.144.174 - - [14/Mar/2026:13:16:40 +0100] "GET /item/detail/2259169985 HTTP/2" 200 25038 "-" "Mozilla/5.0 AppleWebKit/537.36 (KHTML, like Gecko; compatible; bingbot/2.0; +http://www.bing.com/bingbot.htm) Chrome/116.0.1938.76 Safari/537.36"
192.178.6.35 - - [14/Mar/2026:13:16:53 +0100] "GET /58ar734691-colour.html HTTP/1.1" 200 25070 "-" "Mozilla/5.0 (Linux; Android 6.0.1; Nexus 5X Build/MMB29P) AppleWebKit/537.36 (KHTML, like Gecko) Chrome/145.0.7632.116 Mobile Safari/537.36 (compatible; Googlebot/2.1; +http://www.google.com/bot.html)"
192.178.6.35 - - [14/Mar/2026:13:17:04 +0100] "GET /?item/detail/2259436306 HTTP/1.1" 200 24292 "-" "Mozilla/5.0 (Linux; Android 6.0.1; Nexus 5X Build/MMB29P) AppleWebKit/537.36 (KHTML, like Gecko) Chrome/145.0.7632.116 Mobile Safari/537.36 (compatible; Googlebot/2.1; +http://www.google.com/bot.html)"
192.178.6.35 - - [14/Mar/2026:13:17:13 +0100] "GET /?item/detail/22621697982 HTTP/1.1" 200 24218 "-" "Mozilla/5.0 (Linux; Android 6.0.1; Nexus 5X Build/MMB29P) AppleWebKit/537.36 (KHTML, like Gecko) Chrome/145.0.7632.116 Mobile Safari/537.36 (compatible; Googlebot/2.1; +http://www.google.com/bot.html)"
207.46.13.6 - - [14/Mar/2026:13:17:15 +0100] "GET /item/detail/22632123311 HTTP/2" 200 25142 "-" "Mozilla/5.0 AppleWebKit/537.36 (KHTML, like Gecko; compatible; bingbot/2.0; +http://www.bing.com/bingbot.htm) Chrome/116.0.1938.76 Safari/537.36"
192.178.6.35 - - [14/Mar/2026:13:17:23 +0100] "GET /?item/detail/22642653364 HTTP/1.1" 200 25217 "-" "Mozilla/5.0 (Linux; Android 6.0.1; Nexus 5X Build/MMB29P) AppleWebKit/537.36 (KHTML, like Gecko) Chrome/145.0.7632.116 Mobile Safari/537.36 (compatible; Googlebot/2.1; +http://www.google.com/bot.html)"
192.178.6.35 - - [14/Mar/2026:13:17:33 +0100] "GET /?item/detail/22621932610 HTTP/1.1" 200 24266 "-" "Mozilla/5.0 (Linux; Android 6.0.1; Nexus 5X Build/MMB29P) AppleWebKit/537.36 (KHTML, like Gecko) Chrome/145.0.7632.116 Mobile Safari/537.36 (compatible; Googlebot/2.1; +http://www.google.com/bot.html)"
207.46.13.6 - - [14/Mar/2026:13:16:04 +0100] "GET /item/detail/22621773885 HTTP/2" 200 24540 "-" "Mozilla/5.0 AppleWebKit/537.36 (KHTML, like Gecko; compatible; bingbot/2.0; +http://www.bing.com/bingbot.htm) Chrome/116.0.1938.76 Safari/537.36"
192.178.6.36 - - [14/Mar/2026:13:16:06 +0100] "GET /?item/detail/2259466193 HTTP/1.1" 200 25057 "-" "Mozilla/5.0 (Linux; Android 6.0.1; Nexus 5X Build/MMB29P) AppleWebKit/537.36 (KHTML, like Gecko) Chrome/145.0.7632.116 Mobile Safari/537.36 (compatible; Googlebot/2.1; +http://www.google.com/bot.html)"
207.46.13.6 - - [14/Mar/2026:13:16:25 +0100] "GET /57ar60444-colour.html HTTP/2" 200 24637 "-" "Mozilla/5.0 AppleWebKit/537.36 (KHTML, like Gecko; compatible; bingbot/2.0; +http://www.bing.com/bingbot.htm) Chrome/116.0.1938.76 Safari/537.36"
40.77.167.52 - - [14/Mar/2026:13:16:30 +0100] "GET /item/detail/2260740352 HTTP/2" 200 24774 "-" "Mozilla/5.0 AppleWebKit/537.36 (KHTML, like Gecko; compatible; bingbot/2.0; +http://www.bing.com/bingbot.htm) Chrome/116.0.1938.76 Safari/537.36"
74.7.227.150 - - [14/Mar/2026:13:16:51 +0100] "GET /item/detail/226246833971 HTTP/2" 500 20 "https://www.armaneco.co.uk/sitemap_index.xml" "Mozilla/5.0 AppleWebKit/537.36 (KHTML, like Gecko; compatible; GPTBot/1.3; +https://openai.com/gptbot)"
207.46.13.6 - - [14/Mar/2026:13:16:45 +0100] "GET /item/detail/22621925552 HTTP/2" 200 24989 "-" "Mozilla/5.0 AppleWebKit/537.36 (KHTML, like Gecko; compatible; bingbot/2.0; +http://www.bing.com/bingbot.htm) Chrome/116.0.1938.76 Safari/537.36"
192.178.6.35 - - [14/Mar/2026:13:16:49 +0100] "GET /53ar126135-colour.html HTTP/1.1" 200 25669 "-" "Mozilla/5.0 (Linux; Android 6.0.1; Nexus 5X Build/MMB29P) AppleWebKit/537.36 (KHTML, like Gecko) Chrome/145.0.7632.116 Mobile Safari/537.36 (compatible; Googlebot/2.1; +http://www.google.com/bot.html)"
40.77.167.52 - - [14/Mar/2026:13:16:50 +0100] "GET /item/detail/22632106002 HTTP/2" 200 25503 "-" "Mozilla/5.0 AppleWebKit/537.36 (KHTML, like Gecko; compatible; bingbot/2.0; +http://www.bing.com/bingbot.htm) Chrome/116.0.1938.76 Safari/537.36"
207.46.13.6 - - [14/Mar/2026:13:16:55 +0100] "GET /24ar4691358-colour.html HTTP/2" 200 24495 "-" "Mozilla/5.0 AppleWebKit/537.36 (KHTML, like Gecko; compatible; bingbot/2.0; +http://www.bing.com/bingbot.htm) Chrome/116.0.1938.76 Safari/537.36"
192.178.6.35 - - [14/Mar/2026:13:17:00 +0100] "GET /?item/detail/22621586192 HTTP/1.1" 200 24561 "-" "Mozilla/5.0 (Linux; Android 6.0.1; Nexus 5X Build/MMB29P) AppleWebKit/537.36 (KHTML, like Gecko) Chrome/145.0.7632.116 Mobile Safari/537.36 (compatible; Googlebot/2.1; +http://www.google.com/bot.html)"
40.77.167.52 - - [14/Mar/2026:13:17:07 +0100] "GET /item/detail/225943996 HTTP/2" 200 25424 "-" "Mozilla/5.0 AppleWebKit/537.36 (KHTML, like Gecko; compatible; bingbot/2.0; +http://www.bing.com/bingbot.htm) Chrome/116.0.1938.76 Safari/537.36"
192.178.6.35 - - [14/Mar/2026:13:17:10 +0100] "GET /?item/detail/2260631162 HTTP/1.1" 200 25703 "-" "Mozilla/5.0 (Linux; Android 6.0.1; Nexus 5X Build/MMB29P) AppleWebKit/537.36 (KHTML, like Gecko) Chrome/145.0.7632.116 Mobile Safari/537.36 (compatible; Googlebot/2.1; +http://www.google.com/bot.html)"
192.178.6.35 - - [14/Mar/2026:13:17:19 +0100] "GET /58ar1082599-colour.html HTTP/1.1" 200 25097 "-" "Mozilla/5.0 (Linux; Android 6.0.1; Nexus 5X Build/MMB29P) AppleWebKit/537.36 (KHTML, like Gecko) Chrome/145.0.7632.116 Mobile Safari/537.36 (compatible; Googlebot/2.1; +http://www.google.com/bot.html)"
192.178.6.35 - - [14/Mar/2026:13:17:29 +0100] "GET /?item/detail/22621562362 HTTP/1.1" 200 25496 "-" "Mozilla/5.0 (Linux; Android 6.0.1; Nexus 5X Build/MMB29P) AppleWebKit/537.36 (KHTML, like Gecko) Chrome/145.0.7632.116 Mobile Safari/537.36 (compatible; Googlebot/2.1; +http://www.google.com/bot.html)"
192.178.6.35 - - [14/Mar/2026:13:17:40 +0100] "GET /?item/detail/22611239908 HTTP/1.1" 200 24410 "-" "Mozilla/5.0 (Linux; Android 6.0.1; Nexus 5X Build/MMB29P) AppleWebKit/537.36 (KHTML, like Gecko) Chrome/145.0.7632.116 Mobile Safari/537.36 (compatible; Googlebot/2.1; +http://www.google.com/bot.html)"
192.178.6.35 - - [14/Mar/2026:13:12:58 +0100] "GET /shop/customer/bookmark.php?item/detail/22642837498 HTTP/1.1" 200 24799 "-" "Mozilla/5.0 (Linux; Android 6.0.1; Nexus 5X Build/MMB29P) AppleWebKit/537.36 (KHTML, like Gecko) Chrome/145.0.7632.116 Mobile Safari/537.36 (compatible; Googlebot/2.1; +http://www.google.com/bot.html)"
192.178.6.36 - - [14/Mar/2026:13:14:02 +0100] "GET /?item/detail/22642821547 HTTP/1.1" 200 24946 "-" "Mozilla/5.0 (Linux; Android 6.0.1; Nexus 5X Build/MMB29P) AppleWebKit/537.36 (KHTML, like Gecko) Chrome/145.0.7632.116 Mobile Safari/537.36 (compatible; Googlebot/2.1; +http://www.google.com/bot.html)"
192.178.6.35 - - [14/Mar/2026:13:14:07 +0100] "GET /53ar581957-colour.html HTTP/1.1" 200 25876 "-" "Mozilla/5.0 (Linux; Android 6.0.1; Nexus 5X Build/MMB29P) AppleWebKit/537.36 (KHTML, like Gecko) Chrome/145.0.7632.116 Mobile Safari/537.36 (compatible; Googlebot/2.1; +http://www.google.com/bot.html)"
192.178.6.35 - - [14/Mar/2026:13:14:14 +0100] "GET /53ar275256-colour.html HTTP/1.1" 200 25124 "-" "Mozilla/5.0 (Linux; Android 6.0.1; Nexus 5X Build/MMB29P) AppleWebKit/537.36 (KHTML, like Gecko) Chrome/145.0.7632.116 Mobile Safari/537.36 (compatible; Googlebot/2.1; +http://www.google.com/bot.html)"
192.178.6.35 - - [14/Mar/2026:13:14:22 +0100] "GET /?item/detail/2260638290 HTTP/1.1" 200 24331 "-" "Mozilla/5.0 (Linux; Android 6.0.1; Nexus 5X Build/MMB29P) AppleWebKit/537.36 (KHTML, like Gecko) Chrome/145.0.7632.116 Mobile Safari/537.36 (compatible; Googlebot/2.1; +http://www.google.com/bot.html)"
192.178.6.35 - - [14/Mar/2026:13:14:31 +0100] "GET /?item/detail/22611407328 HTTP/1.1" 200 24152 "-" "Mozilla/5.0 (Linux; Android 6.0.1; Nexus 5X Build/MMB29P) AppleWebKit/537.36 (KHTML, like Gecko) Chrome/145.0.7632.116 Mobile Safari/537.36 (compatible; Googlebot/2.1; +http://www.google.com/bot.html)"
207.46.13.6 - - [14/Mar/2026:13:14:44 +0100] "GET /item/detail/22621834466 HTTP/2" 200 25178 "-" "Mozilla/5.0 AppleWebKit/537.36 (KHTML, like Gecko; compatible; bingbot/2.0; +http://www.bing.com/bingbot.htm) Chrome/116.0.1938.76 Safari/537.36"
192.178.6.36 - - [14/Mar/2026:13:14:53 +0100] "GET /?item/detail/2259392872 HTTP/1.1" 200 25010 "-" "Mozilla/5.0 (Linux; Android 6.0.1; Nexus 5X Build/MMB29P) AppleWebKit/537.36 (KHTML, like Gecko) Chrome/145.0.7632.116 Mobile Safari/537.36 (compatible; Googlebot/2.1; +http://www.google.com/bot.html)"
74.7.227.150 - - [14/Mar/2026:13:15:48 +0100] "GET /item/detail/226350379821 HTTP/2" 500 20 "https://www.armaneco.co.uk/sitemap_index.xml" "Mozilla/5.0 AppleWebKit/537.36 (KHTML, like Gecko; compatible; GPTBot/1.3; +https://openai.com/gptbot)"
40.77.167.52 - - [14/Mar/2026:13:15:58 +0100] "GET /item/detail/22611324636 HTTP/2" 200 24944 "-" "Mozilla/5.0 AppleWebKit/537.36 (KHTML, like Gecko; compatible; bingbot/2.0; +http://www.bing.com/bingbot.htm) Chrome/116.0.1938.76 Safari/537.36"
207.46.13.6 - - [14/Mar/2026:13:17:35 +0100] "GET /item/detail/22611457544 HTTP/2" 200 26627 "-" "Mozilla/5.0 AppleWebKit/537.36 (KHTML, like Gecko; compatible; bingbot/2.0; +http://www.bing.com/bingbot.htm) Chrome/116.0.1938.76 Safari/537.36"
192.178.6.35 - - [14/Mar/2026:13:17:44 +0100] "GET /53ar344513-colour.html HTTP/1.1" 200 24874 "-" "Mozilla/5.0 (Linux; Android 6.0.1; Nexus 5X Build/MMB29P) AppleWebKit/537.36 (KHTML, like Gecko) Chrome/145.0.7632.116 Mobile Safari/537.36 (compatible; Googlebot/2.1; +http://www.google.com/bot.html)"
74.7.227.150 - - [14/Mar/2026:13:17:55 +0100] "GET /item/detail/226146339448 HTTP/2" 500 20 "https://www.armaneco.co.uk/sitemap_index.xml" "Mozilla/5.0 AppleWebKit/537.36 (KHTML, like Gecko; compatible; GPTBot/1.3; +https://openai.com/gptbot)"
40.77.167.52 - - [14/Mar/2026:13:17:49 +0100] "GET /item/detail/22611062810 HTTP/2" 200 24659 "-" "Mozilla/5.0 AppleWebKit/537.36 (KHTML, like Gecko; compatible; bingbot/2.0; +http://www.bing.com/bingbot.htm) Chrome/116.0.1938.76 Safari/537.36"
207.46.13.6 - - [14/Mar/2026:13:17:55 +0100] "GET /item/detail/22621693822 HTTP/2" 200 24277 "-" "Mozilla/5.0 AppleWebKit/537.36 (KHTML, like Gecko; compatible; bingbot/2.0; +http://www.bing.com/bingbot.htm) Chrome/116.0.1938.76 Safari/537.36"
52.167.144.174 - - [14/Mar/2026:13:18:11 +0100] "GET /item/detail/22621696549 HTTP/2" 200 24335 "-" "Mozilla/5.0 AppleWebKit/537.36 (KHTML, like Gecko; compatible; bingbot/2.0; +http://www.bing.com/bingbot.htm) Chrome/116.0.1938.76 Safari/537.36"
192.178.6.36 - - [14/Mar/2026:13:18:12 +0100] "GET /24ar3963580-colour.html HTTP/1.1" 200 26038 "-" "Mozilla/5.0 (Linux; Android 6.0.1; Nexus 5X Build/MMB29P) AppleWebKit/537.36 (KHTML, like Gecko) Chrome/145.0.7632.116 Mobile Safari/537.36 (compatible; Googlebot/2.1; +http://www.google.com/bot.html)"
207.46.13.6 - - [14/Mar/2026:13:18:15 +0100] "GET /item/detail/2260974954 HTTP/2" 200 24164 "-" "Mozilla/5.0 AppleWebKit/537.36 (KHTML, like Gecko; compatible; bingbot/2.0; +http://www.bing.com/bingbot.htm) Chrome/116.0.1938.76 Safari/537.36"
192.178.6.35 - - [14/Mar/2026:13:18:16 +0100] "GET /?item/detail/2260618050 HTTP/1.1" 200 24364 "-" "Mozilla/5.0 (Linux; Android 6.0.1; Nexus 5X Build/MMB29P) AppleWebKit/537.36 (KHTML, like Gecko) Chrome/145.0.7632.116 Mobile Safari/537.36 (compatible; Googlebot/2.1; +http://www.google.com/bot.html)"
40.77.167.52 - - [14/Mar/2026:13:18:20 +0100] "GET /item/detail/2260907242 HTTP/2" 200 26301 "-" "Mozilla/5.0 AppleWebKit/537.36 (KHTML, like Gecko; compatible; bingbot/2.0; +http://www.bing.com/bingbot.htm) Chrome/116.0.1938.76 Safari/537.36"
192.178.6.35 - - [14/Mar/2026:13:18:25 +0100] "GET /?item/detail/22621542404 HTTP/1.1" 200 25900 "-" "Mozilla/5.0 (Linux; Android 6.0.1; Nexus 5X Build/MMB29P) AppleWebKit/537.36 (KHTML, like Gecko) Chrome/145.0.7632.116 Mobile Safari/537.36 (compatible; Googlebot/2.1; +http://www.google.com/bot.html)"
52.167.144.174 - - [14/Mar/2026:13:18:29 +0100] "GET /item/detail/22632107152 HTTP/2" 200 26088 "-" "Mozilla/5.0 AppleWebKit/537.36 (KHTML, like Gecko; compatible; bingbot/2.0; +http://www.bing.com/bingbot.htm) Chrome/116.0.1938.76 Safari/537.36"
192.178.6.35 - - [14/Mar/2026:13:18:36 +0100] "GET /?item/detail/22632121021 HTTP/1.1" 200 24219 "-" "Mozilla/5.0 (Linux; Android 6.0.1; Nexus 5X Build/MMB29P) AppleWebKit/537.36 (KHTML, like Gecko) Chrome/145.0.7632.116 Mobile Safari/537.36 (compatible; Googlebot/2.1; +http://www.google.com/bot.html)"
207.46.13.6 - - [14/Mar/2026:13:18:36 +0100] "GET /55ar51359-colour.html HTTP/2" 200 25231 "-" "Mozilla/5.0 AppleWebKit/537.36 (KHTML, like Gecko; compatible; bingbot/2.0; +http://www.bing.com/bingbot.htm) Chrome/116.0.1938.76 Safari/537.36"
192.178.6.35 - - [14/Mar/2026:13:18:46 +0100] "GET /24ar1020655-colour.html HTTP/1.1" 200 24629 "-" "Mozilla/5.0 (Linux; Android 6.0.1; Nexus 5X Build/MMB29P) AppleWebKit/537.36 (KHTML, like Gecko) Chrome/145.0.7632.116 Mobile Safari/537.36 (compatible; Googlebot/2.1; +http://www.google.com/bot.html)"
192.178.6.35 - - [14/Mar/2026:13:17:51 +0100] "GET /?item/detail/22611353344 HTTP/1.1" 200 24770 "-" "Mozilla/5.0 (Linux; Android 6.0.1; Nexus 5X Build/MMB29P) AppleWebKit/537.36 (KHTML, like Gecko) Chrome/145.0.7632.116 Mobile Safari/537.36 (compatible; Googlebot/2.1; +http://www.google.com/bot.html)"
192.178.6.36 - - [14/Mar/2026:13:17:55 +0100] "GET /?item/detail/22621737651 HTTP/1.1" 200 25065 "-" "Mozilla/5.0 (Linux; Android 6.0.1; Nexus 5X Build/MMB29P) AppleWebKit/537.36 (KHTML, like Gecko) Chrome/145.0.7632.116 Mobile Safari/537.36 (compatible; Googlebot/2.1; +http://www.google.com/bot.html)"
192.178.6.35 - - [14/Mar/2026:13:18:01 +0100] "GET /?item/detail/2260902354 HTTP/1.1" 200 26448 "-" "Mozilla/5.0 (Linux; Android 6.0.1; Nexus 5X Build/MMB29P) AppleWebKit/537.36 (KHTML, like Gecko) Chrome/145.0.7632.116 Mobile Safari/537.36 (compatible; Googlebot/2.1; +http://www.google.com/bot.html)"
192.178.6.36 - - [14/Mar/2026:13:18:05 +0100] "GET /?item/detail/22621598968 HTTP/1.1" 200 24527 "-" "Mozilla/5.0 (Linux; Android 6.0.1; Nexus 5X Build/MMB29P) AppleWebKit/537.36 (KHTML, like Gecko) Chrome/145.0.7632.116 Mobile Safari/537.36 (compatible; Googlebot/2.1; +http://www.google.com/bot.html)"
192.178.6.35 - - [14/Mar/2026:13:18:22 +0100] "GET /?item/detail/22632092269 HTTP/1.1" 200 24601 "-" "Mozilla/5.0 (Linux; Android 6.0.1; Nexus 5X Build/MMB29P) AppleWebKit/537.36 (KHTML, like Gecko) Chrome/145.0.7632.116 Mobile Safari/537.36 (compatible; Googlebot/2.1; +http://www.google.com/bot.html)"
192.178.6.35 - - [14/Mar/2026:13:18:32 +0100] "GET /?item/detail/22611354013 HTTP/1.1" 200 24115 "-" "Mozilla/5.0 (Linux; Android 6.0.1; Nexus 5X Build/MMB29P) AppleWebKit/537.36 (KHTML, like Gecko) Chrome/145.0.7632.116 Mobile Safari/537.36 (compatible; Googlebot/2.1; +http://www.google.com/bot.html)"
192.178.6.35 - - [14/Mar/2026:13:18:42 +0100] "GET /?item/detail/22642718329 HTTP/1.1" 200 26387 "-" "Mozilla/5.0 (Linux; Android 6.0.1; Nexus 5X Build/MMB29P) AppleWebKit/537.36 (KHTML, like Gecko) Chrome/145.0.7632.116 Mobile Safari/537.36 (compatible; Googlebot/2.1; +http://www.google.com/bot.html)"
192.178.6.35 - - [14/Mar/2026:13:18:53 +0100] "GET /?item/detail/2259211311 HTTP/1.1" 200 24466 "-" "Mozilla/5.0 (Linux; Android 6.0.1; Nexus 5X Build/MMB29P) AppleWebKit/537.36 (KHTML, like Gecko) Chrome/145.0.7632.116 Mobile Safari/537.36 (compatible; Googlebot/2.1; +http://www.google.com/bot.html)"
192.178.6.36 - - [14/Mar/2026:13:18:56 +0100] "GET /?item/detail/22632215203 HTTP/1.1" 200 25369 "-" "Mozilla/5.0 (Linux; Android 6.0.1; Nexus 5X Build/MMB29P) AppleWebKit/537.36 (KHTML, like Gecko) Chrome/145.0.7632.116 Mobile Safari/537.36 (compatible; Googlebot/2.1; +http://www.google.com/bot.html)"
192.178.6.36 - - [14/Mar/2026:13:19:03 +0100] "GET /?item/detail/22611378552 HTTP/1.1" 200 24450 "-" "Mozilla/5.0 (Linux; Android 6.0.1; Nexus 5X Build/MMB29P) AppleWebKit/537.36 (KHTML, like Gecko) Chrome/145.0.7632.116 Mobile Safari/537.36 (compatible; Googlebot/2.1; +http://www.google.com/bot.html)"
192.178.6.37 - - [14/Mar/2026:13:19:06 +0100] "GET /24ar4707964-colour.html HTTP/1.1" 200 24828 "-" "Mozilla/5.0 (Linux; Android 6.0.1; Nexus 5X Build/MMB29P) AppleWebKit/537.36 (KHTML, like Gecko) Chrome/145.0.7632.116 Mobile Safari/537.36 (compatible; Googlebot/2.1; +http://www.google.com/bot.html)"
192.178.6.36 - - [14/Mar/2026:13:19:12 +0100] "GET /?item/detail/22632403957 HTTP/1.1" 200 24594 "-" "Mozilla/5.0 (Linux; Android 6.0.1; Nexus 5X Build/MMB29P) AppleWebKit/537.36 (KHTML, like Gecko) Chrome/145.0.7632.116 Mobile Safari/537.36 (compatible; Googlebot/2.1; +http://www.google.com/bot.html)"
192.178.6.36 - - [14/Mar/2026:13:19:16 +0100] "GET /?item/detail/22621857646 HTTP/1.1" 200 25233 "-" "Mozilla/5.0 (Linux; Android 6.0.1; Nexus 5X Build/MMB29P) AppleWebKit/537.36 (KHTML, like Gecko) Chrome/145.0.7632.116 Mobile Safari/537.36 (compatible; Googlebot/2.1; +http://www.google.com/bot.html)"
192.178.6.35 - - [14/Mar/2026:13:19:22 +0100] "GET /?item/detail/22642745014 HTTP/1.1" 200 25929 "-" "Mozilla/5.0 (Linux; Android 6.0.1; Nexus 5X Build/MMB29P) AppleWebKit/537.36 (KHTML, like Gecko) Chrome/145.0.7632.116 Mobile Safari/537.36 (compatible; Googlebot/2.1; +http://www.google.com/bot.html)"
192.178.6.35 - - [14/Mar/2026:13:19:25 +0100] "GET /?item/detail/22632010994 HTTP/1.1" 200 24736 "-" "Mozilla/5.0 (Linux; Android 6.0.1; Nexus 5X Build/MMB29P) AppleWebKit/537.36 (KHTML, like Gecko) Chrome/145.0.7632.116 Mobile Safari/537.36 (compatible; Googlebot/2.1; +http://www.google.com/bot.html)"
192.178.6.35 - - [14/Mar/2026:13:19:31 +0100] "GET /24ar4479307-colour.html HTTP/1.1" 200 25861 "-" "Mozilla/5.0 (Linux; Android 6.0.1; Nexus 5X Build/MMB29P) AppleWebKit/537.36 (KHTML, like Gecko) Chrome/145.0.7632.116 Mobile Safari/537.36 (compatible; Googlebot/2.1; +http://www.google.com/bot.html)"
192.178.6.35 - - [14/Mar/2026:13:19:35 +0100] "GET /?item/detail/22621517308 HTTP/1.1" 200 24467 "-" "Mozilla/5.0 (Linux; Android 6.0.1; Nexus 5X Build/MMB29P) AppleWebKit/537.36 (KHTML, like Gecko) Chrome/145.0.7632.116 Mobile Safari/537.36 (compatible; Googlebot/2.1; +http://www.google.com/bot.html)"
192.178.6.35 - - [14/Mar/2026:13:19:40 +0100] "GET /?item/detail/22621996804 HTTP/1.1" 200 26497 "-" "Mozilla/5.0 (Linux; Android 6.0.1; Nexus 5X Build/MMB29P) AppleWebKit/537.36 (KHTML, like Gecko) Chrome/145.0.7632.116 Mobile Safari/537.36 (compatible; Googlebot/2.1; +http://www.google.com/bot.html)"
192.178.6.35 - - [14/Mar/2026:13:19:44 +0100] "GET /?item/detail/22621646878 HTTP/1.1" 200 24475 "-" "Mozilla/5.0 (Linux; Android 6.0.1; Nexus 5X Build/MMB29P) AppleWebKit/537.36 (KHTML, like Gecko) Chrome/145.0.7632.116 Mobile Safari/537.36 (compatible; Googlebot/2.1; +http://www.google.com/bot.html)"
192.178.6.35 - - [14/Mar/2026:13:19:50 +0100] "GET /53ar35808-colour.html HTTP/1.1" 200 25015 "-" "Mozilla/5.0 (Linux; Android 6.0.1; Nexus 5X Build/MMB29P) AppleWebKit/537.36 (KHTML, like Gecko) Chrome/145.0.7632.116 Mobile Safari/537.36 (compatible; Googlebot/2.1; +http://www.google.com/bot.html)"
5.161.211.171 - - [14/Mar/2026:13:19:55 +0100] "GET /item/detail/22632394873 HTTP/1.1" 500 20 "-" "Mozilla/5.0 (Windows NT 10.0; Win64; x64) AppleWebKit/537.36 (KHTML, like Gecko) Chrome/84.0.4147.105 Safari/537.36"
178.156.235.72 - - [14/Mar/2026:13:19:55 +0100] "GET /item/detail/22611153255 HTTP/1.1" 500 20 "-" "Mozilla/5.0 (Windows NT 10.0; Win64; x64) AppleWebKit/537.36 (KHTML, like Gecko) Chrome/84.0.4147.105 Safari/537.36"
178.156.235.72 - - [14/Mar/2026:13:19:55 +0100] "GET /item/detail/22642500189 HTTP/1.1" 500 20 "-" "Mozilla/5.0 (Windows NT 10.0; Win64; x64) AppleWebKit/537.36 (KHTML, like Gecko) Chrome/84.0.4147.105 Safari/537.36"
178.156.235.72 - - [14/Mar/2026:13:19:55 +0100] "GET /shop/pg/446956 HTTP/1.1" 500 20 "-" "Mozilla/5.0 (Windows NT 10.0; Win64; x64) AppleWebKit/537.36 (KHTML, like Gecko) Chrome/84.0.4147.105 Safari/537.36"
178.156.252.38 - - [14/Mar/2026:13:19:55 +0100] "GET /item/detail/22642601983 HTTP/1.1" 500 20 "-" "Mozilla/5.0 (Windows NT 10.0; Win64; x64) AppleWebKit/537.36 (KHTML, like Gecko) Chrome/84.0.4147.105 Safari/537.36"
178.156.252.38 - - [14/Mar/2026:13:19:55 +0100] "GET /item/detail/2259498810 HTTP/1.1" 500 20 "-" "Mozilla/5.0 (Windows NT 10.0; Win64; x64) AppleWebKit/537.36 (KHTML, like Gecko) Chrome/84.0.4147.105 Safari/537.36"
192.178.6.35 - - [14/Mar/2026:13:19:53 +0100] "GET /?item/detail/22611457327 HTTP/1.1" 200 24951 "-" "Mozilla/5.0 (Linux; Android 6.0.1; Nexus 5X Build/MMB29P) AppleWebKit/537.36 (KHTML, like Gecko) Chrome/145.0.7632.116 Mobile Safari/537.36 (compatible; Googlebot/2.1; +http://www.google.com/bot.html)"
192.178.6.35 - - [14/Mar/2026:13:19:59 +0100] "GET /?item/detail/22621695474 HTTP/1.1" 200 24883 "-" "Mozilla/5.0 (Linux; Android 6.0.1; Nexus 5X Build/MMB29P) AppleWebKit/537.36 (KHTML, like Gecko) Chrome/145.0.7632.159 Mobile Safari/537.36 (compatible; Googlebot/2.1; +http://www.google.com/bot.html)"
192.178.6.35 - - [14/Mar/2026:13:15:43 +0100] "GET /?item/detail/22621755474 HTTP/1.1" 200 25554 "-" "Mozilla/5.0 (Linux; Android 6.0.1; Nexus 5X Build/MMB29P) AppleWebKit/537.36 (KHTML, like Gecko) Chrome/145.0.7632.116 Mobile Safari/537.36 (compatible; Googlebot/2.1; +http://www.google.com/bot.html)"
52.167.144.174 - - [14/Mar/2026:13:15:48 +0100] "GET /item/detail/22621837808 HTTP/2" 200 25764 "-" "Mozilla/5.0 AppleWebKit/537.36 (KHTML, like Gecko; compatible; bingbot/2.0; +http://www.bing.com/bingbot.htm) Chrome/116.0.1938.76 Safari/537.36"
192.178.6.36 - - [14/Mar/2026:13:15:49 +0100] "GET /53ar344936-colour.html HTTP/1.1" 200 24395 "-" "Mozilla/5.0 (Linux; Android 6.0.1; Nexus 5X Build/MMB29P) AppleWebKit/537.36 (KHTML, like Gecko) Chrome/145.0.7632.116 Mobile Safari/537.36 (compatible; Googlebot/2.1; +http://www.google.com/bot.html)"
192.178.6.35 - - [14/Mar/2026:13:15:54 +0100] "GET /?item/detail/22642793008 HTTP/1.1" 200 24809 "-" "Mozilla/5.0 (Linux; Android 6.0.1; Nexus 5X Build/MMB29P) AppleWebKit/537.36 (KHTML, like Gecko) Chrome/145.0.7632.116 Mobile Safari/537.36 (compatible; Googlebot/2.1; +http://www.google.com/bot.html)"
207.46.13.6 - - [14/Mar/2026:13:15:55 +0100] "GET /item/detail/22621858831 HTTP/2" 200 24637 "-" "Mozilla/5.0 AppleWebKit/537.36 (KHTML, like Gecko; compatible; bingbot/2.0; +http://www.bing.com/bingbot.htm) Chrome/116.0.1938.76 Safari/537.36"
52.167.144.174 - - [14/Mar/2026:13:15:57 +0100] "GET /item/detail/22611103093 HTTP/2" 200 24263 "-" "Mozilla/5.0 AppleWebKit/537.36 (KHTML, like Gecko; compatible; bingbot/2.0; +http://www.bing.com/bingbot.htm) Chrome/116.0.1938.76 Safari/537.36"
192.178.6.35 - - [14/Mar/2026:13:20:02 +0100] "GET /?item/detail/2260934095 HTTP/1.1" 200 25759 "-" "Mozilla/5.0 (Linux; Android 6.0.1; Nexus 5X Build/MMB29P) AppleWebKit/537.36 (KHTML, like Gecko) Chrome/145.0.7632.116 Mobile Safari/537.36 (compatible; Googlebot/2.1; +http://www.google.com/bot.html)"
192.178.6.35 - - [14/Mar/2026:13:20:09 +0100] "GET /?item/detail/22611164321 HTTP/1.1" 200 25412 "-" "Mozilla/5.0 (Linux; Android 6.0.1; Nexus 5X Build/MMB29P) AppleWebKit/537.36 (KHTML, like Gecko) Chrome/145.0.7632.116 Mobile Safari/537.36 (compatible; Googlebot/2.1; +http://www.google.com/bot.html)"
192.178.6.35 - - [14/Mar/2026:13:20:11 +0100] "GET /?item/detail/22632036546 HTTP/1.1" 200 24375 "-" "Mozilla/5.0 (Linux; Android 6.0.1; Nexus 5X Build/MMB29P) AppleWebKit/537.36 (KHTML, like Gecko) Chrome/145.0.7632.116 Mobile Safari/537.36 (compatible; Googlebot/2.1; +http://www.google.com/bot.html)"
192.178.6.35 - - [14/Mar/2026:13:20:18 +0100] "GET /24ar47123-colour.html HTTP/1.1" 200 25393 "-" "Mozilla/5.0 (Linux; Android 6.0.1; Nexus 5X Build/MMB29P) AppleWebKit/537.36 (KHTML, like Gecko) Chrome/145.0.7632.116 Mobile Safari/537.36 (compatible; Googlebot/2.1; +http://www.google.com/bot.html)"
192.178.6.35 - - [14/Mar/2026:13:20:20 +0100] "GET /?item/detail/22621809419 HTTP/1.1" 200 25449 "-" "Mozilla/5.0 (Linux; Android 6.0.1; Nexus 5X Build/MMB29P) AppleWebKit/537.36 (KHTML, like Gecko) Chrome/145.0.7632.116 Mobile Safari/537.36 (compatible; Googlebot/2.1; +http://www.google.com/bot.html)"
192.178.6.35 - - [14/Mar/2026:13:20:27 +0100] "GET /?item/detail/22642710111 HTTP/1.1" 200 24858 "-" "Mozilla/5.0 (Linux; Android 6.0.1; Nexus 5X Build/MMB29P) AppleWebKit/537.36 (KHTML, like Gecko) Chrome/145.0.7632.116 Mobile Safari/537.36 (compatible; Googlebot/2.1; +http://www.google.com/bot.html)"
192.178.6.35 - - [14/Mar/2026:13:20:29 +0100] "GET /?item/detail/2259493544 HTTP/1.1" 200 26208 "-" "Mozilla/5.0 (Linux; Android 6.0.1; Nexus 5X Build/MMB29P) AppleWebKit/537.36 (KHTML, like Gecko) Chrome/145.0.7632.116 Mobile Safari/537.36 (compatible; Googlebot/2.1; +http://www.google.com/bot.html)"
207.46.13.6 - - [14/Mar/2026:13:20:34 +0100] "GET /item/detail/22642655193 HTTP/2" 200 24481 "-" "Mozilla/5.0 AppleWebKit/537.36 (KHTML, like Gecko; compatible; bingbot/2.0; +http://www.bing.com/bingbot.htm) Chrome/116.0.1938.76 Safari/537.36"
192.178.6.35 - - [14/Mar/2026:13:20:36 +0100] "GET /53ar449209-colour.html HTTP/1.1" 200 25409 "-" "Mozilla/5.0 (Linux; Android 6.0.1; Nexus 5X Build/MMB29P) AppleWebKit/537.36 (KHTML, like Gecko) Chrome/145.0.7632.116 Mobile Safari/537.36 (compatible; Googlebot/2.1; +http://www.google.com/bot.html)"
192.178.6.35 - - [14/Mar/2026:13:20:38 +0100] "GET /?item/detail/22621656460 HTTP/1.1" 200 24455 "-" "Mozilla/5.0 (Linux; Android 6.0.1; Nexus 5X Build/MMB29P) AppleWebKit/537.36 (KHTML, like Gecko) Chrome/145.0.7632.116 Mobile Safari/537.36 (compatible; Googlebot/2.1; +http://www.google.com/bot.html)"
192.178.6.35 - - [14/Mar/2026:13:20:44 +0100] "GET /?item/detail/22642811471 HTTP/1.1" 200 24344 "-" "Mozilla/5.0 (Linux; Android 6.0.1; Nexus 5X Build/MMB29P) AppleWebKit/537.36 (KHTML, like Gecko) Chrome/145.0.7632.116 Mobile Safari/537.36 (compatible; Googlebot/2.1; +http://www.google.com/bot.html)"
192.178.6.36 - - [14/Mar/2026:13:20:47 +0100] "GET /?item/detail/2259365020 HTTP/1.1" 200 24717 "-" "Mozilla/5.0 (Linux; Android 6.0.1; Nexus 5X Build/MMB29P) AppleWebKit/537.36 (KHTML, like Gecko) Chrome/145.0.7632.116 Mobile Safari/537.36 (compatible; Googlebot/2.1; +http://www.google.com/bot.html)"
192.178.6.36 - - [14/Mar/2026:13:20:54 +0100] "GET /?item/detail/22621940726 HTTP/1.1" 200 24938 "-" "Mozilla/5.0 (Linux; Android 6.0.1; Nexus 5X Build/MMB29P) AppleWebKit/537.36 (KHTML, like Gecko) Chrome/145.0.7632.116 Mobile Safari/537.36 (compatible; Googlebot/2.1; +http://www.google.com/bot.html)"
74.7.227.150 - - [14/Mar/2026:13:18:57 +0100] "GET /item/detail/226249553684 HTTP/2" 500 20 "https://www.armaneco.co.uk/sitemap_index.xml" "Mozilla/5.0 AppleWebKit/537.36 (KHTML, like Gecko; compatible; GPTBot/1.3; +https://openai.com/gptbot)"
207.46.13.6 - - [14/Mar/2026:13:18:56 +0100] "GET /item/detail/22642733110 HTTP/2" 200 24549 "-" "Mozilla/5.0 AppleWebKit/537.36 (KHTML, like Gecko; compatible; bingbot/2.0; +http://www.bing.com/bingbot.htm) Chrome/116.0.1938.76 Safari/537.36"
207.46.13.6 - - [14/Mar/2026:13:19:06 +0100] "GET /item/detail/22642530588 HTTP/2" 200 24624 "-" "Mozilla/5.0 AppleWebKit/537.36 (KHTML, like Gecko; compatible; bingbot/2.0; +http://www.bing.com/bingbot.htm) Chrome/116.0.1938.76 Safari/537.36"
207.46.13.6 - - [14/Mar/2026:13:19:44 +0100] "GET /item/detail/22611222164 HTTP/2" 200 24442 "-" "Mozilla/5.0 AppleWebKit/537.36 (KHTML, like Gecko; compatible; bingbot/2.0; +http://www.bing.com/bingbot.htm) Chrome/116.0.1938.76 Safari/537.36"
40.77.167.52 - - [14/Mar/2026:13:19:48 +0100] "GET /24ar6501-1200-lumen-bike-light.html HTTP/2" 200 24811 "-" "Mozilla/5.0 AppleWebKit/537.36 (KHTML, like Gecko; compatible; bingbot/2.0; +http://www.bing.com/bingbot.htm) Chrome/116.0.1938.76 Safari/537.36"
74.7.227.150 - - [14/Mar/2026:13:19:59 +0100] "GET /item/detail/226447882096 HTTP/2" 500 20 "https://www.armaneco.co.uk/sitemap_index.xml" "Mozilla/5.0 AppleWebKit/537.36 (KHTML, like Gecko; compatible; GPTBot/1.3; +https://openai.com/gptbot)"
5.161.211.171 - - [14/Mar/2026:13:19:55 +0100] "GET /item/detail/22611107688 HTTP/1.1" 500 20 "-" "Mozilla/5.0 (Windows NT 10.0; Win64; x64) AppleWebKit/537.36 (KHTML, like Gecko) Chrome/84.0.4147.105 Safari/537.36"
5.161.211.171 - - [14/Mar/2026:13:19:55 +0100] "GET /item/detail/2259157210 HTTP/1.1" 500 20 "-" "Mozilla/5.0 (Windows NT 10.0; Win64; x64) AppleWebKit/537.36 (KHTML, like Gecko) Chrome/84.0.4147.105 Safari/537.36"
178.156.235.72 - - [14/Mar/2026:13:19:55 +0100] "GET /category/22631000602 HTTP/1.1" 500 20 "-" "Mozilla/5.0 (Windows NT 10.0; Win64; x64) AppleWebKit/537.36 (KHTML, like Gecko) Chrome/84.0.4147.105 Safari/537.36"
207.46.13.6 - - [14/Mar/2026:13:20:04 +0100] "GET /item/detail/22642504398 HTTP/2" 200 25958 "-" "Mozilla/5.0 AppleWebKit/537.36 (KHTML, like Gecko; compatible; bingbot/2.0; +http://www.bing.com/bingbot.htm) Chrome/116.0.1938.76 Safari/537.36"
40.77.167.52 - - [14/Mar/2026:13:20:08 +0100] "GET /item/detail/22611193770 HTTP/2" 200 24965 "-" "Mozilla/5.0 AppleWebKit/537.36 (KHTML, like Gecko; compatible; bingbot/2.0; +http://www.bing.com/bingbot.htm) Chrome/116.0.1938.76 Safari/537.36"
192.178.6.35 - - [14/Mar/2026:13:21:09 +0100] "GET /?item/detail/22642792494 HTTP/1.1" 200 25073 "-" "Mozilla/5.0 (Linux; Android 6.0.1; Nexus 5X Build/MMB29P) AppleWebKit/537.36 (KHTML, like Gecko) Chrome/145.0.7632.116 Mobile Safari/537.36 (compatible; Googlebot/2.1; +http://www.google.com/bot.html)"
192.178.6.35 - - [14/Mar/2026:13:21:20 +0100] "GET /53ar53375-colour.html HTTP/1.1" 200 24251 "-" "Mozilla/5.0 (Linux; Android 6.0.1; Nexus 5X Build/MMB29P) AppleWebKit/537.36 (KHTML, like Gecko) Chrome/145.0.7632.116 Mobile Safari/537.36 (compatible; Googlebot/2.1; +http://www.google.com/bot.html)"
40.77.167.52 - - [14/Mar/2026:13:21:26 +0100] "GET /item/detail/22621549620 HTTP/2" 200 25264 "-" "Mozilla/5.0 AppleWebKit/537.36 (KHTML, like Gecko; compatible; bingbot/2.0; +http://www.bing.com/bingbot.htm) Chrome/116.0.1938.76 Safari/537.36"
192.178.6.35 - - [14/Mar/2026:13:21:31 +0100] "GET /?item/detail/22632398687 HTTP/1.1" 200 24694 "-" "Mozilla/5.0 (Linux; Android 6.0.1; Nexus 5X Build/MMB29P) AppleWebKit/537.36 (KHTML, like Gecko) Chrome/145.0.7632.116 Mobile Safari/537.36 (compatible; Googlebot/2.1; +http://www.google.com/bot.html)"
40.77.167.52 - - [14/Mar/2026:13:21:35 +0100] "GET /24ar3827985-colour.html HTTP/2" 200 25375 "-" "Mozilla/5.0 AppleWebKit/537.36 (KHTML, like Gecko; compatible; bingbot/2.0; +http://www.bing.com/bingbot.htm) Chrome/116.0.1938.76 Safari/537.36"
74.7.227.150 - - [14/Mar/2026:13:21:04 +0100] "GET /item/detail/225948398789 HTTP/2" 500 20 "https://www.armaneco.co.uk/sitemap_index.xml" "Mozilla/5.0 AppleWebKit/537.36 (KHTML, like Gecko; compatible; GPTBot/1.3; +https://openai.com/gptbot)"
192.178.6.36 - - [14/Mar/2026:13:20:58 +0100] "GET /53ar126898-colour.html HTTP/1.1" 200 25162 "-" "Mozilla/5.0 (Linux; Android 6.0.1; Nexus 5X Build/MMB29P) AppleWebKit/537.36 (KHTML, like Gecko) Chrome/145.0.7632.116 Mobile Safari/537.36 (compatible; Googlebot/2.1; +http://www.google.com/bot.html)"
192.178.6.35 - - [14/Mar/2026:13:21:04 +0100] "GET /?item/detail/22632307328 HTTP/1.1" 200 24413 "-" "Mozilla/5.0 (Linux; Android 6.0.1; Nexus 5X Build/MMB29P) AppleWebKit/537.36 (KHTML, like Gecko) Chrome/145.0.7632.116 Mobile Safari/537.36 (compatible; Googlebot/2.1; +http://www.google.com/bot.html)"
52.167.144.174 - - [14/Mar/2026:13:21:08 +0100] "GET /item/detail/22611498704 HTTP/2" 200 25130 "-" "Mozilla/5.0 AppleWebKit/537.36 (KHTML, like Gecko; compatible; bingbot/2.0; +http://www.bing.com/bingbot.htm) Chrome/116.0.1938.76 Safari/537.36"
192.178.6.35 - - [14/Mar/2026:13:21:15 +0100] "GET /?item/detail/22632039740 HTTP/1.1" 200 24639 "-" "Mozilla/5.0 (Linux; Android 6.0.1; Nexus 5X Build/MMB29P) AppleWebKit/537.36 (KHTML, like Gecko) Chrome/145.0.7632.116 Mobile Safari/537.36 (compatible; Googlebot/2.1; +http://www.google.com/bot.html)"
192.178.6.35 - - [14/Mar/2026:13:21:26 +0100] "GET /?item/detail/22611477596 HTTP/1.1" 200 25334 "-" "Mozilla/5.0 (Linux; Android 6.0.1; Nexus 5X Build/MMB29P) AppleWebKit/537.36 (KHTML, like Gecko) Chrome/145.0.7632.116 Mobile Safari/537.36 (compatible; Googlebot/2.1; +http://www.google.com/bot.html)"
52.167.144.174 - - [14/Mar/2026:13:21:30 +0100] "GET /item/detail/22621786586 HTTP/2" 200 24941 "-" "Mozilla/5.0 AppleWebKit/537.36 (KHTML, like Gecko; compatible; bingbot/2.0; +http://www.bing.com/bingbot.htm) Chrome/116.0.1938.76 Safari/537.36"
192.178.6.35 - - [14/Mar/2026:13:21:37 +0100] "GET /?item/detail/22611014598 HTTP/1.1" 200 24868 "-" "Mozilla/5.0 (Linux; Android 6.0.1; Nexus 5X Build/MMB29P) AppleWebKit/537.36 (KHTML, like Gecko) Chrome/145.0.7632.116 Mobile Safari/537.36 (compatible; Googlebot/2.1; +http://www.google.com/bot.html)"
192.178.6.35 - - [14/Mar/2026:13:21:48 +0100] "GET /53ar85321-colour.html HTTP/1.1" 200 24942 "-" "Mozilla/5.0 (Linux; Android 6.0.1; Nexus 5X Build/MMB29P) AppleWebKit/537.36 (KHTML, like Gecko) Chrome/145.0.7632.116 Mobile Safari/537.36 (compatible; Googlebot/2.1; +http://www.google.com/bot.html)"
52.167.144.174 - - [14/Mar/2026:13:21:48 +0100] "GET /item/detail/22632225260 HTTP/2" 200 25792 "-" "Mozilla/5.0 AppleWebKit/537.36 (KHTML, like Gecko; compatible; bingbot/2.0; +http://www.bing.com/bingbot.htm) Chrome/116.0.1938.76 Safari/537.36"
192.178.6.36 - - [14/Mar/2026:13:21:54 +0100] "GET /?item/detail/2259420314 HTTP/1.1" 200 24829 "-" "Mozilla/5.0 (Linux; Android 6.0.1; Nexus 5X Build/MMB29P) AppleWebKit/537.36 (KHTML, like Gecko) Chrome/145.0.7632.116 Mobile Safari/537.36 (compatible; Googlebot/2.1; +http://www.google.com/bot.html)"
40.77.167.52 - - [14/Mar/2026:13:21:57 +0100] "GET /item/detail/2259468804 HTTP/2" 200 24563 "-" "Mozilla/5.0 AppleWebKit/537.36 (KHTML, like Gecko; compatible; bingbot/2.0; +http://www.bing.com/bingbot.htm) Chrome/116.0.1938.76 Safari/537.36"
74.7.227.150 - - [14/Mar/2026:13:22:08 +0100] "GET /item/detail/225945103004 HTTP/2" 500 20 "https://www.armaneco.co.uk/sitemap_index.xml" "Mozilla/5.0 AppleWebKit/537.36 (KHTML, like Gecko; compatible; GPTBot/1.3; +https://openai.com/gptbot)"
192.178.6.35 - - [14/Mar/2026:13:22:14 +0100] "GET /24ar767798-colour.html HTTP/1.1" 200 24286 "-" "Mozilla/5.0 (Linux; Android 6.0.1; Nexus 5X Build/MMB29P) AppleWebKit/537.36 (KHTML, like Gecko) Chrome/145.0.7632.116 Mobile Safari/537.36 (compatible; Googlebot/2.1; +http://www.google.com/bot.html)"
192.178.6.35 - - [14/Mar/2026:13:22:23 +0100] "GET /?item/detail/22632199435 HTTP/1.1" 200 24769 "-" "Mozilla/5.0 (Linux; Android 6.0.1; Nexus 5X Build/MMB29P) AppleWebKit/537.36 (KHTML, like Gecko) Chrome/145.0.7632.116 Mobile Safari/537.36 (compatible; Googlebot/2.1; +http://www.google.com/bot.html)"
192.178.6.35 - - [14/Mar/2026:13:22:32 +0100] "GET /?item/detail/22611166881 HTTP/1.1" 200 25403 "-" "Mozilla/5.0 (Linux; Android 6.0.1; Nexus 5X Build/MMB29P) AppleWebKit/537.36 (KHTML, like Gecko) Chrome/145.0.7632.116 Mobile Safari/537.36 (compatible; Googlebot/2.1; +http://www.google.com/bot.html)"
192.178.6.35 - - [14/Mar/2026:13:22:37 +0100] "GET /?item/detail/22632425918 HTTP/1.1" 200 24561 "-" "Mozilla/5.0 (Linux; Android 6.0.1; Nexus 5X Build/MMB29P) AppleWebKit/537.36 (KHTML, like Gecko) Chrome/145.0.7632.116 Mobile Safari/537.36 (compatible; GoogleOther)"
192.178.6.35 - - [14/Mar/2026:13:22:42 +0100] "GET /?item/detail/22632444875 HTTP/1.1" 200 24391 "-" "Mozilla/5.0 (Linux; Android 6.0.1; Nexus 5X Build/MMB29P) AppleWebKit/537.36 (KHTML, like Gecko) Chrome/145.0.7632.116 Mobile Safari/537.36 (compatible; Googlebot/2.1; +http://www.google.com/bot.html)"
192.178.6.35 - - [14/Mar/2026:13:22:47 +0100] "GET /24ar1244899-colour.html HTTP/1.1" 200 25051 "-" "Mozilla/5.0 (Linux; Android 6.0.1; Nexus 5X Build/MMB29P) AppleWebKit/537.36 (KHTML, like Gecko) Chrome/145.0.7632.116 Mobile Safari/537.36 (compatible; Googlebot/2.1; +http://www.google.com/bot.html)"
192.178.6.35 - - [14/Mar/2026:13:22:52 +0100] "GET /?item/detail/2260521880 HTTP/1.1" 200 25655 "-" "Mozilla/5.0 (Linux; Android 6.0.1; Nexus 5X Build/MMB29P) AppleWebKit/537.36 (KHTML, like Gecko) Chrome/145.0.7632.116 Mobile Safari/537.36 (compatible; Googlebot/2.1; +http://www.google.com/bot.html)"
192.178.6.35 - - [14/Mar/2026:13:22:57 +0100] "GET /?item/detail/22632094305 HTTP/1.1" 200 24106 "-" "Mozilla/5.0 (Linux; Android 6.0.1; Nexus 5X Build/MMB29P) AppleWebKit/537.36 (KHTML, like Gecko) Chrome/145.0.7632.116 Mobile Safari/537.36 (compatible; Googlebot/2.1; +http://www.google.com/bot.html)"
74.7.227.150 - - [14/Mar/2026:13:23:11 +0100] "GET /item/detail/226447559989 HTTP/2" 500 20 "https://www.armaneco.co.uk/sitemap_index.xml" "Mozilla/5.0 AppleWebKit/537.36 (KHTML, like Gecko; compatible; GPTBot/1.3; +https://openai.com/gptbot)"
192.178.6.35 - - [14/Mar/2026:13:23:03 +0100] "GET /?item/detail/22642751966 HTTP/1.1" 200 24681 "-" "Mozilla/5.0 (Linux; Android 6.0.1; Nexus 5X Build/MMB29P) AppleWebKit/537.36 (KHTML, like Gecko) Chrome/145.0.7632.116 Mobile Safari/537.36 (compatible; Googlebot/2.1; +http://www.google.com/bot.html)"
192.178.6.35 - - [14/Mar/2026:13:23:08 +0100] "GET /?item/detail/22632078370 HTTP/1.1" 200 25328 "-" "Mozilla/5.0 (Linux; Android 6.0.1; Nexus 5X Build/MMB29P) AppleWebKit/537.36 (KHTML, like Gecko) Chrome/145.0.7632.116 Mobile Safari/537.36 (compatible; Googlebot/2.1; +http://www.google.com/bot.html)"
192.178.6.35 - - [14/Mar/2026:13:23:13 +0100] "GET /53ar410639-colour.html HTTP/1.1" 200 24496 "-" "Mozilla/5.0 (Linux; Android 6.0.1; Nexus 5X Build/MMB29P) AppleWebKit/537.36 (KHTML, like Gecko) Chrome/145.0.7632.116 Mobile Safari/537.36 (compatible; Googlebot/2.1; +http://www.google.com/bot.html)"
192.178.6.35 - - [14/Mar/2026:13:23:18 +0100] "GET /?item/detail/22642828084 HTTP/1.1" 200 24269 "-" "Mozilla/5.0 (Linux; Android 6.0.1; Nexus 5X Build/MMB29P) AppleWebKit/537.36 (KHTML, like Gecko) Chrome/145.0.7632.116 Mobile Safari/537.36 (compatible; Googlebot/2.1; +http://www.google.com/bot.html)"
192.178.6.35 - - [14/Mar/2026:13:23:23 +0100] "GET /?item/detail/22611093175 HTTP/1.1" 200 24899 "-" "Mozilla/5.0 (Linux; Android 6.0.1; Nexus 5X Build/MMB29P) AppleWebKit/537.36 (KHTML, like Gecko) Chrome/145.0.7632.116 Mobile Safari/537.36 (compatible; Googlebot/2.1; +http://www.google.com/bot.html)"
192.178.6.35 - - [14/Mar/2026:13:21:43 +0100] "GET /?item/detail/22621532434 HTTP/1.1" 200 24892 "-" "Mozilla/5.0 (Linux; Android 6.0.1; Nexus 5X Build/MMB29P) AppleWebKit/537.36 (KHTML, like Gecko) Chrome/145.0.7632.116 Mobile Safari/537.36 (compatible; Googlebot/2.1; +http://www.google.com/bot.html)"
192.178.6.36 - - [14/Mar/2026:13:22:00 +0100] "GET /?item/detail/22642651321 HTTP/1.1" 200 24547 "-" "Mozilla/5.0 (Linux; Android 6.0.1; Nexus 5X Build/MMB29P) AppleWebKit/537.36 (KHTML, like Gecko) Chrome/145.0.7632.116 Mobile Safari/537.36 (compatible; Googlebot/2.1; +http://www.google.com/bot.html)"
192.178.6.35 - - [14/Mar/2026:13:22:09 +0100] "GET /?item/detail/22621855514 HTTP/1.1" 200 24651 "-" "Mozilla/5.0 (Linux; Android 6.0.1; Nexus 5X Build/MMB29P) AppleWebKit/537.36 (KHTML, like Gecko) Chrome/145.0.7632.116 Mobile Safari/537.36 (compatible; Googlebot/2.1; +http://www.google.com/bot.html)"
207.46.13.6 - - [14/Mar/2026:13:22:13 +0100] "GET /24ar1551299-colour.html HTTP/2" 200 24645 "-" "Mozilla/5.0 AppleWebKit/537.36 (KHTML, like Gecko; compatible; bingbot/2.0; +http://www.bing.com/bingbot.htm) Chrome/116.0.1938.76 Safari/537.36"
192.178.6.35 - - [14/Mar/2026:13:22:18 +0100] "GET /?item/detail/22632145297 HTTP/1.1" 200 25054 "-" "Mozilla/5.0 (Linux; Android 6.0.1; Nexus 5X Build/MMB29P) AppleWebKit/537.36 (KHTML, like Gecko) Chrome/145.0.7632.116 Mobile Safari/537.36 (compatible; Googlebot/2.1; +http://www.google.com/bot.html)"
192.178.6.35 - - [14/Mar/2026:13:22:27 +0100] "GET /24ar852884-colour.html HTTP/1.1" 200 24818 "-" "Mozilla/5.0 (Linux; Android 6.0.1; Nexus 5X Build/MMB29P) AppleWebKit/537.36 (KHTML, like Gecko) Chrome/145.0.7632.116 Mobile Safari/537.36 (compatible; Googlebot/2.1; +http://www.google.com/bot.html)"
157.55.39.201 - - [14/Mar/2026:13:22:56 +0100] "GET /shop/pg/22621676209 HTTP/2" 200 24300 "-" "Mozilla/5.0 AppleWebKit/537.36 (KHTML, like Gecko; compatible; bingbot/2.0; +http://www.bing.com/bingbot.htm) Chrome/116.0.1938.76 Safari/537.36"
52.167.144.25 - - [14/Mar/2026:13:22:59 +0100] "GET /item/detail/2260881904 HTTP/2" 200 24416 "-" "Mozilla/5.0 AppleWebKit/537.36 (KHTML, like Gecko; compatible; bingbot/2.0; +http://www.bing.com/bingbot.htm) Chrome/116.0.1938.76 Safari/537.36"
52.167.144.174 - - [14/Mar/2026:13:23:01 +0100] "GET /shop/pg/22621781835 HTTP/2" 200 25234 "-" "Mozilla/5.0 AppleWebKit/537.36 (KHTML, like Gecko; compatible; bingbot/2.0; +http://www.bing.com/bingbot.htm) Chrome/116.0.1938.76 Safari/537.36"
157.55.39.201 - - [14/Mar/2026:13:23:15 +0100] "GET /item/detail/2259396972 HTTP/2" 200 24846 "-" "Mozilla/5.0 AppleWebKit/537.36 (KHTML, like Gecko; compatible; bingbot/2.0; +http://www.bing.com/bingbot.htm) Chrome/116.0.1938.76 Safari/537.36"
52.167.144.174 - - [14/Mar/2026:13:23:51 +0100] "GET /item/detail/22621920160 HTTP/2" 200 24288 "-" "Mozilla/5.0 AppleWebKit/537.36 (KHTML, like Gecko; compatible; bingbot/2.0; +http://www.bing.com/bingbot.htm) Chrome/116.0.1938.76 Safari/537.36"
157.55.39.201 - - [14/Mar/2026:13:24:05 +0100] "GET /item/detail/22642902092 HTTP/2" 200 25046 "-" "Mozilla/5.0 AppleWebKit/537.36 (KHTML, like Gecko; compatible; bingbot/2.0; +http://www.bing.com/bingbot.htm) Chrome/116.0.1938.76 Safari/537.36"
52.167.144.174 - - [14/Mar/2026:13:24:09 +0100] "GET /item/detail/22632315412 HTTP/2" 200 24496 "-" "Mozilla/5.0 AppleWebKit/537.36 (KHTML, like Gecko; compatible; bingbot/2.0; +http://www.bing.com/bingbot.htm) Chrome/116.0.1938.76 Safari/537.36"
192.178.6.35 - - [14/Mar/2026:13:24:12 +0100] "GET /53ar391342-colour.html HTTP/1.1" 200 25185 "-" "Mozilla/5.0 (Linux; Android 6.0.1; Nexus 5X Build/MMB29P) AppleWebKit/537.36 (KHTML, like Gecko) Chrome/145.0.7632.116 Mobile Safari/537.36 (compatible; Googlebot/2.1; +http://www.google.com/bot.html)"
192.178.6.35 - - [14/Mar/2026:13:24:22 +0100] "GET /24ar1786632-colour.html HTTP/1.1" 200 24700 "-" "Mozilla/5.0 (Linux; Android 6.0.1; Nexus 5X Build/MMB29P) AppleWebKit/537.36 (KHTML, like Gecko) Chrome/145.0.7632.116 Mobile Safari/537.36 (compatible; Googlebot/2.1; +http://www.google.com/bot.html)"
192.178.6.35 - - [14/Mar/2026:13:23:28 +0100] "GET /shop/customer/bookmark.php?item/detail/2260735510 HTTP/1.1" 200 25020 "-" "Mozilla/5.0 (Linux; Android 6.0.1; Nexus 5X Build/MMB29P) AppleWebKit/537.36 (KHTML, like Gecko) Chrome/145.0.7632.116 Mobile Safari/537.36 (compatible; Googlebot/2.1; +http://www.google.com/bot.html)"
192.178.6.35 - - [14/Mar/2026:13:23:34 +0100] "GET /24ar3855276-colour.html HTTP/1.1" 200 25208 "-" "Mozilla/5.0 (Linux; Android 6.0.1; Nexus 5X Build/MMB29P) AppleWebKit/537.36 (KHTML, like Gecko) Chrome/145.0.7632.116 Mobile Safari/537.36 (compatible; Googlebot/2.1; +http://www.google.com/bot.html)"
192.178.6.35 - - [14/Mar/2026:13:23:39 +0100] "GET /?item/detail/22632428940 HTTP/1.1" 200 25332 "-" "Mozilla/5.0 (Linux; Android 6.0.1; Nexus 5X Build/MMB29P) AppleWebKit/537.36 (KHTML, like Gecko) Chrome/145.0.7632.116 Mobile Safari/537.36 (compatible; Googlebot/2.1; +http://www.google.com/bot.html)"
192.178.6.35 - - [14/Mar/2026:13:23:45 +0100] "GET /?item/detail/2259167818 HTTP/1.1" 200 24446 "-" "Mozilla/5.0 (Linux; Android 6.0.1; Nexus 5X Build/MMB29P) AppleWebKit/537.36 (KHTML, like Gecko) Chrome/145.0.7632.116 Mobile Safari/537.36 (compatible; Googlebot/2.1; +http://www.google.com/bot.html)"
40.77.167.52 - - [14/Mar/2026:13:23:47 +0100] "GET /item/detail/22642999992 HTTP/2" 200 26295 "-" "Mozilla/5.0 AppleWebKit/537.36 (KHTML, like Gecko; compatible; bingbot/2.0; +http://www.bing.com/bingbot.htm) Chrome/116.0.1938.76 Safari/537.36"
192.178.6.35 - - [14/Mar/2026:13:23:50 +0100] "GET /?item/detail/2259262482 HTTP/1.1" 200 24930 "-" "Mozilla/5.0 (Linux; Android 6.0.1; Nexus 5X Build/MMB29P) AppleWebKit/537.36 (KHTML, like Gecko) Chrome/145.0.7632.116 Mobile Safari/537.36 (compatible; Googlebot/2.1; +http://www.google.com/bot.html)"
192.178.6.36 - - [14/Mar/2026:13:23:56 +0100] "GET /?item/detail/2259252869 HTTP/1.1" 200 26123 "-" "Mozilla/5.0 (Linux; Android 6.0.1; Nexus 5X Build/MMB29P) AppleWebKit/537.36 (KHTML, like Gecko) Chrome/145.0.7632.116 Mobile Safari/537.36 (compatible; Googlebot/2.1; +http://www.google.com/bot.html)"
192.178.6.36 - - [14/Mar/2026:13:24:01 +0100] "GET /?item/detail/22632027378 HTTP/1.1" 200 24627 "-" "Mozilla/5.0 (Linux; Android 6.0.1; Nexus 5X Build/MMB29P) AppleWebKit/537.36 (KHTML, like Gecko) Chrome/145.0.7632.116 Mobile Safari/537.36 (compatible; Googlebot/2.1; +http://www.google.com/bot.html)"
74.7.227.150 - - [14/Mar/2026:13:24:15 +0100] "GET /item/detail/226149082321 HTTP/2" 500 20 "https://www.armaneco.co.uk/sitemap_index.xml" "Mozilla/5.0 AppleWebKit/537.36 (KHTML, like Gecko; compatible; GPTBot/1.3; +https://openai.com/gptbot)"
192.178.6.35 - - [14/Mar/2026:13:24:07 +0100] "GET /shop/customer/bookmark.php?item/detail/22621539766 HTTP/1.1" 200 26414 "-" "Mozilla/5.0 (Linux; Android 6.0.1; Nexus 5X Build/MMB29P) AppleWebKit/537.36 (KHTML, like Gecko) Chrome/145.0.7632.116 Mobile Safari/537.36 (compatible; Googlebot/2.1; +http://www.google.com/bot.html)"
192.178.6.35 - - [14/Mar/2026:13:24:17 +0100] "GET /?item/detail/2259243466 HTTP/1.1" 200 24365 "-" "Mozilla/5.0 (Linux; Android 6.0.1; Nexus 5X Build/MMB29P) AppleWebKit/537.36 (KHTML, like Gecko) Chrome/145.0.7632.116 Mobile Safari/537.36 (compatible; Googlebot/2.1; +http://www.google.com/bot.html)"
192.178.6.35 - - [14/Mar/2026:13:24:27 +0100] "GET /?item/detail/22632062435 HTTP/1.1" 200 26186 "-" "Mozilla/5.0 (Linux; Android 6.0.1; Nexus 5X Build/MMB29P) AppleWebKit/537.36 (KHTML, like Gecko) Chrome/145.0.7632.116 Mobile Safari/537.36 (compatible; Googlebot/2.1; +http://www.google.com/bot.html)"
192.178.6.35 - - [14/Mar/2026:13:24:37 +0100] "GET /53ar577171-colour.html HTTP/1.1" 200 24135 "-" "Mozilla/5.0 (Linux; Android 6.0.1; Nexus 5X Build/MMB29P) AppleWebKit/537.36 (KHTML, like Gecko) Chrome/145.0.7632.116 Mobile Safari/537.36 (compatible; Googlebot/2.1; +http://www.google.com/bot.html)"
192.178.6.35 - - [14/Mar/2026:13:24:47 +0100] "GET /?item/detail/22611210120 HTTP/1.1" 200 24397 "-" "Mozilla/5.0 (Linux; Android 6.0.1; Nexus 5X Build/MMB29P) AppleWebKit/537.36 (KHTML, like Gecko) Chrome/145.0.7632.116 Mobile Safari/537.36 (compatible; Googlebot/2.1; +http://www.google.com/bot.html)"
192.178.6.36 - - [14/Mar/2026:13:24:52 +0100] "GET /?item/detail/22611058054 HTTP/1.1" 200 25175 "-" "Mozilla/5.0 (Linux; Android 6.0.1; Nexus 5X Build/MMB29P) AppleWebKit/537.36 (KHTML, like Gecko) Chrome/145.0.7632.116 Mobile Safari/537.36 (compatible; Googlebot/2.1; +http://www.google.com/bot.html)"
192.178.6.35 - - [14/Mar/2026:13:24:57 +0100] "GET /?item/detail/22632170793 HTTP/1.1" 200 24532 "-" "Mozilla/5.0 (Linux; Android 6.0.1; Nexus 5X Build/MMB29P) AppleWebKit/537.36 (KHTML, like Gecko) Chrome/145.0.7632.116 Mobile Safari/537.36 (compatible; Googlebot/2.1; +http://www.google.com/bot.html)"
192.178.6.35 - - [14/Mar/2026:13:25:02 +0100] "GET /24ar477826-colour.html HTTP/1.1" 200 24615 "-" "Mozilla/5.0 (Linux; Android 6.0.1; Nexus 5X Build/MMB29P) AppleWebKit/537.36 (KHTML, like Gecko) Chrome/145.0.7632.116 Mobile Safari/537.36 (compatible; Googlebot/2.1; +http://www.google.com/bot.html)"
192.178.6.35 - - [14/Mar/2026:13:25:07 +0100] "GET /?item/detail/2259173181 HTTP/1.1" 200 25274 "-" "Mozilla/5.0 (Linux; Android 6.0.1; Nexus 5X Build/MMB29P) AppleWebKit/537.36 (KHTML, like Gecko) Chrome/145.0.7632.116 Mobile Safari/537.36 (compatible; Googlebot/2.1; +http://www.google.com/bot.html)"
192.178.6.35 - - [14/Mar/2026:13:25:11 +0100] "GET /?item/detail/22632403444 HTTP/1.1" 200 24734 "-" "Mozilla/5.0 (Linux; Android 6.0.1; Nexus 5X Build/MMB29P) AppleWebKit/537.36 (KHTML, like Gecko) Chrome/145.0.7632.116 Mobile Safari/537.36 (compatible; Googlebot/2.1; +http://www.google.com/bot.html)"
192.178.6.35 - - [14/Mar/2026:13:25:18 +0100] "GET /?item/detail/22642669922 HTTP/1.1" 200 27340 "-" "Mozilla/5.0 (Linux; Android 6.0.1; Nexus 5X Build/MMB29P) AppleWebKit/537.36 (KHTML, like Gecko) Chrome/145.0.7632.116 Mobile Safari/537.36 (compatible; Googlebot/2.1; +http://www.google.com/bot.html)"
52.167.144.174 - - [14/Mar/2026:13:25:20 +0100] "GET /item/detail/22632069050 HTTP/2" 200 24553 "-" "Mozilla/5.0 AppleWebKit/537.36 (KHTML, like Gecko; compatible; bingbot/2.0; +http://www.bing.com/bingbot.htm) Chrome/116.0.1938.76 Safari/537.36"
192.178.6.35 - - [14/Mar/2026:13:25:23 +0100] "GET /?item/detail/2260895538 HTTP/1.1" 200 25581 "-" "Mozilla/5.0 (Linux; Android 6.0.1; Nexus 5X Build/MMB29P) AppleWebKit/537.36 (KHTML, like Gecko) Chrome/145.0.7632.116 Mobile Safari/537.36 (compatible; Googlebot/2.1; +http://www.google.com/bot.html)"
192.178.6.35 - - [14/Mar/2026:13:25:28 +0100] "GET /?item/detail/22611398618 HTTP/1.1" 200 24403 "-" "Mozilla/5.0 (Linux; Android 6.0.1; Nexus 5X Build/MMB29P) AppleWebKit/537.36 (KHTML, like Gecko) Chrome/145.0.7632.116 Mobile Safari/537.36 (compatible; Googlebot/2.1; +http://www.google.com/bot.html)"
52.167.144.174 - - [14/Mar/2026:13:25:30 +0100] "GET /category/22601000018 HTTP/2" 200 27266 "-" "Mozilla/5.0 AppleWebKit/537.36 (KHTML, like Gecko; compatible; bingbot/2.0; +http://www.bing.com/bingbot.htm) Chrome/116.0.1938.76 Safari/537.36"
