157.245.75.0 - - [14/Mar/2026:14:57:14 +0100] "GET / HTTP/1.1" 500 20 "-" "Mozilla/5.0 (X11; Linux x86_64) AppleWebKit/537.36 (KHTML, like Gecko) Chrome/142.0.0.0 Safari/537.36"
192.178.6.35 - - [14/Mar/2026:14:57:12 +0100] "GET /?item/detail/2260552066 HTTP/1.1" 200 24659 "-" "Mozilla/5.0 (Linux; Android 6.0.1; Nexus 5X Build/MMB29P) AppleWebKit/537.36 (KHTML, like Gecko) Chrome/145.0.7632.116 Mobile Safari/537.36 (compatible; Googlebot/2.1; +http://www.google.com/bot.html)"
207.46.13.52 - - [14/Mar/2026:14:57:18 +0100] "GET /item/detail/225916379 HTTP/2" 200 24297 "-" "Mozilla/5.0 AppleWebKit/537.36 (KHTML, like Gecko; compatible; bingbot/2.0; +http://www.bing.com/bingbot.htm) Chrome/116.0.1938.76 Safari/537.36"
192.178.6.35 - - [14/Mar/2026:14:57:24 +0100] "GET /57ar77572-colour.html HTTP/1.1" 200 24321 "-" "Mozilla/5.0 (Linux; Android 6.0.1; Nexus 5X Build/MMB29P) AppleWebKit/537.36 (KHTML, like Gecko) Chrome/145.0.7632.116 Mobile Safari/537.36 (compatible; Googlebot/2.1; +http://www.google.com/bot.html)"
74.7.227.150 - - [14/Mar/2026:14:57:36 +0100] "GET /item/detail/226246708154 HTTP/2" 500 20 "https://www.armaneco.co.uk/sitemap_index.xml" "Mozilla/5.0 AppleWebKit/537.36 (KHTML, like Gecko; compatible; GPTBot/1.3; +https://openai.com/gptbot)"
52.167.144.188 - - [14/Mar/2026:14:57:25 +0100] "GET /item/detail/22642843221 HTTP/2" 200 25057 "-" "Mozilla/5.0 AppleWebKit/537.36 (KHTML, like Gecko; compatible; bingbot/2.0; +http://www.bing.com/bingbot.htm) Chrome/116.0.1938.76 Safari/537.36"
52.167.144.188 - - [14/Mar/2026:14:57:46 +0100] "GET /item/detail/2259103956 HTTP/2" 200 26325 "-" "Mozilla/5.0 AppleWebKit/537.36 (KHTML, like Gecko; compatible; bingbot/2.0; +http://www.bing.com/bingbot.htm) Chrome/116.0.1938.76 Safari/537.36"
192.178.6.35 - - [14/Mar/2026:14:58:00 +0100] "GET /53ar400010-parlux-asciugacapelli-pink-alyon-pink.html HTTP/1.1" 200 25663 "-" "Mozilla/5.0 (Linux; Android 6.0.1; Nexus 5X Build/MMB29P) AppleWebKit/537.36 (KHTML, like Gecko) Chrome/145.0.7632.116 Mobile Safari/537.36 (compatible; Googlebot/2.1; +http://www.google.com/bot.html)"
52.167.144.188 - - [14/Mar/2026:14:55:14 +0100] "GET /55ar97835-colour.html HTTP/2" 200 24929 "-" "Mozilla/5.0 AppleWebKit/537.36 (KHTML, like Gecko; compatible; bingbot/2.0; +http://www.bing.com/bingbot.htm) Chrome/116.0.1938.76 Safari/537.36"
207.46.13.52 - - [14/Mar/2026:14:55:56 +0100] "GET /item/detail/22611485980 HTTP/2" 200 24482 "-" "Mozilla/5.0 AppleWebKit/537.36 (KHTML, like Gecko; compatible; bingbot/2.0; +http://www.bing.com/bingbot.htm) Chrome/116.0.1938.76 Safari/537.36"
52.167.144.188 - - [14/Mar/2026:14:56:36 +0100] "GET /item/detail/22621609610 HTTP/2" 200 24559 "-" "Mozilla/5.0 AppleWebKit/537.36 (KHTML, like Gecko; compatible; bingbot/2.0; +http://www.bing.com/bingbot.htm) Chrome/116.0.1938.76 Safari/537.36"
207.46.13.52 - - [14/Mar/2026:14:57:58 +0100] "GET /item/detail/2259375015 HTTP/2" 200 26119 "-" "Mozilla/5.0 AppleWebKit/537.36 (KHTML, like Gecko; compatible; bingbot/2.0; +http://www.bing.com/bingbot.htm) Chrome/116.0.1938.76 Safari/537.36"
40.77.167.155 - - [14/Mar/2026:14:57:59 +0100] "GET /item/detail/22599072980 HTTP/2" 200 24509 "-" "Mozilla/5.0 AppleWebKit/537.36 (KHTML, like Gecko; compatible; bingbot/2.0; +http://www.bing.com/bingbot.htm) Chrome/116.0.1938.76 Safari/537.36"
74.7.227.150 - - [14/Mar/2026:14:59:42 +0100] "GET /item/detail/226149370813 HTTP/2" 500 20 "https://www.armaneco.co.uk/sitemap_index.xml" "Mozilla/5.0 AppleWebKit/537.36 (KHTML, like Gecko; compatible; GPTBot/1.3; +https://openai.com/gptbot)"
52.167.144.25 - - [14/Mar/2026:15:00:55 +0100] "GET /24ar756780-colour.html HTTP/2" 200 25544 "-" "Mozilla/5.0 AppleWebKit/537.36 (KHTML, like Gecko; compatible; bingbot/2.0; +http://www.bing.com/bingbot.htm) Chrome/116.0.1938.76 Safari/537.36"
52.167.144.188 - - [14/Mar/2026:14:58:06 +0100] "GET /item/detail/22621834350 HTTP/2" 200 24066 "-" "Mozilla/5.0 AppleWebKit/537.36 (KHTML, like Gecko; compatible; bingbot/2.0; +http://www.bing.com/bingbot.htm) Chrome/116.0.1938.76 Safari/537.36"
192.178.6.36 - - [14/Mar/2026:14:58:13 +0100] "GET /53ar570847-sidi-mtb-dragon-5-matt-mega-40.html HTTP/1.1" 200 24581 "-" "Mozilla/5.0 (Linux; Android 6.0.1; Nexus 5X Build/MMB29P) AppleWebKit/537.36 (KHTML, like Gecko) Chrome/145.0.7632.116 Mobile Safari/537.36 (compatible; Googlebot/2.1; +http://www.google.com/bot.html)"
52.167.144.188 - - [14/Mar/2026:14:58:25 +0100] "GET /item/detail/22621946301 HTTP/2" 200 24749 "-" "Mozilla/5.0 AppleWebKit/537.36 (KHTML, like Gecko; compatible; bingbot/2.0; +http://www.bing.com/bingbot.htm) Chrome/116.0.1938.76 Safari/537.36"
74.7.227.150 - - [14/Mar/2026:14:58:39 +0100] "GET /item/detail/226048791846 HTTP/2" 500 20 "https://www.armaneco.co.uk/sitemap_index.xml" "Mozilla/5.0 AppleWebKit/537.36 (KHTML, like Gecko; compatible; GPTBot/1.3; +https://openai.com/gptbot)"
192.178.6.35 - - [14/Mar/2026:14:58:41 +0100] "GET /jukyuban HTTP/1.1" 200 25701 "-" "Mozilla/5.0 (Linux; Android 6.0.1; Nexus 5X Build/MMB29P) AppleWebKit/537.36 (KHTML, like Gecko) Chrome/145.0.7632.116 Mobile Safari/537.36 (compatible; Googlebot/2.1; +http://www.google.com/bot.html)"
74.7.227.150 - - [14/Mar/2026:15:00:48 +0100] "GET /item/detail/226045931643 HTTP/2" 500 20 "https://www.armaneco.co.uk/sitemap_index.xml" "Mozilla/5.0 AppleWebKit/537.36 (KHTML, like Gecko; compatible; GPTBot/1.3; +https://openai.com/gptbot)"
192.178.6.36 - - [14/Mar/2026:15:01:13 +0100] "GET /?item/detail/22621734128 HTTP/1.1" 200 24507 "-" "Mozilla/5.0 (Linux; Android 6.0.1; Nexus 5X Build/MMB29P) AppleWebKit/537.36 (KHTML, like Gecko) Chrome/145.0.7632.116 Mobile Safari/537.36 (compatible; Googlebot/2.1; +http://www.google.com/bot.html)"
192.178.6.36 - - [14/Mar/2026:15:01:22 +0100] "GET /?item/detail/2260549020 HTTP/1.1" 200 24202 "-" "Mozilla/5.0 (Linux; Android 6.0.1; Nexus 5X Build/MMB29P) AppleWebKit/537.36 (KHTML, like Gecko) Chrome/145.0.7632.116 Mobile Safari/537.36 (compatible; Googlebot/2.1; +http://www.google.com/bot.html)"
192.178.6.36 - - [14/Mar/2026:15:01:32 +0100] "GET /?item/detail/22611354070 HTTP/1.1" 200 24977 "-" "Mozilla/5.0 (Linux; Android 6.0.1; Nexus 5X Build/MMB29P) AppleWebKit/537.36 (KHTML, like Gecko) Chrome/145.0.7632.116 Mobile Safari/537.36 (compatible; Googlebot/2.1; +http://www.google.com/bot.html)"
74.7.227.150 - - [14/Mar/2026:15:01:52 +0100] "GET /item/detail/226249907063 HTTP/2" 500 20 "https://www.armaneco.co.uk/sitemap_index.xml" "Mozilla/5.0 AppleWebKit/537.36 (KHTML, like Gecko; compatible; GPTBot/1.3; +https://openai.com/gptbot)"
192.178.6.35 - - [14/Mar/2026:15:02:45 +0100] "GET /24ar1788905-colour.html HTTP/1.1" 200 24797 "-" "Mozilla/5.0 (Linux; Android 6.0.1; Nexus 5X Build/MMB29P) AppleWebKit/537.36 (KHTML, like Gecko) Chrome/145.0.7632.116 Mobile Safari/537.36 (compatible; Googlebot/2.1; +http://www.google.com/bot.html)"
192.178.6.35 - - [14/Mar/2026:15:02:54 +0100] "GET /item/detail/22611101119 HTTP/1.1" 200 24608 "-" "Mozilla/5.0 (Linux; Android 6.0.1; Nexus 5X Build/MMB29P) AppleWebKit/537.36 (KHTML, like Gecko) Chrome/145.0.7632.116 Mobile Safari/537.36 (compatible; Googlebot/2.1; +http://www.google.com/bot.html)"
192.178.6.35 - - [14/Mar/2026:15:03:03 +0100] "GET /shop/customer/bookmark.php?item/detail/22642871598 HTTP/1.1" 200 25033 "-" "Mozilla/5.0 (Linux; Android 6.0.1; Nexus 5X Build/MMB29P) AppleWebKit/537.36 (KHTML, like Gecko) Chrome/145.0.7632.116 Mobile Safari/537.36 (compatible; Googlebot/2.1; +http://www.google.com/bot.html)"
192.178.6.35 - - [14/Mar/2026:15:03:12 +0100] "GET /?item/detail/22632374000 HTTP/1.1" 200 24866 "-" "Mozilla/5.0 (Linux; Android 6.0.1; Nexus 5X Build/MMB29P) AppleWebKit/537.36 (KHTML, like Gecko) Chrome/145.0.7632.116 Mobile Safari/537.36 (compatible; GoogleOther)"
192.178.6.35 - - [14/Mar/2026:15:03:21 +0100] "GET /?item/detail/2260998082 HTTP/1.1" 200 24484 "-" "Mozilla/5.0 (Linux; Android 6.0.1; Nexus 5X Build/MMB29P) AppleWebKit/537.36 (KHTML, like Gecko) Chrome/145.0.7632.116 Mobile Safari/537.36 (compatible; Googlebot/2.1; +http://www.google.com/bot.html)"
192.178.6.35 - - [14/Mar/2026:15:03:30 +0100] "GET /item/detail/22621994116 HTTP/1.1" 200 25142 "-" "Mozilla/5.0 (Linux; Android 6.0.1; Nexus 5X Build/MMB29P) AppleWebKit/537.36 (KHTML, like Gecko) Chrome/145.0.7632.116 Mobile Safari/537.36 (compatible; Googlebot/2.1; +http://www.google.com/bot.html)"
192.178.6.35 - - [14/Mar/2026:15:03:39 +0100] "GET /shop/customer/bookmark.php?item/detail/22621893496 HTTP/1.1" 200 24903 "-" "Mozilla/5.0 (Linux; Android 6.0.1; Nexus 5X Build/MMB29P) AppleWebKit/537.36 (KHTML, like Gecko) Chrome/145.0.7632.116 Mobile Safari/537.36 (compatible; Googlebot/2.1; +http://www.google.com/bot.html)"
74.7.227.150 - - [14/Mar/2026:15:04:01 +0100] "GET /item/detail/226249594718 HTTP/2" 500 20 "https://www.armaneco.co.uk/sitemap_index.xml" "Mozilla/5.0 AppleWebKit/537.36 (KHTML, like Gecko; compatible; GPTBot/1.3; +https://openai.com/gptbot)"
192.178.6.37 - - [14/Mar/2026:15:03:58 +0100] "GET /24ar4144670-colour.html HTTP/1.1" 200 25752 "-" "Mozilla/5.0 (Linux; Android 6.0.1; Nexus 5X Build/MMB29P) AppleWebKit/537.36 (KHTML, like Gecko) Chrome/145.0.7632.116 Mobile Safari/537.36 (compatible; Googlebot/2.1; +http://www.google.com/bot.html)"
192.178.6.35 - - [14/Mar/2026:15:04:26 +0100] "GET /item/detail/2260632702 HTTP/1.1" 200 25299 "-" "Mozilla/5.0 (Linux; Android 6.0.1; Nexus 5X Build/MMB29P) AppleWebKit/537.36 (KHTML, like Gecko) Chrome/145.0.7632.116 Mobile Safari/537.36 (compatible; Googlebot/2.1; +http://www.google.com/bot.html)"
192.178.6.35 - - [14/Mar/2026:15:04:35 +0100] "GET /?item/detail/22642555540 HTTP/1.1" 200 24528 "-" "Mozilla/5.0 (Linux; Android 6.0.1; Nexus 5X Build/MMB29P) AppleWebKit/537.36 (KHTML, like Gecko) Chrome/145.0.7632.116 Mobile Safari/537.36 (compatible; Googlebot/2.1; +http://www.google.com/bot.html)"
192.178.6.35 - - [14/Mar/2026:15:01:41 +0100] "GET /shop/customer/bookmark.php?item/detail/22621600209 HTTP/1.1" 200 26339 "-" "Mozilla/5.0 (Linux; Android 6.0.1; Nexus 5X Build/MMB29P) AppleWebKit/537.36 (KHTML, like Gecko) Chrome/145.0.7632.116 Mobile Safari/537.36 (compatible; Googlebot/2.1; +http://www.google.com/bot.html)"
192.178.6.35 - - [14/Mar/2026:15:01:50 +0100] "GET /?item/detail/22632339234 HTTP/1.1" 200 25111 "-" "Mozilla/5.0 (Linux; Android 6.0.1; Nexus 5X Build/MMB29P) AppleWebKit/537.36 (KHTML, like Gecko) Chrome/145.0.7632.116 Mobile Safari/537.36 (compatible; Googlebot/2.1; +http://www.google.com/bot.html)"
192.178.6.37 - - [14/Mar/2026:15:02:07 +0100] "GET /?item/detail/22642627749 HTTP/1.1" 200 26483 "-" "Mozilla/5.0 (Linux; Android 6.0.1; Nexus 5X Build/MMB29P) AppleWebKit/537.36 (KHTML, like Gecko) Chrome/145.0.7632.116 Mobile Safari/537.36 (compatible; Googlebot/2.1; +http://www.google.com/bot.html)"
192.178.6.36 - - [14/Mar/2026:15:02:36 +0100] "GET /item/detail/22621728388 HTTP/1.1" 200 24218 "-" "Mozilla/5.0 (Linux; Android 6.0.1; Nexus 5X Build/MMB29P) AppleWebKit/537.36 (KHTML, like Gecko) Chrome/145.0.7632.116 Mobile Safari/537.36 (compatible; Googlebot/2.1; +http://www.google.com/bot.html)"
74.7.227.150 - - [14/Mar/2026:15:02:57 +0100] "GET /item/detail/226344281571 HTTP/2" 500 20 "https://www.armaneco.co.uk/sitemap_index.xml" "Mozilla/5.0 AppleWebKit/537.36 (KHTML, like Gecko; compatible; GPTBot/1.3; +https://openai.com/gptbot)"
192.178.6.36 - - [14/Mar/2026:15:03:49 +0100] "GET /?item/detail/22621734904 HTTP/1.1" 200 25336 "-" "Mozilla/5.0 (Linux; Android 6.0.1; Nexus 5X Build/MMB29P) AppleWebKit/537.36 (KHTML, like Gecko) Chrome/145.0.7632.116 Mobile Safari/537.36 (compatible; Googlebot/2.1; +http://www.google.com/bot.html)"
192.178.6.36 - - [14/Mar/2026:15:04:08 +0100] "GET /shop/customer/bookmark.php?item/detail/2260826335 HTTP/1.1" 200 25247 "-" "Mozilla/5.0 (Linux; Android 6.0.1; Nexus 5X Build/MMB29P) AppleWebKit/537.36 (KHTML, like Gecko) Chrome/145.0.7632.116 Mobile Safari/537.36 (compatible; Googlebot/2.1; +http://www.google.com/bot.html)"
192.178.6.35 - - [14/Mar/2026:15:05:42 +0100] "GET /?item/detail/22621753580 HTTP/1.1" 200 24301 "-" "Mozilla/5.0 (Linux; Android 6.0.1; Nexus 5X Build/MMB29P) AppleWebKit/537.36 (KHTML, like Gecko) Chrome/145.0.7632.116 Mobile Safari/537.36 (compatible; Googlebot/2.1; +http://www.google.com/bot.html)"
192.178.6.35 - - [14/Mar/2026:15:05:51 +0100] "GET /?item/detail/22621602676 HTTP/1.1" 200 24515 "-" "Mozilla/5.0 (Linux; Android 6.0.1; Nexus 5X Build/MMB29P) AppleWebKit/537.36 (KHTML, like Gecko) Chrome/145.0.7632.116 Mobile Safari/537.36 (compatible; Googlebot/2.1; +http://www.google.com/bot.html)"
74.7.227.150 - - [14/Mar/2026:15:06:07 +0100] "GET /item/detail/225948065678 HTTP/2" 500 20 "https://www.armaneco.co.uk/sitemap_index.xml" "Mozilla/5.0 AppleWebKit/537.36 (KHTML, like Gecko; compatible; GPTBot/1.3; +https://openai.com/gptbot)"
207.46.13.160 - - [14/Mar/2026:15:06:16 +0100] "GET /24ar323350-colour.html HTTP/2" 200 25067 "-" "Mozilla/5.0 AppleWebKit/537.36 (KHTML, like Gecko; compatible; bingbot/2.0; +http://www.bing.com/bingbot.htm) Chrome/116.0.1938.76 Safari/537.36"
74.7.227.150 - - [14/Mar/2026:15:07:08 +0100] "GET /item/detail/226045919064 HTTP/2" 500 20 "https://www.armaneco.co.uk/sitemap_index.xml" "Mozilla/5.0 AppleWebKit/537.36 (KHTML, like Gecko; compatible; GPTBot/1.3; +https://openai.com/gptbot)"
207.46.13.160 - - [14/Mar/2026:15:07:08 +0100] "GET /item/detail/22621617871 HTTP/2" 200 26466 "-" "Mozilla/5.0 AppleWebKit/537.36 (KHTML, like Gecko; compatible; bingbot/2.0; +http://www.bing.com/bingbot.htm) Chrome/116.0.1938.76 Safari/537.36"
192.178.6.35 - - [14/Mar/2026:15:07:44 +0100] "GET /24ar3706660-colour.html HTTP/1.1" 200 24454 "-" "Mozilla/5.0 (Linux; Android 6.0.1; Nexus 5X Build/MMB29P) AppleWebKit/537.36 (KHTML, like Gecko) Chrome/145.0.7632.116 Mobile Safari/537.36 (compatible; Googlebot/2.1; +http://www.google.com/bot.html)"
192.178.6.35 - - [14/Mar/2026:15:04:43 +0100] "GET /item/detail/2260692229 HTTP/1.1" 200 25349 "-" "Mozilla/5.0 (Linux; Android 6.0.1; Nexus 5X Build/MMB29P) AppleWebKit/537.36 (KHTML, like Gecko) Chrome/145.0.7632.116 Mobile Safari/537.36 (compatible; Googlebot/2.1; +http://www.google.com/bot.html)"
192.178.6.35 - - [14/Mar/2026:15:04:52 +0100] "GET /item/detail/22621519785 HTTP/1.1" 200 24992 "-" "Mozilla/5.0 (Linux; Android 6.0.1; Nexus 5X Build/MMB29P) AppleWebKit/537.36 (KHTML, like Gecko) Chrome/145.0.7632.116 Mobile Safari/537.36 (compatible; Googlebot/2.1; +http://www.google.com/bot.html)"
74.7.227.150 - - [14/Mar/2026:15:05:02 +0100] "GET /item/detail/226246513673 HTTP/2" 500 20 "https://www.armaneco.co.uk/sitemap_index.xml" "Mozilla/5.0 AppleWebKit/537.36 (KHTML, like Gecko; compatible; GPTBot/1.3; +https://openai.com/gptbot)"
192.178.6.35 - - [14/Mar/2026:15:05:01 +0100] "GET /?item/detail/22621997796 HTTP/1.1" 200 25161 "-" "Mozilla/5.0 (Linux; Android 6.0.1; Nexus 5X Build/MMB29P) AppleWebKit/537.36 (KHTML, like Gecko) Chrome/145.0.7632.116 Mobile Safari/537.36 (compatible; Googlebot/2.1; +http://www.google.com/bot.html)"
192.178.6.35 - - [14/Mar/2026:15:05:10 +0100] "GET /24ar1982363-colour.html HTTP/1.1" 200 24236 "-" "Mozilla/5.0 (Linux; Android 6.0.1; Nexus 5X Build/MMB29P) AppleWebKit/537.36 (KHTML, like Gecko) Chrome/145.0.7632.116 Mobile Safari/537.36 (compatible; Googlebot/2.1; +http://www.google.com/bot.html)"
192.178.6.35 - - [14/Mar/2026:15:05:18 +0100] "GET /item/detail/22621760921 HTTP/1.1" 200 24704 "-" "Mozilla/5.0 (Linux; Android 6.0.1; Nexus 5X Build/MMB29P) AppleWebKit/537.36 (KHTML, like Gecko) Chrome/145.0.7632.116 Mobile Safari/537.36 (compatible; Googlebot/2.1; +http://www.google.com/bot.html)"
192.178.6.35 - - [14/Mar/2026:15:06:07 +0100] "GET /?item/detail/22621747633 HTTP/1.1" 200 25152 "-" "Mozilla/5.0 (Linux; Android 6.0.1; Nexus 5X Build/MMB29P) AppleWebKit/537.36 (KHTML, like Gecko) Chrome/145.0.7632.116 Mobile Safari/537.36 (compatible; Googlebot/2.1; +http://www.google.com/bot.html)"
192.178.6.35 - - [14/Mar/2026:15:06:22 +0100] "GET /24ar3367751-colour.html HTTP/1.1" 200 24314 "-" "Mozilla/5.0 (Linux; Android 6.0.1; Nexus 5X Build/MMB29P) AppleWebKit/537.36 (KHTML, like Gecko) Chrome/145.0.7632.116 Mobile Safari/537.36 (compatible; Googlebot/2.1; +http://www.google.com/bot.html)"
192.178.6.35 - - [14/Mar/2026:15:06:31 +0100] "GET /shop/customer/bookmark.php?item/detail/22611266116 HTTP/1.1" 200 25387 "-" "Mozilla/5.0 (Linux; Android 6.0.1; Nexus 5X Build/MMB29P) AppleWebKit/537.36 (KHTML, like Gecko) Chrome/145.0.7632.116 Mobile Safari/537.36 (compatible; Googlebot/2.1; +http://www.google.com/bot.html)"
192.178.6.35 - - [14/Mar/2026:15:06:55 +0100] "GET /?item/detail/22621686611 HTTP/1.1" 200 24608 "-" "Mozilla/5.0 (Linux; Android 6.0.1; Nexus 5X Build/MMB29P) AppleWebKit/537.36 (KHTML, like Gecko) Chrome/145.0.7632.116 Mobile Safari/537.36 (compatible; Googlebot/2.1; +http://www.google.com/bot.html)"
192.178.6.35 - - [14/Mar/2026:15:07:07 +0100] "GET /item/detail/22642637926 HTTP/1.1" 200 24645 "-" "Mozilla/5.0 (Linux; Android 6.0.1; Nexus 5X Build/MMB29P) AppleWebKit/537.36 (KHTML, like Gecko) Chrome/145.0.7632.116 Mobile Safari/537.36 (compatible; Googlebot/2.1; +http://www.google.com/bot.html)"
192.178.6.35 - - [14/Mar/2026:15:07:54 +0100] "GET /?item/detail/2260586477 HTTP/1.1" 200 24690 "-" "Mozilla/5.0 (Linux; Android 6.0.1; Nexus 5X Build/MMB29P) AppleWebKit/537.36 (KHTML, like Gecko) Chrome/145.0.7632.116 Mobile Safari/537.36 (compatible; GoogleOther)"
40.77.167.55 - - [14/Mar/2026:15:08:27 +0100] "GET /item/detail/2259201480 HTTP/2" 200 24666 "-" "Mozilla/5.0 AppleWebKit/537.36 (KHTML, like Gecko; compatible; bingbot/2.0; +http://www.bing.com/bingbot.htm) Chrome/116.0.1938.76 Safari/537.36"
52.167.144.175 - - [14/Mar/2026:15:09:00 +0100] "GET /item/detail/22614188096 HTTP/2" 200 24952 "-" "Mozilla/5.0 AppleWebKit/537.36 (KHTML, like Gecko; compatible; bingbot/2.0; +http://www.bing.com/bingbot.htm) Chrome/116.0.1938.76 Safari/537.36"
40.77.167.55 - - [14/Mar/2026:15:07:56 +0100] "GET /item/detail/22632334320 HTTP/2" 200 25177 "-" "Mozilla/5.0 AppleWebKit/537.36 (KHTML, like Gecko; compatible; bingbot/2.0; +http://www.bing.com/bingbot.htm) Chrome/116.0.1938.76 Safari/537.36"
74.7.227.150 - - [14/Mar/2026:15:08:10 +0100] "GET /item/detail/226249981109 HTTP/2" 500 20 "https://www.armaneco.co.uk/sitemap_index.xml" "Mozilla/5.0 AppleWebKit/537.36 (KHTML, like Gecko; compatible; GPTBot/1.3; +https://openai.com/gptbot)"
40.77.167.55 - - [14/Mar/2026:15:08:05 +0100] "GET /shop/pg/812900 HTTP/2" 200 24735 "-" "Mozilla/5.0 AppleWebKit/537.36 (KHTML, like Gecko; compatible; bingbot/2.0; +http://www.bing.com/bingbot.htm) Chrome/116.0.1938.76 Safari/537.36"
192.178.6.35 - - [14/Mar/2026:15:08:25 +0100] "GET /?item/detail/22642731095 HTTP/1.1" 200 25053 "-" "Mozilla/5.0 (Linux; Android 6.0.1; Nexus 5X Build/MMB29P) AppleWebKit/537.36 (KHTML, like Gecko) Chrome/145.0.7632.116 Mobile Safari/537.36 (compatible; Googlebot/2.1; +http://www.google.com/bot.html)"
192.178.6.35 - - [14/Mar/2026:15:08:46 +0100] "GET /shop/customer/bookmark.php?item/detail/22642780092 HTTP/1.1" 200 24553 "-" "Mozilla/5.0 (Linux; Android 6.0.1; Nexus 5X Build/MMB29P) AppleWebKit/537.36 (KHTML, like Gecko) Chrome/145.0.7632.116 Mobile Safari/537.36 (compatible; Googlebot/2.1; +http://www.google.com/bot.html)"
192.178.6.35 - - [14/Mar/2026:15:09:00 +0100] "GET /?item/detail/2260595801 HTTP/1.1" 200 24985 "-" "Mozilla/5.0 (Linux; Android 6.0.1; Nexus 5X Build/MMB29P) AppleWebKit/537.36 (KHTML, like Gecko) Chrome/145.0.7632.116 Mobile Safari/537.36 (compatible; Googlebot/2.1; +http://www.google.com/bot.html)"
74.7.227.150 - - [14/Mar/2026:15:09:16 +0100] "GET /item/detail/226048574634 HTTP/2" 500 20 "https://www.armaneco.co.uk/sitemap_index.xml" "Mozilla/5.0 AppleWebKit/537.36 (KHTML, like Gecko; compatible; GPTBot/1.3; +https://openai.com/gptbot)"
40.77.167.55 - - [14/Mar/2026:15:09:08 +0100] "GET /item/detail/22632025772 HTTP/2" 200 24454 "-" "Mozilla/5.0 AppleWebKit/537.36 (KHTML, like Gecko; compatible; bingbot/2.0; +http://www.bing.com/bingbot.htm) Chrome/116.0.1938.76 Safari/537.36"
192.178.6.36 - - [14/Mar/2026:15:09:21 +0100] "GET /57ar30134-colour.html HTTP/1.1" 200 25557 "-" "Mozilla/5.0 (Linux; Android 6.0.1; Nexus 5X Build/MMB29P) AppleWebKit/537.36 (KHTML, like Gecko) Chrome/145.0.7632.116 Mobile Safari/537.36 (compatible; Googlebot/2.1; +http://www.google.com/bot.html)"
40.77.167.55 - - [14/Mar/2026:15:09:26 +0100] "GET /item/detail/22621697156 HTTP/2" 200 25793 "-" "Mozilla/5.0 AppleWebKit/537.36 (KHTML, like Gecko; compatible; bingbot/2.0; +http://www.bing.com/bingbot.htm) Chrome/116.0.1938.76 Safari/537.36"
192.178.6.35 - - [14/Mar/2026:15:09:33 +0100] "GET /shop/customer/bookmark.php?item/detail/22632100164 HTTP/1.1" 200 25166 "-" "Mozilla/5.0 (Linux; Android 6.0.1; Nexus 5X Build/MMB29P) AppleWebKit/537.36 (KHTML, like Gecko) Chrome/145.0.7632.116 Mobile Safari/537.36 (compatible; Googlebot/2.1; +http://www.google.com/bot.html)"
192.178.6.35 - - [14/Mar/2026:15:09:58 +0100] "GET /?item/detail/22642582760 HTTP/1.1" 200 25836 "-" "Mozilla/5.0 (Linux; Android 6.0.1; Nexus 5X Build/MMB29P) AppleWebKit/537.36 (KHTML, like Gecko) Chrome/145.0.7632.116 Mobile Safari/537.36 (compatible; Googlebot/2.1; +http://www.google.com/bot.html)"
74.7.227.150 - - [14/Mar/2026:15:10:18 +0100] "GET /item/detail/226243961279 HTTP/2" 500 20 "https://www.armaneco.co.uk/sitemap_index.xml" "Mozilla/5.0 AppleWebKit/537.36 (KHTML, like Gecko; compatible; GPTBot/1.3; +https://openai.com/gptbot)"
192.178.6.35 - - [14/Mar/2026:15:10:10 +0100] "GET /item/detail/2260719259 HTTP/1.1" 200 25579 "-" "Mozilla/5.0 (Linux; Android 6.0.1; Nexus 5X Build/MMB29P) AppleWebKit/537.36 (KHTML, like Gecko) Chrome/145.0.7632.116 Mobile Safari/537.36 (compatible; Googlebot/2.1; +http://www.google.com/bot.html)"
40.77.167.55 - - [14/Mar/2026:15:09:48 +0100] "GET /item/detail/22611352042 HTTP/2" 200 24652 "-" "Mozilla/5.0 AppleWebKit/537.36 (KHTML, like Gecko; compatible; bingbot/2.0; +http://www.bing.com/bingbot.htm) Chrome/116.0.1938.76 Safari/537.36"
40.77.167.55 - - [14/Mar/2026:15:10:08 +0100] "GET /shop/pg/22621657096 HTTP/2" 200 24746 "-" "Mozilla/5.0 AppleWebKit/537.36 (KHTML, like Gecko; compatible; bingbot/2.0; +http://www.bing.com/bingbot.htm) Chrome/116.0.1938.76 Safari/537.36"
40.77.167.41 - - [14/Mar/2026:15:10:13 +0100] "GET /item/detail/22642797800 HTTP/2" 200 25297 "-" "Mozilla/5.0 AppleWebKit/537.36 (KHTML, like Gecko; compatible; bingbot/2.0; +http://www.bing.com/bingbot.htm) Chrome/116.0.1938.76 Safari/537.36"
40.77.167.55 - - [14/Mar/2026:15:10:17 +0100] "GET /item/detail/22632020304 HTTP/2" 200 25285 "-" "Mozilla/5.0 AppleWebKit/537.36 (KHTML, like Gecko; compatible; bingbot/2.0; +http://www.bing.com/bingbot.htm) Chrome/116.0.1938.76 Safari/537.36"
192.178.6.35 - - [14/Mar/2026:15:10:29 +0100] "GET /?item/detail/22621796960 HTTP/1.1" 200 24542 "-" "Mozilla/5.0 (Linux; Android 6.0.1; Nexus 5X Build/MMB29P) AppleWebKit/537.36 (KHTML, like Gecko) Chrome/145.0.7632.116 Mobile Safari/537.36 (compatible; Googlebot/2.1; +http://www.google.com/bot.html)"
40.77.167.41 - - [14/Mar/2026:15:10:29 +0100] "GET /item/detail/22621634965 HTTP/2" 200 25446 "-" "Mozilla/5.0 AppleWebKit/537.36 (KHTML, like Gecko; compatible; bingbot/2.0; +http://www.bing.com/bingbot.htm) Chrome/116.0.1938.76 Safari/537.36"
192.178.6.35 - - [14/Mar/2026:15:10:38 +0100] "GET /?item/detail/22621744522 HTTP/1.1" 200 24833 "-" "Mozilla/5.0 (Linux; Android 6.0.1; Nexus 5X Build/MMB29P) AppleWebKit/537.36 (KHTML, like Gecko) Chrome/145.0.7632.116 Mobile Safari/537.36 (compatible; Googlebot/2.1; +http://www.google.com/bot.html)"
40.77.167.41 - - [14/Mar/2026:15:10:38 +0100] "GET /24ar121878-colour.html HTTP/2" 200 24101 "-" "Mozilla/5.0 AppleWebKit/537.36 (KHTML, like Gecko; compatible; bingbot/2.0; +http://www.bing.com/bingbot.htm) Chrome/116.0.1938.76 Safari/537.36"
207.46.13.160 - - [14/Mar/2026:15:10:43 +0100] "GET /item/detail/22642742440 HTTP/2" 200 24959 "-" "Mozilla/5.0 AppleWebKit/537.36 (KHTML, like Gecko; compatible; bingbot/2.0; +http://www.bing.com/bingbot.htm) Chrome/116.0.1938.76 Safari/537.36"
192.178.6.35 - - [14/Mar/2026:15:10:46 +0100] "GET /24ar2072532-colour.html HTTP/1.1" 200 25000 "-" "Mozilla/5.0 (Linux; Android 6.0.1; Nexus 5X Build/MMB29P) AppleWebKit/537.36 (KHTML, like Gecko) Chrome/145.0.7632.116 Mobile Safari/537.36 (compatible; Googlebot/2.1; +http://www.google.com/bot.html)"
192.178.6.35 - - [14/Mar/2026:15:10:58 +0100] "GET /shop/customer/bookmark.php?item/detail/22642858391 HTTP/1.1" 200 26052 "-" "Mozilla/5.0 (Linux; Android 6.0.1; Nexus 5X Build/MMB29P) AppleWebKit/537.36 (KHTML, like Gecko) Chrome/145.0.7632.116 Mobile Safari/537.36 (compatible; Googlebot/2.1; +http://www.google.com/bot.html)"
40.77.167.41 - - [14/Mar/2026:15:11:02 +0100] "GET /24ar387345-colour.html HTTP/2" 200 24794 "-" "Mozilla/5.0 AppleWebKit/537.36 (KHTML, like Gecko; compatible; bingbot/2.0; +http://www.bing.com/bingbot.htm) Chrome/116.0.1938.76 Safari/537.36"
192.178.6.35 - - [14/Mar/2026:15:11:10 +0100] "GET /?item/detail/22632495867 HTTP/1.1" 200 25304 "-" "Mozilla/5.0 (Linux; Android 6.0.1; Nexus 5X Build/MMB29P) AppleWebKit/537.36 (KHTML, like Gecko) Chrome/145.0.7632.116 Mobile Safari/537.36 (compatible; Googlebot/2.1; +http://www.google.com/bot.html)"
192.178.6.35 - - [14/Mar/2026:15:11:23 +0100] "GET /?item/detail/22611193476 HTTP/1.1" 200 25291 "-" "Mozilla/5.0 (Linux; Android 6.0.1; Nexus 5X Build/MMB29P) AppleWebKit/537.36 (KHTML, like Gecko) Chrome/145.0.7632.116 Mobile Safari/537.36 (compatible; Googlebot/2.1; +http://www.google.com/bot.html)"
40.77.167.55 - - [14/Mar/2026:15:10:38 +0100] "GET /item/detail/22632039816 HTTP/2" 200 25757 "-" "Mozilla/5.0 AppleWebKit/537.36 (KHTML, like Gecko; compatible; bingbot/2.0; +http://www.bing.com/bingbot.htm) Chrome/116.0.1938.76 Safari/537.36"
40.77.167.55 - - [14/Mar/2026:15:10:57 +0100] "GET /item/detail/22621693060 HTTP/2" 200 24793 "-" "Mozilla/5.0 AppleWebKit/537.36 (KHTML, like Gecko; compatible; bingbot/2.0; +http://www.bing.com/bingbot.htm) Chrome/116.0.1938.76 Safari/537.36"
74.7.227.150 - - [14/Mar/2026:15:11:21 +0100] "GET /item/detail/226045593039 HTTP/2" 500 20 "https://www.armaneco.co.uk/sitemap_index.xml" "Mozilla/5.0 AppleWebKit/537.36 (KHTML, like Gecko; compatible; GPTBot/1.3; +https://openai.com/gptbot)"
207.46.13.160 - - [14/Mar/2026:15:11:29 +0100] "GET /item/detail/2259417722 HTTP/2" 200 25123 "-" "Mozilla/5.0 AppleWebKit/537.36 (KHTML, like Gecko; compatible; bingbot/2.0; +http://www.bing.com/bingbot.htm) Chrome/116.0.1938.76 Safari/537.36"
207.46.13.160 - - [14/Mar/2026:15:11:49 +0100] "GET /item/detail/22611192639 HTTP/2" 200 24462 "-" "Mozilla/5.0 AppleWebKit/537.36 (KHTML, like Gecko; compatible; bingbot/2.0; +http://www.bing.com/bingbot.htm) Chrome/116.0.1938.76 Safari/537.36"
40.77.167.55 - - [14/Mar/2026:15:11:58 +0100] "GET /item/detail/22611083825 HTTP/2" 200 24812 "-" "Mozilla/5.0 AppleWebKit/537.36 (KHTML, like Gecko; compatible; bingbot/2.0; +http://www.bing.com/bingbot.htm) Chrome/116.0.1938.76 Safari/537.36"
40.77.167.55 - - [14/Mar/2026:15:12:07 +0100] "GET /item/detail/22621671045 HTTP/2" 200 24254 "-" "Mozilla/5.0 AppleWebKit/537.36 (KHTML, like Gecko; compatible; bingbot/2.0; +http://www.bing.com/bingbot.htm) Chrome/116.0.1938.76 Safari/537.36"
40.77.167.41 - - [14/Mar/2026:15:12:20 +0100] "GET /item/detail/22632192826 HTTP/2" 200 24731 "-" "Mozilla/5.0 AppleWebKit/537.36 (KHTML, like Gecko; compatible; bingbot/2.0; +http://www.bing.com/bingbot.htm) Chrome/116.0.1938.76 Safari/537.36"
192.178.6.36 - - [14/Mar/2026:15:12:24 +0100] "GET /shop/customer/bookmark.php?item/detail/2260914670 HTTP/1.1" 200 24636 "-" "Mozilla/5.0 (Linux; Android 6.0.1; Nexus 5X Build/MMB29P) AppleWebKit/537.36 (KHTML, like Gecko) Chrome/145.0.7632.116 Mobile Safari/537.36 (compatible; Googlebot/2.1; +http://www.google.com/bot.html)"
40.77.167.55 - - [14/Mar/2026:15:12:27 +0100] "GET /item/detail/22611158294 HTTP/2" 200 24945 "-" "Mozilla/5.0 AppleWebKit/537.36 (KHTML, like Gecko; compatible; bingbot/2.0; +http://www.bing.com/bingbot.htm) Chrome/116.0.1938.76 Safari/537.36"
192.178.6.35 - - [14/Mar/2026:15:12:36 +0100] "GET /shop/customer/bookmark.php?item/detail/2260839140 HTTP/1.1" 200 26035 "-" "Mozilla/5.0 (Linux; Android 6.0.1; Nexus 5X Build/MMB29P) AppleWebKit/537.36 (KHTML, like Gecko) Chrome/145.0.7632.116 Mobile Safari/537.36 (compatible; Googlebot/2.1; +http://www.google.com/bot.html)"
157.55.39.197 - - [14/Mar/2026:15:12:38 +0100] "GET /item/detail/2259467371 HTTP/2" 200 24646 "-" "Mozilla/5.0 AppleWebKit/537.36 (KHTML, like Gecko; compatible; bingbot/2.0; +http://www.bing.com/bingbot.htm) Chrome/116.0.1938.76 Safari/537.36"
74.7.227.150 - - [14/Mar/2026:15:13:30 +0100] "GET /item/detail/226350270846 HTTP/2" 500 20 "https://www.armaneco.co.uk/sitemap_index.xml" "Mozilla/5.0 AppleWebKit/537.36 (KHTML, like Gecko; compatible; GPTBot/1.3; +https://openai.com/gptbot)"
192.178.6.36 - - [14/Mar/2026:15:14:01 +0100] "GET /item/detail/22621589818 HTTP/1.1" 200 25586 "-" "Mozilla/5.0 (Linux; Android 6.0.1; Nexus 5X Build/MMB29P) AppleWebKit/537.36 (KHTML, like Gecko) Chrome/145.0.7632.116 Mobile Safari/537.36 (compatible; Googlebot/2.1; +http://www.google.com/bot.html)"
192.178.6.35 - - [14/Mar/2026:15:14:13 +0100] "GET /?item/detail/2260519236 HTTP/1.1" 200 24258 "-" "Mozilla/5.0 (Linux; Android 6.0.1; Nexus 5X Build/MMB29P) AppleWebKit/537.36 (KHTML, like Gecko) Chrome/145.0.7632.116 Mobile Safari/537.36 (compatible; Googlebot/2.1; +http://www.google.com/bot.html)"
192.178.6.35 - - [14/Mar/2026:15:11:35 +0100] "GET /item/detail/22621830512 HTTP/1.1" 200 24434 "-" "Mozilla/5.0 (Linux; Android 6.0.1; Nexus 5X Build/MMB29P) AppleWebKit/537.36 (KHTML, like Gecko) Chrome/145.0.7632.116 Mobile Safari/537.36 (compatible; Googlebot/2.1; +http://www.google.com/bot.html)"
207.46.13.160 - - [14/Mar/2026:15:12:09 +0100] "GET /item/detail/22642858105 HTTP/2" 200 25762 "-" "Mozilla/5.0 AppleWebKit/537.36 (KHTML, like Gecko; compatible; bingbot/2.0; +http://www.bing.com/bingbot.htm) Chrome/116.0.1938.76 Safari/537.36"
192.178.6.35 - - [14/Mar/2026:15:12:12 +0100] "GET /24ar2747445-colour.html HTTP/1.1" 200 24492 "-" "Mozilla/5.0 (Linux; Android 6.0.1; Nexus 5X Build/MMB29P) AppleWebKit/537.36 (KHTML, like Gecko) Chrome/145.0.7632.116 Mobile Safari/537.36 (compatible; Googlebot/2.1; +http://www.google.com/bot.html)"
74.7.227.150 - - [14/Mar/2026:15:12:27 +0100] "GET /item/detail/226344168084 HTTP/2" 500 20 "https://www.armaneco.co.uk/sitemap_index.xml" "Mozilla/5.0 AppleWebKit/537.36 (KHTML, like Gecko; compatible; GPTBot/1.3; +https://openai.com/gptbot)"
40.77.167.41 - - [14/Mar/2026:15:12:42 +0100] "GET /item/detail/22621600202 HTTP/2" 200 24554 "-" "Mozilla/5.0 AppleWebKit/537.36 (KHTML, like Gecko; compatible; bingbot/2.0; +http://www.bing.com/bingbot.htm) Chrome/116.0.1938.76 Safari/537.36"
192.178.6.35 - - [14/Mar/2026:15:12:48 +0100] "GET /?item/detail/2260964548 HTTP/1.1" 200 24395 "-" "Mozilla/5.0 (Linux; Android 6.0.1; Nexus 5X Build/MMB29P) AppleWebKit/537.36 (KHTML, like Gecko) Chrome/145.0.7632.116 Mobile Safari/537.36 (compatible; Googlebot/2.1; +http://www.google.com/bot.html)"
192.178.6.37 - - [14/Mar/2026:15:13:00 +0100] "GET /shop/customer/bookmark.php?item/detail/22611210980 HTTP/1.1" 200 24711 "-" "Mozilla/5.0 (Linux; Android 6.0.1; Nexus 5X Build/MMB29P) AppleWebKit/537.36 (KHTML, like Gecko) Chrome/145.0.7632.116 Mobile Safari/537.36 (compatible; Googlebot/2.1; +http://www.google.com/bot.html)"
192.178.6.35 - - [14/Mar/2026:15:13:41 +0100] "GET /55ar50631-colour.html HTTP/1.1" 200 24708 "-" "Mozilla/5.0 (Linux; Android 6.0.1; Nexus 5X Build/MMB29P) AppleWebKit/537.36 (KHTML, like Gecko) Chrome/145.0.7632.116 Mobile Safari/537.36 (compatible; Googlebot/2.1; +http://www.google.com/bot.html)"
192.178.6.35 - - [14/Mar/2026:15:13:49 +0100] "GET /shop/customer/bookmark.php?item/detail/22611255406 HTTP/1.1" 200 24658 "-" "Mozilla/5.0 (Linux; Android 6.0.1; Nexus 5X Build/MMB29P) AppleWebKit/537.36 (KHTML, like Gecko) Chrome/145.0.7632.116 Mobile Safari/537.36 (compatible; Googlebot/2.1; +http://www.google.com/bot.html)"
74.7.227.150 - - [14/Mar/2026:15:14:36 +0100] "GET /item/detail/225945068396 HTTP/2" 500 20 "https://www.armaneco.co.uk/sitemap_index.xml" "Mozilla/5.0 AppleWebKit/537.36 (KHTML, like Gecko; compatible; GPTBot/1.3; +https://openai.com/gptbot)"
192.178.6.35 - - [14/Mar/2026:15:14:35 +0100] "GET /item/detail/22642917665 HTTP/1.1" 200 24801 "-" "Mozilla/5.0 (Linux; Android 6.0.1; Nexus 5X Build/MMB29P) AppleWebKit/537.36 (KHTML, like Gecko) Chrome/145.0.7632.116 Mobile Safari/537.36 (compatible; Googlebot/2.1; +http://www.google.com/bot.html)"
192.178.6.35 - - [14/Mar/2026:15:15:29 +0100] "GET /item/detail/2259243602 HTTP/1.1" 200 25123 "-" "Mozilla/5.0 (Linux; Android 6.0.1; Nexus 5X Build/MMB29P) AppleWebKit/537.36 (KHTML, like Gecko) Chrome/145.0.7632.116 Mobile Safari/537.36 (compatible; Googlebot/2.1; +http://www.google.com/bot.html)"
74.7.227.150 - - [14/Mar/2026:15:15:37 +0100] "GET /item/detail/226344165273 HTTP/2" 500 20 "https://www.armaneco.co.uk/sitemap_index.xml" "Mozilla/5.0 AppleWebKit/537.36 (KHTML, like Gecko; compatible; GPTBot/1.3; +https://openai.com/gptbot)"
192.178.6.35 - - [14/Mar/2026:15:15:42 +0100] "GET /?item/detail/22632256280 HTTP/1.1" 200 24714 "-" "Mozilla/5.0 (Linux; Android 6.0.1; Nexus 5X Build/MMB29P) AppleWebKit/537.36 (KHTML, like Gecko) Chrome/145.0.7632.116 Mobile Safari/537.36 (compatible; Googlebot/2.1; +http://www.google.com/bot.html)"
192.178.6.36 - - [14/Mar/2026:15:15:17 +0100] "GET /24ar256433-colour.html HTTP/1.1" 200 24703 "-" "Mozilla/5.0 (Linux; Android 6.0.1; Nexus 5X Build/MMB29P) AppleWebKit/537.36 (KHTML, like Gecko) Chrome/145.0.7632.116 Mobile Safari/537.36 (compatible; Googlebot/2.1; +http://www.google.com/bot.html)"
192.178.6.36 - - [14/Mar/2026:15:16:03 +0100] "GET /?item/detail/22642997476 HTTP/1.1" 200 24895 "-" "Mozilla/5.0 (Linux; Android 6.0.1; Nexus 5X Build/MMB29P) AppleWebKit/537.36 (KHTML, like Gecko) Chrome/145.0.7632.116 Mobile Safari/537.36 (compatible; Googlebot/2.1; +http://www.google.com/bot.html)"
74.7.227.150 - - [14/Mar/2026:15:16:42 +0100] "GET /item/detail/226045937946 HTTP/2" 500 20 "https://www.armaneco.co.uk/sitemap_index.xml" "Mozilla/5.0 AppleWebKit/537.36 (KHTML, like Gecko; compatible; GPTBot/1.3; +https://openai.com/gptbot)"
192.178.6.35 - - [14/Mar/2026:15:17:18 +0100] "GET /?item/detail/22642569212 HTTP/1.1" 200 25756 "-" "Mozilla/5.0 (Linux; Android 6.0.1; Nexus 5X Build/MMB29P) AppleWebKit/537.36 (KHTML, like Gecko) Chrome/145.0.7632.116 Mobile Safari/537.36 (compatible; Googlebot/2.1; +http://www.google.com/bot.html)"
74.7.227.150 - - [14/Mar/2026:15:17:42 +0100] "GET /item/detail/226149072508 HTTP/2" 500 20 "https://www.armaneco.co.uk/sitemap_index.xml" "Mozilla/5.0 AppleWebKit/537.36 (KHTML, like Gecko; compatible; GPTBot/1.3; +https://openai.com/gptbot)"
192.178.6.35 - - [14/Mar/2026:15:17:52 +0100] "GET /item/detail/22611355782 HTTP/1.1" 200 24470 "-" "Mozilla/5.0 (Linux; Android 6.0.1; Nexus 5X Build/MMB29P) AppleWebKit/537.36 (KHTML, like Gecko) Chrome/145.0.7632.116 Mobile Safari/537.36 (compatible; Googlebot/2.1; +http://www.google.com/bot.html)"
192.178.6.37 - - [14/Mar/2026:15:18:04 +0100] "GET /item/detail/22621594976 HTTP/1.1" 200 24665 "-" "Mozilla/5.0 (Linux; Android 6.0.1; Nexus 5X Build/MMB29P) AppleWebKit/537.36 (KHTML, like Gecko) Chrome/145.0.7632.116 Mobile Safari/537.36 (compatible; Googlebot/2.1; +http://www.google.com/bot.html)"
192.178.6.35 - - [14/Mar/2026:15:15:50 +0100] "GET /item/detail/22611419188 HTTP/1.1" 200 24328 "-" "Mozilla/5.0 (Linux; Android 6.0.1; Nexus 5X Build/MMB29P) AppleWebKit/537.36 (KHTML, like Gecko) Chrome/145.0.7632.116 Mobile Safari/537.36 (compatible; Googlebot/2.1; +http://www.google.com/bot.html)"
192.178.6.35 - - [14/Mar/2026:15:16:15 +0100] "GET /item/detail/22621840441 HTTP/1.1" 200 24722 "-" "Mozilla/5.0 (Linux; Android 6.0.1; Nexus 5X Build/MMB29P) AppleWebKit/537.36 (KHTML, like Gecko) Chrome/145.0.7632.116 Mobile Safari/537.36 (compatible; Googlebot/2.1; +http://www.google.com/bot.html)"
192.178.6.35 - - [14/Mar/2026:15:16:47 +0100] "GET /24ar3863702-colour.html HTTP/1.1" 200 25084 "-" "Mozilla/5.0 (Linux; Android 6.0.1; Nexus 5X Build/MMB29P) AppleWebKit/537.36 (KHTML, like Gecko) Chrome/145.0.7632.116 Mobile Safari/537.36 (compatible; Googlebot/2.1; +http://www.google.com/bot.html)"
192.178.6.35 - - [14/Mar/2026:15:17:00 +0100] "GET /?item/detail/22611436922 HTTP/1.1" 200 24507 "-" "Mozilla/5.0 (Linux; Android 6.0.1; Nexus 5X Build/MMB29P) AppleWebKit/537.36 (KHTML, like Gecko) Chrome/145.0.7632.159 Mobile Safari/537.36 (compatible; Googlebot/2.1; +http://www.google.com/bot.html)"
192.178.6.35 - - [14/Mar/2026:15:17:39 +0100] "GET /?item/detail/22621992673 HTTP/1.1" 200 24885 "-" "Mozilla/5.0 (Linux; Android 6.0.1; Nexus 5X Build/MMB29P) AppleWebKit/537.36 (KHTML, like Gecko) Chrome/145.0.7632.116 Mobile Safari/537.36 (compatible; Googlebot/2.1; +http://www.google.com/bot.html)"
192.178.6.35 - - [14/Mar/2026:15:18:41 +0100] "GET /item/detail/2260736794 HTTP/1.1" 200 25848 "-" "Mozilla/5.0 (Linux; Android 6.0.1; Nexus 5X Build/MMB29P) AppleWebKit/537.36 (KHTML, like Gecko) Chrome/145.0.7632.116 Mobile Safari/537.36 (compatible; Googlebot/2.1; +http://www.google.com/bot.html)"
192.178.6.35 - - [14/Mar/2026:15:18:52 +0100] "GET /?item/detail/2259296316 HTTP/1.1" 200 24472 "-" "Mozilla/5.0 (Linux; Android 6.0.1; Nexus 5X Build/MMB29P) AppleWebKit/537.36 (KHTML, like Gecko) Chrome/145.0.7632.116 Mobile Safari/537.36 (compatible; Googlebot/2.1; +http://www.google.com/bot.html)"
192.178.6.35 - - [14/Mar/2026:15:19:18 +0100] "GET /shop/customer/bookmark.php?item/detail/22621809402 HTTP/1.1" 200 25205 "-" "Mozilla/5.0 (Linux; Android 6.0.1; Nexus 5X Build/MMB29P) AppleWebKit/537.36 (KHTML, like Gecko) Chrome/145.0.7632.116 Mobile Safari/537.36 (compatible; Googlebot/2.1; +http://www.google.com/bot.html)"
192.178.6.35 - - [14/Mar/2026:15:19:29 +0100] "GET /?item/detail/22611156909 HTTP/1.1" 200 26066 "-" "Mozilla/5.0 (Linux; Android 6.0.1; Nexus 5X Build/MMB29P) AppleWebKit/537.36 (KHTML, like Gecko) Chrome/145.0.7632.116 Mobile Safari/537.36 (compatible; Googlebot/2.1; +http://www.google.com/bot.html)"
192.178.6.35 - - [14/Mar/2026:15:19:54 +0100] "GET /?item/detail/22621707564 HTTP/1.1" 200 25063 "-" "Mozilla/5.0 (Linux; Android 6.0.1; Nexus 5X Build/MMB29P) AppleWebKit/537.36 (KHTML, like Gecko) Chrome/145.0.7632.116 Mobile Safari/537.36 (compatible; Googlebot/2.1; +http://www.google.com/bot.html)"
192.178.6.35 - - [14/Mar/2026:15:20:18 +0100] "GET /?item/detail/2259267615 HTTP/1.1" 200 25821 "-" "Mozilla/5.0 (Linux; Android 6.0.1; Nexus 5X Build/MMB29P) AppleWebKit/537.36 (KHTML, like Gecko) Chrome/145.0.7632.116 Mobile Safari/537.36 (compatible; Googlebot/2.1; +http://www.google.com/bot.html)"
192.178.6.35 - - [14/Mar/2026:15:20:30 +0100] "GET /shop/customer/bookmark.php?item/detail/2260745345 HTTP/1.1" 200 24876 "-" "Mozilla/5.0 (Linux; Android 6.0.1; Nexus 5X Build/MMB29P) AppleWebKit/537.36 (KHTML, like Gecko) Chrome/145.0.7632.116 Mobile Safari/537.36 (compatible; Googlebot/2.1; +http://www.google.com/bot.html)"
192.178.6.35 - - [14/Mar/2026:15:20:42 +0100] "GET /24ar1417478-colour.html HTTP/1.1" 200 24343 "-" "Mozilla/5.0 (Linux; Android 6.0.1; Nexus 5X Build/MMB29P) AppleWebKit/537.36 (KHTML, like Gecko) Chrome/145.0.7632.116 Mobile Safari/537.36 (compatible; Googlebot/2.1; +http://www.google.com/bot.html)"
52.167.144.158 - - [14/Mar/2026:15:20:56 +0100] "GET /24ar1064040-colour.html HTTP/2" 200 24427 "-" "Mozilla/5.0 AppleWebKit/537.36 (KHTML, like Gecko; compatible; bingbot/2.0; +http://www.bing.com/bingbot.htm) Chrome/116.0.1938.76 Safari/537.36"
192.178.6.35 - - [14/Mar/2026:15:21:19 +0100] "GET /24ar1016522-colour.html HTTP/1.1" 200 25484 "-" "Mozilla/5.0 (Linux; Android 6.0.1; Nexus 5X Build/MMB29P) AppleWebKit/537.36 (KHTML, like Gecko) Chrome/145.0.7632.116 Mobile Safari/537.36 (compatible; Googlebot/2.1; +http://www.google.com/bot.html)"
52.167.144.158 - - [14/Mar/2026:15:21:28 +0100] "GET /item/detail/22611463140 HTTP/2" 200 24450 "-" "Mozilla/5.0 AppleWebKit/537.36 (KHTML, like Gecko; compatible; bingbot/2.0; +http://www.bing.com/bingbot.htm) Chrome/116.0.1938.76 Safari/537.36"
192.178.6.35 - - [14/Mar/2026:15:21:31 +0100] "GET /shop/customer/bookmark.php?item/detail/2259290790 HTTP/1.1" 200 25274 "-" "Mozilla/5.0 (Linux; Android 6.0.1; Nexus 5X Build/MMB29P) AppleWebKit/537.36 (KHTML, like Gecko) Chrome/145.0.7632.116 Mobile Safari/537.36 (compatible; Googlebot/2.1; +http://www.google.com/bot.html)"
52.167.144.211 - - [14/Mar/2026:15:21:32 +0100] "GET /item/detail/2260749450 HTTP/2" 200 25671 "-" "Mozilla/5.0 AppleWebKit/537.36 (KHTML, like Gecko; compatible; bingbot/2.0; +http://www.bing.com/bingbot.htm) Chrome/116.0.1938.76 Safari/537.36"
192.178.6.35 - - [14/Mar/2026:15:18:16 +0100] "GET /24ar1210716-colour.html HTTP/1.1" 200 24510 "-" "Mozilla/5.0 (Linux; Android 6.0.1; Nexus 5X Build/MMB29P) AppleWebKit/537.36 (KHTML, like Gecko) Chrome/145.0.7632.116 Mobile Safari/537.36 (compatible; Googlebot/2.1; +http://www.google.com/bot.html)"
192.178.6.35 - - [14/Mar/2026:15:18:28 +0100] "GET /item/detail/22611278607 HTTP/1.1" 200 25435 "-" "Mozilla/5.0 (Linux; Android 6.0.1; Nexus 5X Build/MMB29P) AppleWebKit/537.36 (KHTML, like Gecko) Chrome/145.0.7632.116 Mobile Safari/537.36 (compatible; Googlebot/2.1; +http://www.google.com/bot.html)"
74.7.227.150 - - [14/Mar/2026:15:18:45 +0100] "GET /item/detail/226447796071 HTTP/2" 500 20 "https://www.armaneco.co.uk/sitemap_index.xml" "Mozilla/5.0 AppleWebKit/537.36 (KHTML, like Gecko; compatible; GPTBot/1.3; +https://openai.com/gptbot)"
192.178.6.35 - - [14/Mar/2026:15:19:05 +0100] "GET /item/detail/22642986578 HTTP/1.1" 200 24310 "-" "Mozilla/5.0 (Linux; Android 6.0.1; Nexus 5X Build/MMB29P) AppleWebKit/537.36 (KHTML, like Gecko) Chrome/145.0.7632.116 Mobile Safari/537.36 (compatible; Googlebot/2.1; +http://www.google.com/bot.html)"
74.7.227.150 - - [14/Mar/2026:15:19:46 +0100] "GET /item/detail/226447890748 HTTP/2" 500 20 "https://www.armaneco.co.uk/sitemap_index.xml" "Mozilla/5.0 AppleWebKit/537.36 (KHTML, like Gecko; compatible; GPTBot/1.3; +https://openai.com/gptbot)"
192.178.6.35 - - [14/Mar/2026:15:19:41 +0100] "GET /24ar2928115-colour.html HTTP/1.1" 200 24502 "-" "Mozilla/5.0 (Linux; Android 6.0.1; Nexus 5X Build/MMB29P) AppleWebKit/537.36 (KHTML, like Gecko) Chrome/145.0.7632.116 Mobile Safari/537.36 (compatible; Googlebot/2.1; +http://www.google.com/bot.html)"
192.178.6.35 - - [14/Mar/2026:15:20:06 +0100] "GET /item/detail/22621612396 HTTP/1.1" 200 25191 "-" "Mozilla/5.0 (Linux; Android 6.0.1; Nexus 5X Build/MMB29P) AppleWebKit/537.36 (KHTML, like Gecko) Chrome/145.0.7632.116 Mobile Safari/537.36 (compatible; Googlebot/2.1; +http://www.google.com/bot.html)"
74.7.227.150 - - [14/Mar/2026:15:20:49 +0100] "GET /item/detail/226344300678 HTTP/2" 500 20 "https://www.armaneco.co.uk/sitemap_index.xml" "Mozilla/5.0 AppleWebKit/537.36 (KHTML, like Gecko; compatible; GPTBot/1.3; +https://openai.com/gptbot)"
192.178.6.35 - - [14/Mar/2026:15:20:54 +0100] "GET /?item/detail/22632198360 HTTP/1.1" 200 24147 "-" "Mozilla/5.0 (Linux; Android 6.0.1; Nexus 5X Build/MMB29P) AppleWebKit/537.36 (KHTML, like Gecko) Chrome/145.0.7632.116 Mobile Safari/537.36 (compatible; Googlebot/2.1; +http://www.google.com/bot.html)"
74.7.227.150 - - [14/Mar/2026:15:21:55 +0100] "GET /item/detail/226048907064 HTTP/2" 500 20 "https://www.armaneco.co.uk/sitemap_index.xml" "Mozilla/5.0 AppleWebKit/537.36 (KHTML, like Gecko; compatible; GPTBot/1.3; +https://openai.com/gptbot)"
157.55.39.197 - - [14/Mar/2026:15:22:32 +0100] "GET /24ar4133738-colour.html HTTP/2" 200 24689 "-" "Mozilla/5.0 AppleWebKit/537.36 (KHTML, like Gecko; compatible; bingbot/2.0; +http://www.bing.com/bingbot.htm) Chrome/116.0.1938.76 Safari/537.36"
192.178.6.35 - - [14/Mar/2026:15:22:44 +0100] "GET /24ar4646915-colour.html HTTP/1.1" 200 24853 "-" "Mozilla/5.0 (Linux; Android 6.0.1; Nexus 5X Build/MMB29P) AppleWebKit/537.36 (KHTML, like Gecko) Chrome/145.0.7632.116 Mobile Safari/537.36 (compatible; Googlebot/2.1; +http://www.google.com/bot.html)"
157.55.39.197 - - [14/Mar/2026:15:22:50 +0100] "GET /item/detail/22621998873 HTTP/2" 200 24485 "-" "Mozilla/5.0 AppleWebKit/537.36 (KHTML, like Gecko; compatible; bingbot/2.0; +http://www.bing.com/bingbot.htm) Chrome/116.0.1938.76 Safari/537.36"
74.7.227.150 - - [14/Mar/2026:15:23:00 +0100] "GET /item/detail/226146085399 HTTP/2" 500 20 "https://www.armaneco.co.uk/sitemap_index.xml" "Mozilla/5.0 AppleWebKit/537.36 (KHTML, like Gecko; compatible; GPTBot/1.3; +https://openai.com/gptbot)"
157.55.39.197 - - [14/Mar/2026:15:22:59 +0100] "GET /item/detail/22632118657 HTTP/2" 200 25989 "-" "Mozilla/5.0 AppleWebKit/537.36 (KHTML, like Gecko; compatible; bingbot/2.0; +http://www.bing.com/bingbot.htm) Chrome/116.0.1938.76 Safari/537.36"
52.167.144.158 - - [14/Mar/2026:15:21:35 +0100] "GET /item/detail/22621903612 HTTP/2" 200 25247 "-" "Mozilla/5.0 AppleWebKit/537.36 (KHTML, like Gecko; compatible; bingbot/2.0; +http://www.bing.com/bingbot.htm) Chrome/116.0.1938.76 Safari/537.36"
192.178.6.35 - - [14/Mar/2026:15:21:43 +0100] "GET /?item/detail/22642930360 HTTP/1.1" 200 25534 "-" "Mozilla/5.0 (Linux; Android 6.0.1; Nexus 5X Build/MMB29P) AppleWebKit/537.36 (KHTML, like Gecko) Chrome/145.0.7632.116 Mobile Safari/537.36 (compatible; Googlebot/2.1; +http://www.google.com/bot.html)"
192.178.6.35 - - [14/Mar/2026:15:21:55 +0100] "GET /?item/detail/2260698340 HTTP/1.1" 200 24741 "-" "Mozilla/5.0 (Linux; Android 6.0.1; Nexus 5X Build/MMB29P) AppleWebKit/537.36 (KHTML, like Gecko) Chrome/145.0.7632.116 Mobile Safari/537.36 (compatible; Googlebot/2.1; +http://www.google.com/bot.html)"
157.55.39.197 - - [14/Mar/2026:15:21:59 +0100] "GET /item/detail/22611263421 HTTP/2" 200 24843 "-" "Mozilla/5.0 AppleWebKit/537.36 (KHTML, like Gecko; compatible; bingbot/2.0; +http://www.bing.com/bingbot.htm) Chrome/116.0.1938.76 Safari/537.36"
192.178.6.35 - - [14/Mar/2026:15:22:07 +0100] "GET /item/detail/2260745744 HTTP/1.1" 200 24978 "-" "Mozilla/5.0 (Linux; Android 6.0.1; Nexus 5X Build/MMB29P) AppleWebKit/537.36 (KHTML, like Gecko) Chrome/145.0.7632.116 Mobile Safari/537.36 (compatible; Googlebot/2.1; +http://www.google.com/bot.html)"
157.55.39.197 - - [14/Mar/2026:15:22:08 +0100] "GET /item/detail/225939556 HTTP/2" 200 25103 "-" "Mozilla/5.0 AppleWebKit/537.36 (KHTML, like Gecko; compatible; bingbot/2.0; +http://www.bing.com/bingbot.htm) Chrome/116.0.1938.76 Safari/537.36"
52.167.144.211 - - [14/Mar/2026:15:22:18 +0100] "GET /item/detail/22632098434 HTTP/2" 200 24750 "-" "Mozilla/5.0 AppleWebKit/537.36 (KHTML, like Gecko; compatible; bingbot/2.0; +http://www.bing.com/bingbot.htm) Chrome/116.0.1938.76 Safari/537.36"
52.167.144.211 - - [14/Mar/2026:15:22:21 +0100] "GET /57ar29227-colour.html HTTP/2" 200 24992 "-" "Mozilla/5.0 AppleWebKit/537.36 (KHTML, like Gecko; compatible; bingbot/2.0; +http://www.bing.com/bingbot.htm) Chrome/116.0.1938.76 Safari/537.36"
157.55.39.197 - - [14/Mar/2026:15:22:22 +0100] "GET /24ar3121087-colour.html HTTP/2" 200 25746 "-" "Mozilla/5.0 AppleWebKit/537.36 (KHTML, like Gecko; compatible; bingbot/2.0; +http://www.bing.com/bingbot.htm) Chrome/116.0.1938.76 Safari/537.36"
52.167.144.211 - - [14/Mar/2026:15:22:30 +0100] "GET /item/detail/22621980150 HTTP/2" 200 24343 "-" "Mozilla/5.0 AppleWebKit/537.36 (KHTML, like Gecko; compatible; bingbot/2.0; +http://www.bing.com/bingbot.htm) Chrome/116.0.1938.76 Safari/537.36"
52.167.144.211 - - [14/Mar/2026:15:22:39 +0100] "GET /item/detail/22611499944 HTTP/2" 200 25334 "-" "Mozilla/5.0 AppleWebKit/537.36 (KHTML, like Gecko; compatible; bingbot/2.0; +http://www.bing.com/bingbot.htm) Chrome/116.0.1938.76 Safari/537.36"
52.167.144.211 - - [14/Mar/2026:15:23:00 +0100] "GET /item/detail/2259224124 HTTP/2" 200 25997 "-" "Mozilla/5.0 AppleWebKit/537.36 (KHTML, like Gecko; compatible; bingbot/2.0; +http://www.bing.com/bingbot.htm) Chrome/116.0.1938.76 Safari/537.36"
157.55.39.197 - - [14/Mar/2026:15:23:21 +0100] "GET /item/detail/22642612184 HTTP/2" 200 26165 "-" "Mozilla/5.0 AppleWebKit/537.36 (KHTML, like Gecko; compatible; bingbot/2.0; +http://www.bing.com/bingbot.htm) Chrome/116.0.1938.76 Safari/537.36"
192.178.6.35 - - [14/Mar/2026:15:23:45 +0100] "GET /?item/detail/22611366754 HTTP/1.1" 200 25451 "-" "Mozilla/5.0 (Linux; Android 6.0.1; Nexus 5X Build/MMB29P) AppleWebKit/537.36 (KHTML, like Gecko) Chrome/145.0.7632.116 Mobile Safari/537.36 (compatible; Googlebot/2.1; +http://www.google.com/bot.html)"
192.178.6.37 - - [14/Mar/2026:15:24:09 +0100] "GET /24ar1167708-colour.html HTTP/1.1" 200 24539 "-" "Mozilla/5.0 (Linux; Android 6.0.1; Nexus 5X Build/MMB29P) AppleWebKit/537.36 (KHTML, like Gecko) Chrome/145.0.7632.116 Mobile Safari/537.36 (compatible; Googlebot/2.1; +http://www.google.com/bot.html)"
192.178.6.35 - - [14/Mar/2026:15:23:08 +0100] "GET /?item/detail/22611026600 HTTP/1.1" 200 25154 "-" "Mozilla/5.0 (Linux; Android 6.0.1; Nexus 5X Build/MMB29P) AppleWebKit/537.36 (KHTML, like Gecko) Chrome/145.0.7632.116 Mobile Safari/537.36 (compatible; Googlebot/2.1; +http://www.google.com/bot.html)"
192.178.6.36 - - [14/Mar/2026:15:23:20 +0100] "GET /?item/detail/225960560 HTTP/1.1" 200 24419 "-" "Mozilla/5.0 (Linux; Android 6.0.1; Nexus 5X Build/MMB29P) AppleWebKit/537.36 (KHTML, like Gecko) Chrome/145.0.7632.116 Mobile Safari/537.36 (compatible; Googlebot/2.1; +http://www.google.com/bot.html)"
52.167.144.211 - - [14/Mar/2026:15:23:25 +0100] "GET /item/detail/22642611645 HTTP/2" 200 24691 "-" "Mozilla/5.0 AppleWebKit/537.36 (KHTML, like Gecko; compatible; bingbot/2.0; +http://www.bing.com/bingbot.htm) Chrome/116.0.1938.76 Safari/537.36"
