192.178.6.35 - - [14/Mar/2026:17:30:45 +0100] "GET /shop/customer/bookmark.php?item/detail/22632362293 HTTP/1.1" 200 24267 "-" "Mozilla/5.0 (Linux; Android 6.0.1; Nexus 5X Build/MMB29P) AppleWebKit/537.36 (KHTML, like Gecko) Chrome/145.0.7632.116 Mobile Safari/537.36 (compatible; Googlebot/2.1; +http://www.google.com/bot.html)"
57.141.20.1 - - [14/Mar/2026:17:30:59 +0100] "GET /item/detail/22617196935 HTTP/2" 500 0 "-" "meta-externalagent/1.1 (+https://developers.facebook.com/docs/sharing/webmasters/crawler)"
192.178.6.35 - - [14/Mar/2026:17:30:56 +0100] "GET /item/detail/22642993450 HTTP/1.1" 200 24650 "-" "Mozilla/5.0 (Linux; Android 6.0.1; Nexus 5X Build/MMB29P) AppleWebKit/537.36 (KHTML, like Gecko) Chrome/145.0.7632.116 Mobile Safari/537.36 (compatible; Googlebot/2.1; +http://www.google.com/bot.html)"
74.7.227.150 - - [14/Mar/2026:17:31:15 +0100] "GET /item/detail/226344087669 HTTP/2" 500 20 "https://www.armaneco.co.uk/sitemap_index.xml" "Mozilla/5.0 AppleWebKit/537.36 (KHTML, like Gecko; compatible; GPTBot/1.3; +https://openai.com/gptbot)"
192.178.6.35 - - [14/Mar/2026:17:31:07 +0100] "GET /shop/customer/bookmark.php?item/detail/22632010139 HTTP/1.1" 200 26282 "-" "Mozilla/5.0 (Linux; Android 6.0.1; Nexus 5X Build/MMB29P) AppleWebKit/537.36 (KHTML, like Gecko) Chrome/145.0.7632.116 Mobile Safari/537.36 (compatible; Googlebot/2.1; +http://www.google.com/bot.html)"
192.178.6.35 - - [14/Mar/2026:17:31:19 +0100] "GET /shop/pg/621063 HTTP/1.1" 200 24953 "-" "Mozilla/5.0 (Linux; Android 6.0.1; Nexus 5X Build/MMB29P) AppleWebKit/537.36 (KHTML, like Gecko) Chrome/145.0.7632.116 Mobile Safari/537.36 (compatible; Googlebot/2.1; +http://www.google.com/bot.html)"
192.178.6.35 - - [14/Mar/2026:17:31:31 +0100] "GET /24ar2737383-kubo-real-madrid-jersey.html HTTP/1.1" 200 24723 "-" "Mozilla/5.0 (Linux; Android 6.0.1; Nexus 5X Build/MMB29P) AppleWebKit/537.36 (KHTML, like Gecko) Chrome/145.0.7632.116 Mobile Safari/537.36 (compatible; Googlebot/2.1; +http://www.google.com/bot.html)"
192.178.6.35 - - [14/Mar/2026:17:31:42 +0100] "GET /shop/pg/22621551477 HTTP/1.1" 200 25914 "-" "Mozilla/5.0 (Linux; Android 6.0.1; Nexus 5X Build/MMB29P) AppleWebKit/537.36 (KHTML, like Gecko) Chrome/145.0.7632.116 Mobile Safari/537.36 (compatible; Googlebot/2.1; +http://www.google.com/bot.html)"
192.178.6.35 - - [14/Mar/2026:17:31:54 +0100] "GET /54ar679072-only-blush-jeans.html HTTP/1.1" 200 25195 "-" "Mozilla/5.0 (Linux; Android 6.0.1; Nexus 5X Build/MMB29P) AppleWebKit/537.36 (KHTML, like Gecko) Chrome/145.0.7632.116 Mobile Safari/537.36 (compatible; Googlebot/2.1; +http://www.google.com/bot.html)"
74.7.227.150 - - [14/Mar/2026:17:33:21 +0100] "GET /item/detail/226347428253 HTTP/2" 500 20 "https://www.armaneco.co.uk/sitemap_index.xml" "Mozilla/5.0 AppleWebKit/537.36 (KHTML, like Gecko; compatible; GPTBot/1.3; +https://openai.com/gptbot)"
192.178.6.35 - - [14/Mar/2026:17:33:26 +0100] "GET /24ar2330011-hart-hat.html HTTP/1.1" 200 25170 "-" "Mozilla/5.0 (Linux; Android 6.0.1; Nexus 5X Build/MMB29P) AppleWebKit/537.36 (KHTML, like Gecko) Chrome/145.0.7632.116 Mobile Safari/537.36 (compatible; Googlebot/2.1; +http://www.google.com/bot.html)"
192.178.6.35 - - [14/Mar/2026:17:33:35 +0100] "GET /shop/pg/22642583209 HTTP/1.1" 200 24718 "-" "Mozilla/5.0 (Linux; Android 6.0.1; Nexus 5X Build/MMB29P) AppleWebKit/537.36 (KHTML, like Gecko) Chrome/145.0.7632.116 Mobile Safari/537.36 (compatible; Googlebot/2.1; +http://www.google.com/bot.html)"
192.178.6.35 - - [14/Mar/2026:17:33:45 +0100] "GET /shop/customer/bookmark.php?item/detail/22632332260 HTTP/1.1" 200 24729 "-" "Mozilla/5.0 (Linux; Android 6.0.1; Nexus 5X Build/MMB29P) AppleWebKit/537.36 (KHTML, like Gecko) Chrome/145.0.7632.116 Mobile Safari/537.36 (compatible; Googlebot/2.1; +http://www.google.com/bot.html)"
192.178.6.35 - - [14/Mar/2026:17:33:54 +0100] "GET /item/detail/22642981362 HTTP/1.1" 200 24872 "-" "Mozilla/5.0 (Linux; Android 6.0.1; Nexus 5X Build/MMB29P) AppleWebKit/537.36 (KHTML, like Gecko) Chrome/145.0.7632.116 Mobile Safari/537.36 (compatible; Googlebot/2.1; +http://www.google.com/bot.html)"
192.178.6.35 - - [14/Mar/2026:17:34:04 +0100] "GET /shop/pg/2260960290 HTTP/1.1" 200 24609 "-" "Mozilla/5.0 (Linux; Android 6.0.1; Nexus 5X Build/MMB29P) AppleWebKit/537.36 (KHTML, like Gecko) Chrome/145.0.7632.116 Mobile Safari/537.36 (compatible; Googlebot/2.1; +http://www.google.com/bot.html)"
57.141.20.48 - - [14/Mar/2026:17:34:19 +0100] "GET /item/detail/22596037450 HTTP/2" 500 0 "-" "meta-externalagent/1.1 (+https://developers.facebook.com/docs/sharing/webmasters/crawler)"
192.178.6.35 - - [14/Mar/2026:17:34:13 +0100] "GET /shop/customer/bookmark.php?item/detail/22632022362 HTTP/1.1" 200 28029 "-" "Mozilla/5.0 (Linux; Android 6.0.1; Nexus 5X Build/MMB29P) AppleWebKit/537.36 (KHTML, like Gecko) Chrome/145.0.7632.116 Mobile Safari/537.36 (compatible; Googlebot/2.1; +http://www.google.com/bot.html)"
74.7.227.150 - - [14/Mar/2026:17:34:24 +0100] "GET /item/detail/226344291084 HTTP/2" 500 20 "https://www.armaneco.co.uk/sitemap_index.xml" "Mozilla/5.0 AppleWebKit/537.36 (KHTML, like Gecko; compatible; GPTBot/1.3; +https://openai.com/gptbot)"
192.178.6.35 - - [14/Mar/2026:17:34:23 +0100] "GET /item/detail/22632226834 HTTP/1.1" 200 24671 "-" "Mozilla/5.0 (Linux; Android 6.0.1; Nexus 5X Build/MMB29P) AppleWebKit/537.36 (KHTML, like Gecko) Chrome/145.0.7632.116 Mobile Safari/537.36 (compatible; Googlebot/2.1; +http://www.google.com/bot.html)"
192.178.6.35 - - [14/Mar/2026:17:34:41 +0100] "GET /shop/pg/22611172026 HTTP/1.1" 200 25209 "-" "Mozilla/5.0 (Linux; Android 6.0.1; Nexus 5X Build/MMB29P) AppleWebKit/537.36 (KHTML, like Gecko) Chrome/145.0.7632.116 Mobile Safari/537.36 (compatible; Googlebot/2.1; +http://www.google.com/bot.html)"
192.178.6.35 - - [14/Mar/2026:17:34:50 +0100] "GET /shop/customer/bookmark.php?item/detail/2260632483 HTTP/1.1" 200 24675 "-" "Mozilla/5.0 (Linux; Android 6.0.1; Nexus 5X Build/MMB29P) AppleWebKit/537.36 (KHTML, like Gecko) Chrome/145.0.7632.116 Mobile Safari/537.36 (compatible; Googlebot/2.1; +http://www.google.com/bot.html)"
192.178.6.35 - - [14/Mar/2026:17:34:59 +0100] "GET /item/detail/225916939 HTTP/1.1" 200 25187 "-" "Mozilla/5.0 (Linux; Android 6.0.1; Nexus 5X Build/MMB29P) AppleWebKit/537.36 (KHTML, like Gecko) Chrome/145.0.7632.116 Mobile Safari/537.36 (compatible; Googlebot/2.1; +http://www.google.com/bot.html)"
192.178.6.35 - - [14/Mar/2026:17:35:08 +0100] "GET /shop/pg/1892307 HTTP/1.1" 200 24398 "-" "Mozilla/5.0 (Linux; Android 6.0.1; Nexus 5X Build/MMB29P) AppleWebKit/537.36 (KHTML, like Gecko) Chrome/145.0.7632.116 Mobile Safari/537.36 (compatible; Googlebot/2.1; +http://www.google.com/bot.html)"
57.141.20.41 - - [14/Mar/2026:17:32:06 +0100] "GET /item/detail/22624962929 HTTP/2" 500 0 "-" "meta-externalagent/1.1 (+https://developers.facebook.com/docs/sharing/webmasters/crawler)"
192.178.6.35 - - [14/Mar/2026:17:32:06 +0100] "GET /?item/detail/22642799825 HTTP/1.1" 200 24971 "-" "Mozilla/5.0 (Linux; Android 6.0.1; Nexus 5X Build/MMB29P) AppleWebKit/537.36 (KHTML, like Gecko) Chrome/145.0.7632.116 Mobile Safari/537.36 (compatible; GoogleOther)"
74.7.227.150 - - [14/Mar/2026:17:32:17 +0100] "GET /item/detail/226045950579 HTTP/2" 500 20 "https://www.armaneco.co.uk/sitemap_index.xml" "Mozilla/5.0 AppleWebKit/537.36 (KHTML, like Gecko; compatible; GPTBot/1.3; +https://openai.com/gptbot)"
192.178.6.35 - - [14/Mar/2026:17:32:17 +0100] "GET /shop/customer/bookmark.php?item/detail/225999895 HTTP/1.1" 200 26688 "-" "Mozilla/5.0 (Linux; Android 6.0.1; Nexus 5X Build/MMB29P) AppleWebKit/537.36 (KHTML, like Gecko) Chrome/145.0.7632.116 Mobile Safari/537.36 (compatible; Googlebot/2.1; +http://www.google.com/bot.html)"
192.178.6.35 - - [14/Mar/2026:17:32:28 +0100] "GET /shop/customer/bookmark.php?item/detail/22632282669 HTTP/1.1" 200 26019 "-" "Mozilla/5.0 (Linux; Android 6.0.1; Nexus 5X Build/MMB29P) AppleWebKit/537.36 (KHTML, like Gecko) Chrome/145.0.7632.116 Mobile Safari/537.36 (compatible; Googlebot/2.1; +http://www.google.com/bot.html)"
192.178.6.35 - - [14/Mar/2026:17:32:57 +0100] "GET /item/detail/22632406252 HTTP/1.1" 200 24261 "-" "Mozilla/5.0 (Linux; Android 6.0.1; Nexus 5X Build/MMB29P) AppleWebKit/537.36 (KHTML, like Gecko) Chrome/145.0.7632.116 Mobile Safari/537.36 (compatible; Googlebot/2.1; +http://www.google.com/bot.html)"
57.141.20.54 - - [14/Mar/2026:17:33:12 +0100] "GET /item/detail/225975149056 HTTP/2" 500 0 "-" "meta-externalagent/1.1 (+https://developers.facebook.com/docs/sharing/webmasters/crawler)"
192.178.6.37 - - [14/Mar/2026:17:33:07 +0100] "GET /?item/detail/2259119227 HTTP/1.1" 200 24268 "-" "Mozilla/5.0 (Linux; Android 6.0.1; Nexus 5X Build/MMB29P) AppleWebKit/537.36 (KHTML, like Gecko) Chrome/145.0.7632.116 Mobile Safari/537.36 (compatible; Googlebot/2.1; +http://www.google.com/bot.html)"
192.178.6.36 - - [14/Mar/2026:17:33:16 +0100] "GET /shop/pg/804701 HTTP/1.1" 200 25173 "-" "Mozilla/5.0 (Linux; Android 6.0.1; Nexus 5X Build/MMB29P) AppleWebKit/537.36 (KHTML, like Gecko) Chrome/145.0.7632.116 Mobile Safari/537.36 (compatible; Googlebot/2.1; +http://www.google.com/bot.html)"
57.141.20.38 - - [14/Mar/2026:17:35:26 +0100] "GET /item/detail/226146024405 HTTP/2" 500 0 "-" "meta-externalagent/1.1 (+https://developers.facebook.com/docs/sharing/webmasters/crawler)"
74.7.227.150 - - [14/Mar/2026:17:36:28 +0100] "GET /item/detail/226146065896 HTTP/2" 500 20 "https://www.armaneco.co.uk/sitemap_index.xml" "Mozilla/5.0 AppleWebKit/537.36 (KHTML, like Gecko; compatible; GPTBot/1.3; +https://openai.com/gptbot)"
192.178.6.35 - - [14/Mar/2026:17:36:23 +0100] "GET /53ar280155-luisaviaroma-maglia-in-misto-acrilico-a-righe.html HTTP/1.1" 200 25091 "-" "Mozilla/5.0 (Linux; Android 6.0.1; Nexus 5X Build/MMB29P) AppleWebKit/537.36 (KHTML, like Gecko) Chrome/145.0.7632.116 Mobile Safari/537.36 (compatible; Googlebot/2.1; +http://www.google.com/bot.html)"
192.178.6.35 - - [14/Mar/2026:17:36:32 +0100] "GET /?item/detail/22632285910 HTTP/1.1" 200 24646 "-" "Mozilla/5.0 (Linux; Android 6.0.1; Nexus 5X Build/MMB29P) AppleWebKit/537.36 (KHTML, like Gecko) Chrome/145.0.7632.159 Mobile Safari/537.36 (compatible; Googlebot/2.1; +http://www.google.com/bot.html)"
192.178.6.35 - - [14/Mar/2026:17:36:49 +0100] "GET /shop/customer/bookmark.php?item/detail/22642785614 HTTP/1.1" 200 24990 "-" "Mozilla/5.0 (Linux; Android 6.0.1; Nexus 5X Build/MMB29P) AppleWebKit/537.36 (KHTML, like Gecko) Chrome/145.0.7632.116 Mobile Safari/537.36 (compatible; Googlebot/2.1; +http://www.google.com/bot.html)"
74.7.227.150 - - [14/Mar/2026:17:35:25 +0100] "GET /item/detail/226048897413 HTTP/2" 500 20 "https://www.armaneco.co.uk/sitemap_index.xml" "Mozilla/5.0 AppleWebKit/537.36 (KHTML, like Gecko; compatible; GPTBot/1.3; +https://openai.com/gptbot)"
192.178.6.35 - - [14/Mar/2026:17:35:18 +0100] "GET /24ar1386829-cheap-north-face-coats-mens.html HTTP/1.1" 200 25247 "-" "Mozilla/5.0 (Linux; Android 6.0.1; Nexus 5X Build/MMB29P) AppleWebKit/537.36 (KHTML, like Gecko) Chrome/145.0.7632.116 Mobile Safari/537.36 (compatible; Googlebot/2.1; +http://www.google.com/bot.html)"
192.178.6.35 - - [14/Mar/2026:17:35:27 +0100] "GET /shop/customer/bookmark.php?item/detail/22621729962 HTTP/1.1" 200 25151 "-" "Mozilla/5.0 (Linux; Android 6.0.1; Nexus 5X Build/MMB29P) AppleWebKit/537.36 (KHTML, like Gecko) Chrome/145.0.7632.116 Mobile Safari/537.36 (compatible; Googlebot/2.1; +http://www.google.com/bot.html)"
192.178.6.35 - - [14/Mar/2026:17:35:36 +0100] "GET /item/detail/22632312480 HTTP/1.1" 200 24951 "-" "Mozilla/5.0 (Linux; Android 6.0.1; Nexus 5X Build/MMB29P) AppleWebKit/537.36 (KHTML, like Gecko) Chrome/145.0.7632.116 Mobile Safari/537.36 (compatible; Googlebot/2.1; +http://www.google.com/bot.html)"
192.178.6.35 - - [14/Mar/2026:17:35:46 +0100] "GET /shop/pg/1995858 HTTP/1.1" 200 24756 "-" "Mozilla/5.0 (Linux; Android 6.0.1; Nexus 5X Build/MMB29P) AppleWebKit/537.36 (KHTML, like Gecko) Chrome/145.0.7632.116 Mobile Safari/537.36 (compatible; Googlebot/2.1; +http://www.google.com/bot.html)"
57.141.20.38 - - [14/Mar/2026:17:36:32 +0100] "GET /item/detail/22603821719 HTTP/2" 500 0 "-" "meta-externalagent/1.1 (+https://developers.facebook.com/docs/sharing/webmasters/crawler)"
57.141.20.51 - - [14/Mar/2026:17:37:39 +0100] "GET /item/detail/226347496040 HTTP/2" 500 0 "-" "meta-externalagent/1.1 (+https://developers.facebook.com/docs/sharing/webmasters/crawler)"
192.178.6.35 - - [14/Mar/2026:17:37:36 +0100] "GET /item/detail/2259473676 HTTP/1.1" 200 24618 "-" "Mozilla/5.0 (Linux; Android 6.0.1; Nexus 5X Build/MMB29P) AppleWebKit/537.36 (KHTML, like Gecko) Chrome/145.0.7632.116 Mobile Safari/537.36 (compatible; Googlebot/2.1; +http://www.google.com/bot.html)"
20.15.133.175 - - [14/Mar/2026:17:37:38 +0100] "GET /item/detail/2260560272 HTTP/2" 200 25887 "-" "Mozilla/5.0 AppleWebKit/537.36 (KHTML, like Gecko; compatible; bingbot/2.0; +http://www.bing.com/bingbot.htm) Chrome/116.0.1938.76 Safari/537.36"
192.178.6.35 - - [14/Mar/2026:17:37:44 +0100] "GET /shop/pg/956056 HTTP/1.1" 200 24597 "-" "Mozilla/5.0 (Linux; Android 6.0.1; Nexus 5X Build/MMB29P) AppleWebKit/537.36 (KHTML, like Gecko) Chrome/145.0.7632.116 Mobile Safari/537.36 (compatible; Googlebot/2.1; +http://www.google.com/bot.html)"
192.178.6.35 - - [14/Mar/2026:17:37:53 +0100] "GET /?item/detail/22621596830 HTTP/1.1" 200 25046 "-" "Mozilla/5.0 (Linux; Android 6.0.1; Nexus 5X Build/MMB29P) AppleWebKit/537.36 (KHTML, like Gecko) Chrome/145.0.7632.116 Mobile Safari/537.36 (compatible; Googlebot/2.1; +http://www.google.com/bot.html)"
192.178.6.35 - - [14/Mar/2026:17:38:02 +0100] "GET /shop/pg/22621800731 HTTP/1.1" 200 24621 "-" "Mozilla/5.0 (Linux; Android 6.0.1; Nexus 5X Build/MMB29P) AppleWebKit/537.36 (KHTML, like Gecko) Chrome/145.0.7632.116 Mobile Safari/537.36 (compatible; Googlebot/2.1; +http://www.google.com/bot.html)"
192.178.6.35 - - [14/Mar/2026:17:38:10 +0100] "GET /shop/customer/bookmark.php?item/detail/2260878385 HTTP/1.1" 200 25718 "-" "Mozilla/5.0 (Linux; Android 6.0.1; Nexus 5X Build/MMB29P) AppleWebKit/537.36 (KHTML, like Gecko) Chrome/145.0.7632.116 Mobile Safari/537.36 (compatible; Googlebot/2.1; +http://www.google.com/bot.html)"
192.178.6.35 - - [14/Mar/2026:17:38:19 +0100] "GET /item/detail/22621969917 HTTP/1.1" 200 25939 "-" "Mozilla/5.0 (Linux; Android 6.0.1; Nexus 5X Build/MMB29P) AppleWebKit/537.36 (KHTML, like Gecko) Chrome/145.0.7632.116 Mobile Safari/537.36 (compatible; Googlebot/2.1; +http://www.google.com/bot.html)"
192.178.6.35 - - [14/Mar/2026:17:36:59 +0100] "GET /item/detail/22632427040 HTTP/1.1" 200 24643 "-" "Mozilla/5.0 (Linux; Android 6.0.1; Nexus 5X Build/MMB29P) AppleWebKit/537.36 (KHTML, like Gecko) Chrome/145.0.7632.116 Mobile Safari/537.36 (compatible; Googlebot/2.1; +http://www.google.com/bot.html)"
192.178.6.35 - - [14/Mar/2026:17:37:08 +0100] "GET /shop/pg/88519 HTTP/1.1" 200 24431 "-" "Mozilla/5.0 (Linux; Android 6.0.1; Nexus 5X Build/MMB29P) AppleWebKit/537.36 (KHTML, like Gecko) Chrome/145.0.7632.116 Mobile Safari/537.36 (compatible; Googlebot/2.1; +http://www.google.com/bot.html)"
192.178.6.35 - - [14/Mar/2026:17:37:18 +0100] "GET /shop/customer/bookmark.php?item/detail/225911066 HTTP/1.1" 200 25003 "-" "Mozilla/5.0 (Linux; Android 6.0.1; Nexus 5X Build/MMB29P) AppleWebKit/537.36 (KHTML, like Gecko) Chrome/145.0.7632.116 Mobile Safari/537.36 (compatible; Googlebot/2.1; +http://www.google.com/bot.html)"
74.7.227.150 - - [14/Mar/2026:17:37:30 +0100] "GET /item/detail/226447761913 HTTP/2" 500 20 "https://www.armaneco.co.uk/sitemap_index.xml" "Mozilla/5.0 AppleWebKit/537.36 (KHTML, like Gecko; compatible; GPTBot/1.3; +https://openai.com/gptbot)"
74.7.227.150 - - [14/Mar/2026:17:38:31 +0100] "GET /item/detail/226045789158 HTTP/2" 500 20 "https://www.armaneco.co.uk/sitemap_index.xml" "Mozilla/5.0 AppleWebKit/537.36 (KHTML, like Gecko; compatible; GPTBot/1.3; +https://openai.com/gptbot)"
40.77.167.27 - - [14/Mar/2026:17:38:43 +0100] "GET /item/detail/2259425268 HTTP/2" 200 24042 "-" "Mozilla/5.0 AppleWebKit/537.36 (KHTML, like Gecko; compatible; bingbot/2.0; +http://www.bing.com/bingbot.htm) Chrome/116.0.1938.76 Safari/537.36"
52.167.144.140 - - [14/Mar/2026:17:39:04 +0100] "GET /item/detail/22611147856 HTTP/2" 200 25262 "-" "Mozilla/5.0 AppleWebKit/537.36 (KHTML, like Gecko; compatible; bingbot/2.0; +http://www.bing.com/bingbot.htm) Chrome/116.0.1938.76 Safari/537.36"
192.178.6.37 - - [14/Mar/2026:17:39:11 +0100] "GET /?item/detail/2260796269 HTTP/1.1" 200 24990 "-" "Mozilla/5.0 (Linux; Android 6.0.1; Nexus 5X Build/MMB29P) AppleWebKit/537.36 (KHTML, like Gecko) Chrome/145.0.7632.116 Mobile Safari/537.36 (compatible; Googlebot/2.1; +http://www.google.com/bot.html)"
40.77.167.149 - - [14/Mar/2026:17:39:13 +0100] "GET /item/detail/22632121489 HTTP/2" 200 26938 "-" "Mozilla/5.0 AppleWebKit/537.36 (KHTML, like Gecko; compatible; bingbot/2.0; +http://www.bing.com/bingbot.htm) Chrome/116.0.1938.76 Safari/537.36"
74.7.227.150 - - [14/Mar/2026:17:39:31 +0100] "GET /item/detail/226243971644 HTTP/2" 500 20 "https://www.armaneco.co.uk/sitemap_index.xml" "Mozilla/5.0 AppleWebKit/537.36 (KHTML, like Gecko; compatible; GPTBot/1.3; +https://openai.com/gptbot)"
192.178.6.36 - - [14/Mar/2026:17:39:22 +0100] "GET /shop/customer/bookmark.php?item/detail/2259264346 HTTP/1.1" 200 24857 "-" "Mozilla/5.0 (Linux; Android 6.0.1; Nexus 5X Build/MMB29P) AppleWebKit/537.36 (KHTML, like Gecko) Chrome/145.0.7632.116 Mobile Safari/537.36 (compatible; Googlebot/2.1; +http://www.google.com/bot.html)"
192.178.6.36 - - [14/Mar/2026:17:39:33 +0100] "GET /shop/customer/bookmark.php?item/detail/2259382639 HTTP/1.1" 200 25879 "-" "Mozilla/5.0 (Linux; Android 6.0.1; Nexus 5X Build/MMB29P) AppleWebKit/537.36 (KHTML, like Gecko) Chrome/145.0.7632.116 Mobile Safari/537.36 (compatible; Googlebot/2.1; +http://www.google.com/bot.html)"
157.55.39.60 - - [14/Mar/2026:17:39:39 +0100] "GET /item/detail/2260873097 HTTP/2" 200 24321 "-" "Mozilla/5.0 AppleWebKit/537.36 (KHTML, like Gecko; compatible; bingbot/2.0; +http://www.bing.com/bingbot.htm) Chrome/116.0.1938.76 Safari/537.36"
40.77.167.149 - - [14/Mar/2026:17:39:43 +0100] "GET /item/detail/22611187597 HTTP/2" 200 25053 "-" "Mozilla/5.0 AppleWebKit/537.36 (KHTML, like Gecko; compatible; bingbot/2.0; +http://www.bing.com/bingbot.htm) Chrome/116.0.1938.76 Safari/537.36"
157.55.39.60 - - [14/Mar/2026:17:39:58 +0100] "GET /item/detail/22642672795 HTTP/2" 200 25247 "-" "Mozilla/5.0 AppleWebKit/537.36 (KHTML, like Gecko; compatible; bingbot/2.0; +http://www.bing.com/bingbot.htm) Chrome/116.0.1938.76 Safari/537.36"
192.178.6.35 - - [14/Mar/2026:17:40:02 +0100] "GET /?item/detail/22632495119 HTTP/1.1" 200 25311 "-" "Mozilla/5.0 (Linux; Android 6.0.1; Nexus 5X Build/MMB29P) AppleWebKit/537.36 (KHTML, like Gecko) Chrome/145.0.7632.116 Mobile Safari/537.36 (compatible; Googlebot/2.1; +http://www.google.com/bot.html)"
157.55.39.60 - - [14/Mar/2026:17:40:08 +0100] "GET /item/detail/2259349820 HTTP/2" 200 24501 "-" "Mozilla/5.0 AppleWebKit/537.36 (KHTML, like Gecko; compatible; bingbot/2.0; +http://www.bing.com/bingbot.htm) Chrome/116.0.1938.76 Safari/537.36"
40.77.167.254 - - [14/Mar/2026:17:40:15 +0100] "GET /item/detail/22614011255 HTTP/2" 200 24326 "-" "Mozilla/5.0 AppleWebKit/537.36 (KHTML, like Gecko; compatible; bingbot/2.0; +http://www.bing.com/bingbot.htm) Chrome/116.0.1938.76 Safari/537.36"
52.167.144.65 - - [14/Mar/2026:17:40:22 +0100] "GET /robots.txt HTTP/2" 200 117 "-" "Mozilla/5.0 AppleWebKit/537.36 (KHTML, like Gecko; compatible; bingbot/2.0; +http://www.bing.com/bingbot.htm) Chrome/116.0.1938.76 Safari/537.36"
74.7.227.150 - - [14/Mar/2026:17:40:36 +0100] "GET /item/detail/226447502071 HTTP/2" 500 20 "https://www.armaneco.co.uk/sitemap_index.xml" "Mozilla/5.0 AppleWebKit/537.36 (KHTML, like Gecko; compatible; GPTBot/1.3; +https://openai.com/gptbot)"
157.55.39.60 - - [14/Mar/2026:17:40:28 +0100] "GET /item/detail/2259499092 HTTP/2" 200 25029 "-" "Mozilla/5.0 AppleWebKit/537.36 (KHTML, like Gecko; compatible; bingbot/2.0; +http://www.bing.com/bingbot.htm) Chrome/116.0.1938.76 Safari/537.36"
192.178.6.35 - - [14/Mar/2026:17:40:37 +0100] "GET /shop/pg/22611407322 HTTP/1.1" 200 24470 "-" "Mozilla/5.0 (Linux; Android 6.0.1; Nexus 5X Build/MMB29P) AppleWebKit/537.36 (KHTML, like Gecko) Chrome/145.0.7632.116 Mobile Safari/537.36 (compatible; Googlebot/2.1; +http://www.google.com/bot.html)"
52.167.144.140 - - [14/Mar/2026:17:40:45 +0100] "GET /item/detail/22642537060 HTTP/2" 200 24947 "-" "Mozilla/5.0 AppleWebKit/537.36 (KHTML, like Gecko; compatible; bingbot/2.0; +http://www.bing.com/bingbot.htm) Chrome/116.0.1938.76 Safari/537.36"
52.167.144.24 - - [14/Mar/2026:17:40:53 +0100] "GET /item/detail/22606998329 HTTP/2" 200 25405 "-" "Mozilla/5.0 AppleWebKit/537.36 (KHTML, like Gecko; compatible; bingbot/2.0; +http://www.bing.com/bingbot.htm) Chrome/116.0.1938.76 Safari/537.36"
192.178.6.35 - - [14/Mar/2026:17:40:57 +0100] "GET /shop/customer/bookmark.php?category/22601001195 HTTP/1.1" 200 19924 "-" "Mozilla/5.0 (Linux; Android 6.0.1; Nexus 5X Build/MMB29P) AppleWebKit/537.36 (KHTML, like Gecko) Chrome/145.0.7632.116 Mobile Safari/537.36 (compatible; Googlebot/2.1; +http://www.google.com/bot.html)"
40.77.167.149 - - [14/Mar/2026:17:40:55 +0100] "GET /item/detail/22621610558 HTTP/2" 200 24738 "-" "Mozilla/5.0 AppleWebKit/537.36 (KHTML, like Gecko; compatible; bingbot/2.0; +http://www.bing.com/bingbot.htm) Chrome/116.0.1938.76 Safari/537.36"
192.178.6.35 - - [14/Mar/2026:17:41:04 +0100] "GET /item/detail/22632108290 HTTP/1.1" 200 24847 "-" "Mozilla/5.0 (Linux; Android 6.0.1; Nexus 5X Build/MMB29P) AppleWebKit/537.36 (KHTML, like Gecko) Chrome/145.0.7632.116 Mobile Safari/537.36 (compatible; Googlebot/2.1; +http://www.google.com/bot.html)"
52.167.144.140 - - [14/Mar/2026:17:41:07 +0100] "GET /item/detail/22632075274 HTTP/2" 200 25028 "-" "Mozilla/5.0 AppleWebKit/537.36 (KHTML, like Gecko; compatible; bingbot/2.0; +http://www.bing.com/bingbot.htm) Chrome/116.0.1938.76 Safari/537.36"
40.77.167.149 - - [14/Mar/2026:17:41:13 +0100] "GET /item/detail/22632354360 HTTP/2" 200 24358 "-" "Mozilla/5.0 AppleWebKit/537.36 (KHTML, like Gecko; compatible; bingbot/2.0; +http://www.bing.com/bingbot.htm) Chrome/116.0.1938.76 Safari/537.36"
192.178.6.35 - - [14/Mar/2026:17:41:14 +0100] "GET /?item/detail/22611225865 HTTP/1.1" 200 25389 "-" "Mozilla/5.0 (Linux; Android 6.0.1; Nexus 5X Build/MMB29P) AppleWebKit/537.36 (KHTML, like Gecko) Chrome/145.0.7632.116 Mobile Safari/537.36 (compatible; Googlebot/2.1; +http://www.google.com/bot.html)"
192.178.6.35 - - [14/Mar/2026:17:38:37 +0100] "GET /?item/detail/2260657550 HTTP/1.1" 200 24802 "-" "Mozilla/5.0 (Linux; Android 6.0.1; Nexus 5X Build/MMB29P) AppleWebKit/537.36 (KHTML, like Gecko) Chrome/145.0.7632.116 Mobile Safari/537.36 (compatible; Googlebot/2.1; +http://www.google.com/bot.html)"
57.141.20.29 - - [14/Mar/2026:17:38:46 +0100] "GET /item/detail/22614147461 HTTP/2" 500 0 "-" "meta-externalagent/1.1 (+https://developers.facebook.com/docs/sharing/webmasters/crawler)"
192.178.6.35 - - [14/Mar/2026:17:38:46 +0100] "GET /shop/pg/1562774 HTTP/1.1" 200 25848 "-" "Mozilla/5.0 (Linux; Android 6.0.1; Nexus 5X Build/MMB29P) AppleWebKit/537.36 (KHTML, like Gecko) Chrome/145.0.7632.116 Mobile Safari/537.36 (compatible; Googlebot/2.1; +http://www.google.com/bot.html)"
57.141.20.51 - - [14/Mar/2026:17:39:52 +0100] "GET /item/detail/22632479446 HTTP/2" 500 0 "-" "meta-externalagent/1.1 (+https://developers.facebook.com/docs/sharing/webmasters/crawler)"
192.178.6.35 - - [14/Mar/2026:17:39:44 +0100] "GET /item/detail/22632315530 HTTP/1.1" 200 24576 "-" "Mozilla/5.0 (Linux; Android 6.0.1; Nexus 5X Build/MMB29P) AppleWebKit/537.36 (KHTML, like Gecko) Chrome/145.0.7632.116 Mobile Safari/537.36 (compatible; Googlebot/2.1; +http://www.google.com/bot.html)"
57.141.20.44 - - [14/Mar/2026:17:40:59 +0100] "GET /item/detail/22603675915 HTTP/2" 500 0 "-" "meta-externalagent/1.1 (+https://developers.facebook.com/docs/sharing/webmasters/crawler)"
157.55.39.60 - - [14/Mar/2026:17:40:51 +0100] "GET /item/detail/22621676764 HTTP/2" 200 25829 "-" "Mozilla/5.0 AppleWebKit/537.36 (KHTML, like Gecko; compatible; bingbot/2.0; +http://www.bing.com/bingbot.htm) Chrome/116.0.1938.76 Safari/537.36"
52.167.144.140 - - [14/Mar/2026:17:41:25 +0100] "GET /category/226210047 HTTP/2" 200 27064 "-" "Mozilla/5.0 AppleWebKit/537.36 (KHTML, like Gecko; compatible; bingbot/2.0; +http://www.bing.com/bingbot.htm) Chrome/116.0.1938.76 Safari/537.36"
157.55.39.60 - - [14/Mar/2026:17:41:30 +0100] "GET /item/detail/22632222574 HTTP/2" 200 24697 "-" "Mozilla/5.0 AppleWebKit/537.36 (KHTML, like Gecko; compatible; bingbot/2.0; +http://www.bing.com/bingbot.htm) Chrome/116.0.1938.76 Safari/537.36"
192.178.6.35 - - [14/Mar/2026:17:41:34 +0100] "GET /shop/pg/2483628 HTTP/1.1" 200 24836 "-" "Mozilla/5.0 (Linux; Android 6.0.1; Nexus 5X Build/MMB29P) AppleWebKit/537.36 (KHTML, like Gecko) Chrome/145.0.7632.116 Mobile Safari/537.36 (compatible; Googlebot/2.1; +http://www.google.com/bot.html)"
192.178.6.35 - - [14/Mar/2026:17:41:44 +0100] "GET /shop/customer/bookmark.php?item/detail/22611365999 HTTP/1.1" 200 25273 "-" "Mozilla/5.0 (Linux; Android 6.0.1; Nexus 5X Build/MMB29P) AppleWebKit/537.36 (KHTML, like Gecko) Chrome/145.0.7632.116 Mobile Safari/537.36 (compatible; Googlebot/2.1; +http://www.google.com/bot.html)"
192.178.6.35 - - [14/Mar/2026:17:41:54 +0100] "GET /item/detail/2259237744 HTTP/1.1" 200 25246 "-" "Mozilla/5.0 (Linux; Android 6.0.1; Nexus 5X Build/MMB29P) AppleWebKit/537.36 (KHTML, like Gecko) Chrome/145.0.7632.116 Mobile Safari/537.36 (compatible; Googlebot/2.1; +http://www.google.com/bot.html)"
57.141.20.19 - - [14/Mar/2026:17:42:06 +0100] "GET /item/detail/22611462516 HTTP/2" 500 0 "-" "meta-externalagent/1.1 (+https://developers.facebook.com/docs/sharing/webmasters/crawler)"
40.77.167.149 - - [14/Mar/2026:17:41:56 +0100] "GET /item/detail/22621513297 HTTP/2" 200 24671 "-" "Mozilla/5.0 AppleWebKit/537.36 (KHTML, like Gecko; compatible; bingbot/2.0; +http://www.bing.com/bingbot.htm) Chrome/116.0.1938.76 Safari/537.36"
52.167.144.140 - - [14/Mar/2026:17:42:07 +0100] "GET /item/detail/2259297682 HTTP/2" 200 24587 "-" "Mozilla/5.0 AppleWebKit/537.36 (KHTML, like Gecko; compatible; bingbot/2.0; +http://www.bing.com/bingbot.htm) Chrome/116.0.1938.76 Safari/537.36"
40.77.167.149 - - [14/Mar/2026:17:42:16 +0100] "GET /item/detail/2260665880 HTTP/2" 200 25452 "-" "Mozilla/5.0 AppleWebKit/537.36 (KHTML, like Gecko; compatible; bingbot/2.0; +http://www.bing.com/bingbot.htm) Chrome/116.0.1938.76 Safari/537.36"
74.7.227.150 - - [14/Mar/2026:17:41:37 +0100] "GET /item/detail/226344176571 HTTP/2" 500 20 "https://www.armaneco.co.uk/sitemap_index.xml" "Mozilla/5.0 AppleWebKit/537.36 (KHTML, like Gecko; compatible; GPTBot/1.3; +https://openai.com/gptbot)"
207.46.13.7 - - [14/Mar/2026:17:41:52 +0100] "GET /item/detail/22638424908 HTTP/2" 200 24230 "-" "Mozilla/5.0 AppleWebKit/537.36 (KHTML, like Gecko; compatible; bingbot/2.0; +http://www.bing.com/bingbot.htm) Chrome/116.0.1938.76 Safari/537.36"
157.55.39.60 - - [14/Mar/2026:17:41:53 +0100] "GET /item/detail/22621608935 HTTP/2" 200 24791 "-" "Mozilla/5.0 AppleWebKit/537.36 (KHTML, like Gecko; compatible; bingbot/2.0; +http://www.bing.com/bingbot.htm) Chrome/116.0.1938.76 Safari/537.36"
192.178.6.35 - - [14/Mar/2026:17:42:11 +0100] "GET /?item/detail/22611250082 HTTP/1.1" 200 24203 "-" "Mozilla/5.0 (Linux; Android 6.0.1; Nexus 5X Build/MMB29P) AppleWebKit/537.36 (KHTML, like Gecko) Chrome/145.0.7632.116 Mobile Safari/537.36 (compatible; Googlebot/2.1; +http://www.google.com/bot.html)"
157.55.39.60 - - [14/Mar/2026:17:42:12 +0100] "GET /item/detail/22611201550 HTTP/2" 200 24483 "-" "Mozilla/5.0 AppleWebKit/537.36 (KHTML, like Gecko; compatible; bingbot/2.0; +http://www.bing.com/bingbot.htm) Chrome/116.0.1938.76 Safari/537.36"
192.178.6.35 - - [14/Mar/2026:17:42:20 +0100] "GET /shop/pg/22611437647 HTTP/1.1" 200 24922 "-" "Mozilla/5.0 (Linux; Android 6.0.1; Nexus 5X Build/MMB29P) AppleWebKit/537.36 (KHTML, like Gecko) Chrome/145.0.7632.116 Mobile Safari/537.36 (compatible; Googlebot/2.1; +http://www.google.com/bot.html)"
157.55.39.60 - - [14/Mar/2026:17:42:22 +0100] "GET /item/detail/22611185965 HTTP/2" 200 24475 "-" "Mozilla/5.0 AppleWebKit/537.36 (KHTML, like Gecko; compatible; bingbot/2.0; +http://www.bing.com/bingbot.htm) Chrome/116.0.1938.76 Safari/537.36"
192.178.6.35 - - [14/Mar/2026:17:42:30 +0100] "GET /shop/customer/bookmark.php?item/detail/22632248281 HTTP/1.1" 200 25022 "-" "Mozilla/5.0 (Linux; Android 6.0.1; Nexus 5X Build/MMB29P) AppleWebKit/537.36 (KHTML, like Gecko) Chrome/145.0.7632.116 Mobile Safari/537.36 (compatible; Googlebot/2.1; +http://www.google.com/bot.html)"
74.7.227.150 - - [14/Mar/2026:17:42:43 +0100] "GET /item/detail/226243911008 HTTP/2" 500 20 "https://www.armaneco.co.uk/sitemap_index.xml" "Mozilla/5.0 AppleWebKit/537.36 (KHTML, like Gecko; compatible; GPTBot/1.3; +https://openai.com/gptbot)"
192.178.6.35 - - [14/Mar/2026:17:42:39 +0100] "GET /item/detail/2260619294 HTTP/1.1" 200 24979 "-" "Mozilla/5.0 (Linux; Android 6.0.1; Nexus 5X Build/MMB29P) AppleWebKit/537.36 (KHTML, like Gecko) Chrome/145.0.7632.116 Mobile Safari/537.36 (compatible; Googlebot/2.1; +http://www.google.com/bot.html)"
192.178.6.35 - - [14/Mar/2026:17:42:49 +0100] "GET /?item/detail/22611462166 HTTP/1.1" 200 24548 "-" "Mozilla/5.0 (Linux; Android 6.0.1; Nexus 5X Build/MMB29P) AppleWebKit/537.36 (KHTML, like Gecko) Chrome/145.0.7632.116 Mobile Safari/537.36 (compatible; Googlebot/2.1; +http://www.google.com/bot.html)"
157.55.39.60 - - [14/Mar/2026:17:42:52 +0100] "GET /item/detail/2260588361 HTTP/2" 200 25282 "-" "Mozilla/5.0 AppleWebKit/537.36 (KHTML, like Gecko; compatible; bingbot/2.0; +http://www.bing.com/bingbot.htm) Chrome/116.0.1938.76 Safari/537.36"
52.167.144.140 - - [14/Mar/2026:17:42:55 +0100] "GET /item/detail/2260861408 HTTP/2" 200 24298 "-" "Mozilla/5.0 AppleWebKit/537.36 (KHTML, like Gecko; compatible; bingbot/2.0; +http://www.bing.com/bingbot.htm) Chrome/116.0.1938.76 Safari/537.36"
192.178.6.35 - - [14/Mar/2026:17:42:58 +0100] "GET /shop/pg/1223546 HTTP/1.1" 200 24358 "-" "Mozilla/5.0 (Linux; Android 6.0.1; Nexus 5X Build/MMB29P) AppleWebKit/537.36 (KHTML, like Gecko) Chrome/145.0.7632.116 Mobile Safari/537.36 (compatible; Googlebot/2.1; +http://www.google.com/bot.html)"
57.141.20.1 - - [14/Mar/2026:17:43:12 +0100] "GET /item/detail/226371136322 HTTP/2" 500 0 "-" "meta-externalagent/1.1 (+https://developers.facebook.com/docs/sharing/webmasters/crawler)"
52.167.144.140 - - [14/Mar/2026:17:42:24 +0100] "GET /item/detail/2260639909 HTTP/2" 200 25586 "-" "Mozilla/5.0 AppleWebKit/537.36 (KHTML, like Gecko; compatible; bingbot/2.0; +http://www.bing.com/bingbot.htm) Chrome/116.0.1938.76 Safari/537.36"
52.167.144.140 - - [14/Mar/2026:17:42:33 +0100] "GET /item/detail/22611217939 HTTP/2" 200 24603 "-" "Mozilla/5.0 AppleWebKit/537.36 (KHTML, like Gecko; compatible; bingbot/2.0; +http://www.bing.com/bingbot.htm) Chrome/116.0.1938.76 Safari/537.36"
40.77.167.149 - - [14/Mar/2026:17:43:03 +0100] "GET /item/detail/22642958705 HTTP/2" 200 24217 "-" "Mozilla/5.0 AppleWebKit/537.36 (KHTML, like Gecko; compatible; bingbot/2.0; +http://www.bing.com/bingbot.htm) Chrome/116.0.1938.76 Safari/537.36"
40.77.167.149 - - [14/Mar/2026:17:43:22 +0100] "GET /item/detail/2259374131 HTTP/2" 200 24960 "-" "Mozilla/5.0 AppleWebKit/537.36 (KHTML, like Gecko; compatible; bingbot/2.0; +http://www.bing.com/bingbot.htm) Chrome/116.0.1938.76 Safari/537.36"
192.178.6.36 - - [14/Mar/2026:17:43:36 +0100] "GET /24ar6254-12-volt-rideamals-pony.html HTTP/1.1" 200 25306 "-" "Mozilla/5.0 (Linux; Android 6.0.1; Nexus 5X Build/MMB29P) AppleWebKit/537.36 (KHTML, like Gecko) Chrome/145.0.7632.116 Mobile Safari/537.36 (compatible; Googlebot/2.1; +http://www.google.com/bot.html)"
74.7.227.150 - - [14/Mar/2026:17:43:45 +0100] "GET /item/detail/226344052914 HTTP/2" 500 20 "https://www.armaneco.co.uk/sitemap_index.xml" "Mozilla/5.0 AppleWebKit/537.36 (KHTML, like Gecko; compatible; GPTBot/1.3; +https://openai.com/gptbot)"
192.178.6.35 - - [14/Mar/2026:17:43:46 +0100] "GET /item/detail/22611027474 HTTP/1.1" 200 25458 "-" "Mozilla/5.0 (Linux; Android 6.0.1; Nexus 5X Build/MMB29P) AppleWebKit/537.36 (KHTML, like Gecko) Chrome/145.0.7632.116 Mobile Safari/537.36 (compatible; Googlebot/2.1; +http://www.google.com/bot.html)"
52.167.144.140 - - [14/Mar/2026:17:44:15 +0100] "GET /item/detail/2260681652 HTTP/2" 200 24558 "-" "Mozilla/5.0 AppleWebKit/537.36 (KHTML, like Gecko; compatible; bingbot/2.0; +http://www.bing.com/bingbot.htm) Chrome/116.0.1938.76 Safari/537.36"
192.178.6.35 - - [14/Mar/2026:17:44:30 +0100] "GET /shop/customer/bookmark.php?item/detail/22611223183 HTTP/1.1" 200 25435 "-" "Mozilla/5.0 (Linux; Android 6.0.1; Nexus 5X Build/MMB29P) AppleWebKit/537.36 (KHTML, like Gecko) Chrome/145.0.7632.116 Mobile Safari/537.36 (compatible; Googlebot/2.1; +http://www.google.com/bot.html)"
52.167.144.140 - - [14/Mar/2026:17:44:35 +0100] "GET /item/detail/2259343910 HTTP/2" 200 24278 "-" "Mozilla/5.0 AppleWebKit/537.36 (KHTML, like Gecko; compatible; bingbot/2.0; +http://www.bing.com/bingbot.htm) Chrome/116.0.1938.76 Safari/537.36"
74.7.227.150 - - [14/Mar/2026:17:44:46 +0100] "GET /item/detail/226048801398 HTTP/2" 500 20 "https://www.armaneco.co.uk/sitemap_index.xml" "Mozilla/5.0 AppleWebKit/537.36 (KHTML, like Gecko; compatible; GPTBot/1.3; +https://openai.com/gptbot)"
192.178.6.35 - - [14/Mar/2026:17:44:39 +0100] "GET /item/detail/2260645492 HTTP/1.1" 200 26223 "-" "Mozilla/5.0 (Linux; Android 6.0.1; Nexus 5X Build/MMB29P) AppleWebKit/537.36 (KHTML, like Gecko) Chrome/145.0.7632.116 Mobile Safari/537.36 (compatible; Googlebot/2.1; +http://www.google.com/bot.html)"
157.55.39.60 - - [14/Mar/2026:17:44:42 +0100] "GET /item/detail/22632103417 HTTP/2" 200 24941 "-" "Mozilla/5.0 AppleWebKit/537.36 (KHTML, like Gecko; compatible; bingbot/2.0; +http://www.bing.com/bingbot.htm) Chrome/116.0.1938.76 Safari/537.36"
192.178.6.35 - - [14/Mar/2026:17:44:48 +0100] "GET /?item/detail/2260656367 HTTP/1.1" 200 25419 "-" "Mozilla/5.0 (Linux; Android 6.0.1; Nexus 5X Build/MMB29P) AppleWebKit/537.36 (KHTML, like Gecko) Chrome/145.0.7632.116 Mobile Safari/537.36 (compatible; Googlebot/2.1; +http://www.google.com/bot.html)"
157.55.39.60 - - [14/Mar/2026:17:44:51 +0100] "GET /item/detail/2259450974 HTTP/2" 200 24740 "-" "Mozilla/5.0 AppleWebKit/537.36 (KHTML, like Gecko; compatible; bingbot/2.0; +http://www.bing.com/bingbot.htm) Chrome/116.0.1938.76 Safari/537.36"
192.178.6.37 - - [14/Mar/2026:17:43:09 +0100] "GET /shop/customer/bookmark.php?item/detail/22632114700 HTTP/1.1" 200 25316 "-" "Mozilla/5.0 (Linux; Android 6.0.1; Nexus 5X Build/MMB29P) AppleWebKit/537.36 (KHTML, like Gecko) Chrome/145.0.7632.116 Mobile Safari/537.36 (compatible; Googlebot/2.1; +http://www.google.com/bot.html)"
52.167.144.140 - - [14/Mar/2026:17:43:15 +0100] "GET /24ar5968-12-saal-ki-ladki-ke-liye-gown.html HTTP/2" 200 25239 "-" "Mozilla/5.0 AppleWebKit/537.36 (KHTML, like Gecko; compatible; bingbot/2.0; +http://www.bing.com/bingbot.htm) Chrome/116.0.1938.76 Safari/537.36"
157.55.39.60 - - [14/Mar/2026:17:43:17 +0100] "GET /24ar3090759-colour.html HTTP/2" 200 25517 "-" "Mozilla/5.0 AppleWebKit/537.36 (KHTML, like Gecko; compatible; bingbot/2.0; +http://www.bing.com/bingbot.htm) Chrome/116.0.1938.76 Safari/537.36"
52.167.144.140 - - [14/Mar/2026:17:43:27 +0100] "GET /item/detail/22642755392 HTTP/2" 200 25384 "-" "Mozilla/5.0 AppleWebKit/537.36 (KHTML, like Gecko; compatible; bingbot/2.0; +http://www.bing.com/bingbot.htm) Chrome/116.0.1938.76 Safari/537.36"
157.55.39.60 - - [14/Mar/2026:17:43:32 +0100] "GET /item/detail/22642919810 HTTP/2" 200 25530 "-" "Mozilla/5.0 AppleWebKit/537.36 (KHTML, like Gecko; compatible; bingbot/2.0; +http://www.bing.com/bingbot.htm) Chrome/116.0.1938.76 Safari/537.36"
157.55.39.60 - - [14/Mar/2026:17:43:42 +0100] "GET /item/detail/22592687 HTTP/2" 200 24655 "-" "Mozilla/5.0 AppleWebKit/537.36 (KHTML, like Gecko; compatible; bingbot/2.0; +http://www.bing.com/bingbot.htm) Chrome/116.0.1938.76 Safari/537.36"
192.178.6.35 - - [14/Mar/2026:17:44:02 +0100] "GET /?item/detail/22621892568 HTTP/1.1" 200 24194 "-" "Mozilla/5.0 (Linux; Android 6.0.1; Nexus 5X Build/MMB29P) AppleWebKit/537.36 (KHTML, like Gecko) Chrome/145.0.7632.116 Mobile Safari/537.36 (compatible; Googlebot/2.1; +http://www.google.com/bot.html)"
157.55.39.60 - - [14/Mar/2026:17:44:05 +0100] "GET /item/detail/22632267232 HTTP/2" 200 24810 "-" "Mozilla/5.0 AppleWebKit/537.36 (KHTML, like Gecko; compatible; bingbot/2.0; +http://www.bing.com/bingbot.htm) Chrome/116.0.1938.76 Safari/537.36"
57.141.20.44 - - [14/Mar/2026:17:44:19 +0100] "GET /item/detail/22627919166 HTTP/2" 500 0 "-" "meta-externalagent/1.1 (+https://developers.facebook.com/docs/sharing/webmasters/crawler)"
192.178.6.35 - - [14/Mar/2026:17:44:12 +0100] "GET /shop/pg/1560889 HTTP/1.1" 200 24439 "-" "Mozilla/5.0 (Linux; Android 6.0.1; Nexus 5X Build/MMB29P) AppleWebKit/537.36 (KHTML, like Gecko) Chrome/145.0.7632.116 Mobile Safari/537.36 (compatible; Googlebot/2.1; +http://www.google.com/bot.html)"
157.55.39.60 - - [14/Mar/2026:17:44:25 +0100] "GET /item/detail/2259280223 HTTP/2" 200 25215 "-" "Mozilla/5.0 AppleWebKit/537.36 (KHTML, like Gecko; compatible; bingbot/2.0; +http://www.bing.com/bingbot.htm) Chrome/116.0.1938.76 Safari/537.36"
40.77.167.149 - - [14/Mar/2026:17:45:06 +0100] "GET /item/detail/22621787340 HTTP/2" 200 24549 "-" "Mozilla/5.0 AppleWebKit/537.36 (KHTML, like Gecko; compatible; bingbot/2.0; +http://www.bing.com/bingbot.htm) Chrome/116.0.1938.76 Safari/537.36"
57.141.20.20 - - [14/Mar/2026:17:45:26 +0100] "GET /item/detail/226344151625 HTTP/2" 500 0 "-" "meta-externalagent/1.1 (+https://developers.facebook.com/docs/sharing/webmasters/crawler)"
52.167.144.140 - - [14/Mar/2026:17:45:16 +0100] "GET /item/detail/22621713883 HTTP/2" 200 24413 "-" "Mozilla/5.0 AppleWebKit/537.36 (KHTML, like Gecko; compatible; bingbot/2.0; +http://www.bing.com/bingbot.htm) Chrome/116.0.1938.76 Safari/537.36"
52.167.144.140 - - [14/Mar/2026:17:45:38 +0100] "GET /item/detail/22642614378 HTTP/2" 200 25112 "-" "Mozilla/5.0 AppleWebKit/537.36 (KHTML, like Gecko; compatible; bingbot/2.0; +http://www.bing.com/bingbot.htm) Chrome/116.0.1938.76 Safari/537.36"
74.7.227.150 - - [14/Mar/2026:17:45:49 +0100] "GET /item/detail/226447916758 HTTP/2" 500 20 "https://www.armaneco.co.uk/sitemap_index.xml" "Mozilla/5.0 AppleWebKit/537.36 (KHTML, like Gecko; compatible; GPTBot/1.3; +https://openai.com/gptbot)"
192.178.6.35 - - [14/Mar/2026:17:44:57 +0100] "GET /shop/pg/2003488 HTTP/1.1" 200 24793 "-" "Mozilla/5.0 (Linux; Android 6.0.1; Nexus 5X Build/MMB29P) AppleWebKit/537.36 (KHTML, like Gecko) Chrome/145.0.7632.116 Mobile Safari/537.36 (compatible; Googlebot/2.1; +http://www.google.com/bot.html)"
157.55.39.60 - - [14/Mar/2026:17:45:02 +0100] "GET /item/detail/2260782185 HTTP/2" 200 24680 "-" "Mozilla/5.0 AppleWebKit/537.36 (KHTML, like Gecko; compatible; bingbot/2.0; +http://www.bing.com/bingbot.htm) Chrome/116.0.1938.76 Safari/537.36"
192.178.6.35 - - [14/Mar/2026:17:45:06 +0100] "GET /shop/customer/bookmark.php?item/detail/2259208937 HTTP/1.1" 200 24815 "-" "Mozilla/5.0 (Linux; Android 6.0.1; Nexus 5X Build/MMB29P) AppleWebKit/537.36 (KHTML, like Gecko) Chrome/145.0.7632.116 Mobile Safari/537.36 (compatible; Googlebot/2.1; +http://www.google.com/bot.html)"
157.55.39.60 - - [14/Mar/2026:17:45:11 +0100] "GET /item/detail/2259428191 HTTP/2" 200 26207 "-" "Mozilla/5.0 AppleWebKit/537.36 (KHTML, like Gecko; compatible; bingbot/2.0; +http://www.bing.com/bingbot.htm) Chrome/116.0.1938.76 Safari/537.36"
157.55.39.60 - - [14/Mar/2026:17:45:11 +0100] "GET /item/detail/2259102714 HTTP/2" 200 25199 "-" "Mozilla/5.0 AppleWebKit/537.36 (KHTML, like Gecko; compatible; bingbot/2.0; +http://www.bing.com/bingbot.htm) Chrome/116.0.1938.76 Safari/537.36"
192.178.6.35 - - [14/Mar/2026:17:45:16 +0100] "GET /53ar211136-giglio-piumino-con-cappuccio-woolrich.html HTTP/1.1" 200 24835 "-" "Mozilla/5.0 (Linux; Android 6.0.1; Nexus 5X Build/MMB29P) AppleWebKit/537.36 (KHTML, like Gecko) Chrome/145.0.7632.116 Mobile Safari/537.36 (compatible; Googlebot/2.1; +http://www.google.com/bot.html)"
192.178.6.35 - - [14/Mar/2026:17:45:27 +0100] "GET /item/detail/2259447756 HTTP/1.1" 200 24840 "-" "Mozilla/5.0 (Linux; Android 6.0.1; Nexus 5X Build/MMB29P) AppleWebKit/537.36 (KHTML, like Gecko) Chrome/145.0.7632.116 Mobile Safari/537.36 (compatible; Googlebot/2.1; +http://www.google.com/bot.html)"
157.55.39.60 - - [14/Mar/2026:17:45:33 +0100] "GET /shop/pg/2260944421 HTTP/2" 200 24718 "-" "Mozilla/5.0 AppleWebKit/537.36 (KHTML, like Gecko; compatible; bingbot/2.0; +http://www.bing.com/bingbot.htm) Chrome/116.0.1938.76 Safari/537.36"
192.178.6.35 - - [14/Mar/2026:17:45:37 +0100] "GET /24ar111645-adidas-adria-slip-on.html HTTP/1.1" 200 25339 "-" "Mozilla/5.0 (Linux; Android 6.0.1; Nexus 5X Build/MMB29P) AppleWebKit/537.36 (KHTML, like Gecko) Chrome/145.0.7632.116 Mobile Safari/537.36 (compatible; Googlebot/2.1; +http://www.google.com/bot.html)"
157.55.39.60 - - [14/Mar/2026:17:45:42 +0100] "GET /item/detail/22632449196 HTTP/2" 200 25693 "-" "Mozilla/5.0 AppleWebKit/537.36 (KHTML, like Gecko; compatible; bingbot/2.0; +http://www.bing.com/bingbot.htm) Chrome/116.0.1938.76 Safari/537.36"
157.55.39.60 - - [14/Mar/2026:17:45:44 +0100] "GET /item/detail/2260747040 HTTP/2" 200 25480 "-" "Mozilla/5.0 AppleWebKit/537.36 (KHTML, like Gecko; compatible; bingbot/2.0; +http://www.bing.com/bingbot.htm) Chrome/116.0.1938.76 Safari/537.36"
192.178.6.35 - - [14/Mar/2026:17:45:56 +0100] "GET /shop/pg/2260872409 HTTP/1.1" 200 24617 "-" "Mozilla/5.0 (Linux; Android 6.0.1; Nexus 5X Build/MMB29P) AppleWebKit/537.36 (KHTML, like Gecko) Chrome/145.0.7632.116 Mobile Safari/537.36 (compatible; Googlebot/2.1; +http://www.google.com/bot.html)"
157.55.39.60 - - [14/Mar/2026:17:46:00 +0100] "GET /item/detail/2259397260 HTTP/2" 200 24396 "-" "Mozilla/5.0 AppleWebKit/537.36 (KHTML, like Gecko; compatible; bingbot/2.0; +http://www.bing.com/bingbot.htm) Chrome/116.0.1938.76 Safari/537.36"
52.167.144.140 - - [14/Mar/2026:17:46:15 +0100] "GET /item/detail/22632101492 HTTP/2" 200 25453 "-" "Mozilla/5.0 AppleWebKit/537.36 (KHTML, like Gecko; compatible; bingbot/2.0; +http://www.bing.com/bingbot.htm) Chrome/116.0.1938.76 Safari/537.36"
157.55.39.60 - - [14/Mar/2026:17:46:20 +0100] "GET /item/detail/22621771516 HTTP/2" 200 25125 "-" "Mozilla/5.0 AppleWebKit/537.36 (KHTML, like Gecko; compatible; bingbot/2.0; +http://www.bing.com/bingbot.htm) Chrome/116.0.1938.76 Safari/537.36"
57.141.20.23 - - [14/Mar/2026:17:46:32 +0100] "GET /item/detail/226350497609 HTTP/2" 500 0 "-" "meta-externalagent/1.1 (+https://developers.facebook.com/docs/sharing/webmasters/crawler)"
192.178.6.35 - - [14/Mar/2026:17:46:33 +0100] "GET /shop/pg/2260941092 HTTP/1.1" 200 25772 "-" "Mozilla/5.0 (Linux; Android 6.0.1; Nexus 5X Build/MMB29P) AppleWebKit/537.36 (KHTML, like Gecko) Chrome/145.0.7632.116 Mobile Safari/537.36 (compatible; Googlebot/2.1; +http://www.google.com/bot.html)"
52.167.144.140 - - [14/Mar/2026:17:46:37 +0100] "GET /item/detail/22632390639 HTTP/2" 200 24269 "-" "Mozilla/5.0 AppleWebKit/537.36 (KHTML, like Gecko; compatible; bingbot/2.0; +http://www.bing.com/bingbot.htm) Chrome/116.0.1938.76 Safari/537.36"
192.178.6.35 - - [14/Mar/2026:17:46:45 +0100] "GET /shop/customer/bookmark.php?item/detail/2260665319 HTTP/1.1" 200 25005 "-" "Mozilla/5.0 (Linux; Android 6.0.1; Nexus 5X Build/MMB29P) AppleWebKit/537.36 (KHTML, like Gecko) Chrome/145.0.7632.116 Mobile Safari/537.36 (compatible; Googlebot/2.1; +http://www.google.com/bot.html)"
40.77.167.149 - - [14/Mar/2026:17:46:54 +0100] "GET /item/detail/22632326756 HTTP/2" 200 25985 "-" "Mozilla/5.0 AppleWebKit/537.36 (KHTML, like Gecko; compatible; bingbot/2.0; +http://www.bing.com/bingbot.htm) Chrome/116.0.1938.76 Safari/537.36"
192.178.6.35 - - [14/Mar/2026:17:46:56 +0100] "GET /?item/detail/22642535378 HTTP/1.1" 200 24343 "-" "Mozilla/5.0 (Linux; Android 6.0.1; Nexus 5X Build/MMB29P) AppleWebKit/537.36 (KHTML, like Gecko) Chrome/145.0.7632.116 Mobile Safari/537.36 (compatible; Googlebot/2.1; +http://www.google.com/bot.html)"
207.46.13.160 - - [14/Mar/2026:17:47:20 +0100] "GET /24ar1452533-colour.html HTTP/2" 200 24514 "-" "Mozilla/5.0 AppleWebKit/537.36 (KHTML, like Gecko; compatible; bingbot/2.0; +http://www.bing.com/bingbot.htm) Chrome/116.0.1938.76 Safari/537.36"
57.141.20.44 - - [14/Mar/2026:17:47:38 +0100] "GET /item/detail/22621652388 HTTP/2" 500 0 "-" "meta-externalagent/1.1 (+https://developers.facebook.com/docs/sharing/webmasters/crawler)"
207.46.13.160 - - [14/Mar/2026:17:47:28 +0100] "GET /item/detail/22632314190 HTTP/2" 200 25824 "-" "Mozilla/5.0 AppleWebKit/537.36 (KHTML, like Gecko; compatible; bingbot/2.0; +http://www.bing.com/bingbot.htm) Chrome/116.0.1938.76 Safari/537.36"
192.178.6.35 - - [14/Mar/2026:17:47:34 +0100] "GET /?item/detail/22621732846 HTTP/1.1" 200 24480 "-" "Mozilla/5.0 (Linux; Android 6.0.1; Nexus 5X Build/MMB29P) AppleWebKit/537.36 (KHTML, like Gecko) Chrome/145.0.7632.116 Mobile Safari/537.36 (compatible; Googlebot/2.1; +http://www.google.com/bot.html)"
40.77.167.149 - - [14/Mar/2026:17:47:44 +0100] "GET /item/detail/2260951250 HTTP/2" 200 24377 "-" "Mozilla/5.0 AppleWebKit/537.36 (KHTML, like Gecko; compatible; bingbot/2.0; +http://www.bing.com/bingbot.htm) Chrome/116.0.1938.76 Safari/537.36"
192.178.6.35 - - [14/Mar/2026:17:47:45 +0100] "GET /shop/customer/bookmark.php?item/detail/2260714725 HTTP/1.1" 200 25048 "-" "Mozilla/5.0 (Linux; Android 6.0.1; Nexus 5X Build/MMB29P) AppleWebKit/537.36 (KHTML, like Gecko) Chrome/145.0.7632.116 Mobile Safari/537.36 (compatible; Googlebot/2.1; +http://www.google.com/bot.html)"
207.46.13.160 - - [14/Mar/2026:17:47:48 +0100] "GET /category/22591000396 HTTP/2" 200 27088 "-" "Mozilla/5.0 AppleWebKit/537.36 (KHTML, like Gecko; compatible; bingbot/2.0; +http://www.bing.com/bingbot.htm) Chrome/116.0.1938.76 Safari/537.36"
192.178.6.35 - - [14/Mar/2026:17:47:57 +0100] "GET /shop/pg/787548 HTTP/1.1" 200 24605 "-" "Mozilla/5.0 (Linux; Android 6.0.1; Nexus 5X Build/MMB29P) AppleWebKit/537.36 (KHTML, like Gecko) Chrome/145.0.7632.116 Mobile Safari/537.36 (compatible; Googlebot/2.1; +http://www.google.com/bot.html)"
207.46.13.160 - - [14/Mar/2026:17:47:58 +0100] "GET /item/detail/2259267837 HTTP/2" 200 24741 "-" "Mozilla/5.0 AppleWebKit/537.36 (KHTML, like Gecko; compatible; bingbot/2.0; +http://www.bing.com/bingbot.htm) Chrome/116.0.1938.76 Safari/537.36"
207.46.13.160 - - [14/Mar/2026:17:48:19 +0100] "GET /item/detail/2260859120 HTTP/2" 200 25367 "-" "Mozilla/5.0 AppleWebKit/537.36 (KHTML, like Gecko; compatible; bingbot/2.0; +http://www.bing.com/bingbot.htm) Chrome/116.0.1938.76 Safari/537.36"
192.178.6.35 - - [14/Mar/2026:17:48:28 +0100] "GET /?item/detail/2259342596 HTTP/1.1" 200 24279 "-" "Mozilla/5.0 (Linux; Android 6.0.1; Nexus 5X Build/MMB29P) AppleWebKit/537.36 (KHTML, like Gecko) Chrome/145.0.7632.116 Mobile Safari/537.36 (compatible; GoogleOther)"
20.15.133.184 - - [14/Mar/2026:17:45:57 +0100] "GET /shop/pg/9067 HTTP/2" 200 24782 "-" "Mozilla/5.0 AppleWebKit/537.36 (KHTML, like Gecko; compatible; bingbot/2.0; +http://www.bing.com/bingbot.htm) Chrome/116.0.1938.76 Safari/537.36"
192.178.6.35 - - [14/Mar/2026:17:46:14 +0100] "GET /?item/detail/2259174924 HTTP/1.1" 200 25728 "-" "Mozilla/5.0 (Linux; Android 6.0.1; Nexus 5X Build/MMB29P) AppleWebKit/537.36 (KHTML, like Gecko) Chrome/145.0.7632.116 Mobile Safari/537.36 (compatible; Googlebot/2.1; +http://www.google.com/bot.html)"
74.7.227.150 - - [14/Mar/2026:17:46:52 +0100] "GET /item/detail/226146443308 HTTP/2" 500 20 "https://www.armaneco.co.uk/sitemap_index.xml" "Mozilla/5.0 AppleWebKit/537.36 (KHTML, like Gecko; compatible; GPTBot/1.3; +https://openai.com/gptbot)"
207.46.13.160 - - [14/Mar/2026:17:46:43 +0100] "GET /item/detail/22642610367 HTTP/2" 200 24784 "-" "Mozilla/5.0 AppleWebKit/537.36 (KHTML, like Gecko; compatible; bingbot/2.0; +http://www.bing.com/bingbot.htm) Chrome/116.0.1938.76 Safari/537.36"
207.46.13.160 - - [14/Mar/2026:17:47:00 +0100] "GET /item/detail/22611387162 HTTP/2" 200 25859 "-" "Mozilla/5.0 AppleWebKit/537.36 (KHTML, like Gecko; compatible; bingbot/2.0; +http://www.bing.com/bingbot.htm) Chrome/116.0.1938.76 Safari/537.36"
192.178.6.36 - - [14/Mar/2026:17:47:07 +0100] "GET /item/detail/2260645187 HTTP/1.1" 200 25203 "-" "Mozilla/5.0 (Linux; Android 6.0.1; Nexus 5X Build/MMB29P) AppleWebKit/537.36 (KHTML, like Gecko) Chrome/145.0.7632.116 Mobile Safari/537.36 (compatible; Googlebot/2.1; +http://www.google.com/bot.html)"
52.167.144.140 - - [14/Mar/2026:17:47:14 +0100] "GET /item/detail/22632235525 HTTP/2" 200 25280 "-" "Mozilla/5.0 AppleWebKit/537.36 (KHTML, like Gecko; compatible; bingbot/2.0; +http://www.bing.com/bingbot.htm) Chrome/116.0.1938.76 Safari/537.36"
40.77.167.149 - - [14/Mar/2026:17:47:19 +0100] "GET /24ar1402548-colour.html HTTP/2" 200 24560 "-" "Mozilla/5.0 AppleWebKit/537.36 (KHTML, like Gecko; compatible; bingbot/2.0; +http://www.bing.com/bingbot.htm) Chrome/116.0.1938.76 Safari/537.36"
52.167.144.140 - - [14/Mar/2026:17:47:34 +0100] "GET /item/detail/2260842376 HTTP/2" 200 25000 "-" "Mozilla/5.0 AppleWebKit/537.36 (KHTML, like Gecko; compatible; bingbot/2.0; +http://www.bing.com/bingbot.htm) Chrome/116.0.1938.76 Safari/537.36"
74.7.227.150 - - [14/Mar/2026:17:47:57 +0100] "GET /item/detail/226045686903 HTTP/2" 500 20 "https://www.armaneco.co.uk/sitemap_index.xml" "Mozilla/5.0 AppleWebKit/537.36 (KHTML, like Gecko; compatible; GPTBot/1.3; +https://openai.com/gptbot)"
52.167.144.140 - - [14/Mar/2026:17:47:54 +0100] "GET /item/detail/2259200925 HTTP/2" 200 25504 "-" "Mozilla/5.0 AppleWebKit/537.36 (KHTML, like Gecko; compatible; bingbot/2.0; +http://www.bing.com/bingbot.htm) Chrome/116.0.1938.76 Safari/537.36"
